{"id":243,"date":"2026-04-01T13:43:21","date_gmt":"2026-04-01T13:43:21","guid":{"rendered":"https:\/\/myphamphake.azdigi.shop\/?post_type=product&#038;p=243"},"modified":"2026-04-01T14:42:05","modified_gmt":"2026-04-01T14:42:05","slug":"sua-rua-mat-cerave-sach-sau-danh-cho-da-dau-developed-with-dermatologists-foaming-cleanser","status":"publish","type":"product","link":"https:\/\/myphamphake.azdigi.shop\/index.php\/product\/sua-rua-mat-cerave-sach-sau-danh-cho-da-dau-developed-with-dermatologists-foaming-cleanser\/","title":{"rendered":"S\u1eefa R\u1eeda M\u1eb7t Cerave S\u1ea1ch S\u00e2u D\u00e0nh Cho Da D\u1ea7u Developed With Dermatologists Foaming Cleanser"},"content":{"rendered":"<div class=\"product-section-title\">\n<h2>Chi ti\u1ebft s\u1ea3n ph\u1ea9m<\/h2>\n<\/div>\n<div class=\"page-product-description-detail-wrap expanded\">\n<div class=\"page-product-description-detail\">\n<ul>\n<li><strong>T\u00ean s\u1ea3n ph\u1ea9m:<\/strong>\u00a0Cerave Developed With Dermatologists Foaming Cleanser<\/li>\n<li><strong>C\u00f4ng d\u1ee5ng:<\/strong>\u00a0L\u00e0m s\u1ea1ch da, ki\u1ec3m so\u00e1t d\u1ea7u nh\u1eddn, gi\u1eef \u0111\u1ed9 \u1ea9m t\u1ef1 nhi\u00ean.<\/li>\n<li><strong>Dung t\u00edch:<\/strong>\u00a088ml, 236ml, 473ml<\/li>\n<li><strong>Th\u01b0\u01a1ng hi\u1ec7u:<\/strong>\u00a0CeraVe (M\u1ef9)<\/li>\n<\/ul>\n<p>CeraVe l\u00e0 th\u01b0\u01a1ng hi\u1ec7u d\u01b0\u1ee3c m\u1ef9 ph\u1ea9m \u0111\u1ebfn t\u1eeb M\u1ef9, tr\u1ef1c thu\u1ed9c t\u1eadp \u0111o\u00e0n L&#8217;Or\u00e9al, \u0111\u01b0\u1ee3c s\u1ea3n xu\u1ea5t t\u1ea1i nhi\u1ec1u nh\u00e0 m\u00e1y nh\u01b0 Trung Qu\u1ed1c, M\u1ef9, Ph\u00e1p&#8230; D\u00f9 \u0111\u01b0\u1ee3c s\u1ea3n xu\u1ea5t \u1edf \u0111\u00e2u, t\u1ea5t c\u1ea3 s\u1ea3n ph\u1ea9m c\u1ee7a CeraVe \u0111\u1ec1u tu\u00e2n th\u1ee7 theo quy tr\u00ecnh ki\u1ec3m so\u00e1t ch\u1ea5t l\u01b0\u1ee3ng nghi\u00eam ng\u1eb7t v\u00e0 \u0111\u1ea3m b\u1ea3o \u0111\u1ed9 an to\u00e0n v\u00e0 hi\u1ec7u qu\u1ea3 \u0111\u1ed3ng \u0111\u1ec1u c\u1ee7a L&#8217;Or\u00e9al. C\u00e1c s\u1ea3n ph\u1ea9m ch\u00ednh h\u00e3ng \u0111\u1ec1u c\u00f3 tem nh\u00e3n ti\u1ebfng Vi\u1ec7t ph\u00eda sau v\u00e0 nh\u1eadp kh\u1ea9u tr\u1ef1c ti\u1ebfp t\u1eeb c\u00f4ng ty TNHH L\u2019Or\u00e9al Vi\u1ec7t Nam.<\/p>\n<ul>\n<li><strong>N\u01a1i s\u1ea3n xu\u1ea5t:<\/strong>\u00a0Trung Qu\u1ed1c<\/li>\n<li><strong>H\u1ea1n s\u1eed d\u1ee5ng:<\/strong>\u00a03 n\u0103m k\u1ec3 t\u1eeb ng\u00e0y s\u1ea3n xu\u1ea5t\/NSX xem tr\u00ean bao b\u00ec s\u1ea3n ph\u1ea9m<\/li>\n<\/ul>\n<h2><strong>1. Th\u00f4ng tin s\u1ea3n ph\u1ea9m<\/strong><\/h2>\n<p><strong>S\u1eefa R\u1eeda M\u1eb7t S\u1ea1ch S\u00e2u D\u00e0nh Cho Da D\u1ea7u Cerave Developed With Dermatologists Foaming Cleanser<\/strong>\u00a0l\u00e0\u00a0<strong>s\u1eefa r\u1eeda m\u1eb7t<\/strong><strong>\u00a0<\/strong>v\u1edbi c\u00f4ng th\u1ee9c l\u00e0nh t\u00ednh gi\u00fap l\u00e0m s\u1ea1ch\u00a0b\u1ee5i b\u1ea9n, d\u1ea7u th\u1eeba\u00a0m\u1ed9t c\u00e1ch nh\u1eb9 nh\u00e0ng m\u00e0 kh\u00f4ng g\u00e2y b\u00edt t\u1eafc l\u1ed7 ch\u00e2n l\u00f4ng,\u00a0duy tr\u00ec \u0111\u1ed9 \u1ea9m c\u00e2n b\u1eb1ng da\u00a0v\u00e0 ph\u00f9 h\u1ee3p v\u1edbi m\u1ecdi lo\u1ea1i da, k\u1ec3 c\u1ea3 l\u00e0n da m\u1ecfng manh c\u1ee7a tr\u1ebb em\u00a0thu\u1ed9c th\u01b0\u01a1ng\u00a0<strong>CeraVe.<\/strong><\/p>\n<p><img decoding=\"async\" src=\"https:\/\/file.hstatic.net\/1000006063\/file\/1._artboard_.jpg\" alt=\"S\u1eefa R\u1eeda M\u1eb7t Cerave S\u1ea1ch S\u00e2u D\u00e0nh Cho Da D\u1ea7u Developed With Dermatologists Foaming Cleanser\" \/><\/p>\n<p><strong>2. \u01afu th\u1ebf n\u1ed5i b\u1eadt c\u1ee7a Cerave Developed With Dermatologists Foaming Cleanser<\/strong><\/p>\n<ul>\n<li><strong>S\u1eefa R\u1eeda M\u1eb7t S\u1ea1ch S\u00e2u D\u00e0nh Cho Da D\u1ea7u Cerave Developed With Dermatologists Foaming Cleanser<\/strong>\u00a0hi\u1ec7n<strong>\u00a0<\/strong>\u0111\u00e3 c\u00f3 m\u1eb7t t\u1ea1i\u00a0<strong><a href=\"https:\/\/myphamphake.azdigi.shop\/\">MyPhamPhake<\/a>.\u00a0<\/strong>L\u00e0 m\u1ed9t lo\u1ea1i s\u1eefa r\u1eeda m\u1eb7t an to\u00e0n\u00a0cho da l\u00e0m s\u1ea1ch s\u00e2u l\u1ea5y \u0111i b\u1ee5i b\u1ea9n, b\u00e3 th\u1eeba, d\u1ea7u nh\u1eddn tr\u00ean da gi\u00fap l\u00e0m th\u00f4ng tho\u00e1ng l\u1ed7 ch\u00e2n l\u00f4ng m\u00e0 v\u1eabn duy tr\u00ec \u0111\u1ed9 \u1ea9m cho da mang \u0111\u1ebfn cho da s\u00e1ng kh\u1ecfe.<\/li>\n<li>V\u1edbi th\u00e0nh ph\u1ea7n ch\u1ee9a\u00a0<strong>3 lo\u1ea1i Ceramides (1, 3, 6-II)\u00a0<\/strong>v\u00e0 \u00e1p d\u1ee5ng<strong>\u00a0c<\/strong><strong>\u00f4ng ngh\u1ec7 MVE:\u00a0<\/strong>C\u00f3 c\u00f4ng d\u1ee5ng gi\u1eef \u0111\u1ed9 \u1ea9m cho da, kh\u00f4ng g\u00e2y \u1ea3nh h\u01b0\u1edfng \u0111\u1ebfn\u00a0h\u00e0ng r\u00e0o b\u1ea3o v\u1ec7 da, kh\u00f4ng g\u00e2y\u00a0b\u00edt t\u1eafc l\u1ed7 ch\u00e2n l\u00f4ng, gi\u00fap da lu\u00f4n th\u00f4ng tho\u00e1ng l\u1ed7 ch\u00e2n l\u00f4ng.<\/li>\n<li><strong>Hyaluronic Acid:<\/strong>\u00a0L\u00e0 ch\u1ea5t d\u01b0\u1ee1ng \u1ea9m hi\u1ec7u qu\u1ea3 c\u00f3 c\u00f4ng d\u1ee5ng gi\u1eef \u1ea9m cho da gi\u00fap t\u0103ng \u0111\u1ed9 \u0111\u00e0n d\u1ed3i, da c\u1ea3i thi\u1ec7n n\u1ebfp nh\u0103n.<\/li>\n<li><strong>Niacinamide:<\/strong>\u00a0L\u00e0 m\u1ed9t ch\u1ea5t th\u00fac \u0111\u1ea9y s\u1ef1 ho\u1ea1t \u0111\u1ed9ng, ph\u00e1t tri\u1ec3n v\u00e0 b\u1ed5 sung c\u00e1c t\u1ebf b\u00e0o da, gi\u00fap ch\u1ed1ng oxy h\u00f3a cho da, duy tr\u00ec \u0111\u1ed9 \u1ea9m c\u1ee7a da.<\/li>\n<li><strong>S\u1ea3n ph\u1ea9m kh\u00f4ng ch\u1ee9a:<\/strong>\u00a0x\u00e0 ph\u00f2ng, h\u01b0\u01a1ng li\u1ec7u,\u00a0paraben, kh\u00f4ng ch\u1ee9a d\u1ea7u\u00a0b\u00edt t\u1eafc l\u1ed7 ch\u00e2n l\u00f4ng.<\/li>\n<li><strong>K\u1ebft c\u1ea5u:<\/strong>\u00a0D\u1ea1ng gel t\u1ea1o b\u1ecdt gi\u00fap l\u00e0m s\u1ea1ch s\u00e2u, nh\u01b0ng\u00a0v\u1eabn duy tr\u00ec \u0111\u1ed9 \u1ea9m t\u1ef1 nhi\u00ean c\u1ee7a da.<\/li>\n<\/ul>\n<p><img decoding=\"async\" src=\"https:\/\/file.hstatic.net\/1000006063\/file\/thay_doi_bb_cerave_fadefa7a21e04bee8110e9388f8505eb.jpg\" alt=\"S\u1eefa R\u1eeda M\u1eb7t Cerave S\u1ea1ch S\u00e2u D\u00e0nh Cho Da D\u1ea7u Developed With Dermatologists Foaming Cleanser\" \/><\/p>\n<p><img decoding=\"async\" src=\"https:\/\/file.hstatic.net\/1000006063\/file\/cerave_developed_with_dermatologists_foaming_cleanser_5.jpg\" alt=\"S\u1eefa R\u1eeda M\u1eb7t Cerave S\u1ea1ch S\u00e2u D\u00e0nh Cho Da D\u1ea7u Developed With Dermatologists Foaming Cleanser\" \/><\/p>\n<p><img decoding=\"async\" src=\"https:\/\/file.hstatic.net\/1000006063\/file\/cerave_developed_with_dermatologists_foaming_cleanser.jpg\" alt=\"S\u1eefa R\u1eeda M\u1eb7t Cerave S\u1ea1ch S\u00e2u D\u00e0nh Cho Da D\u1ea7u Developed With Dermatologists Foaming Cleanser\" \/><\/p>\n<h2><strong>3. \u0110\u1ed1i t\u01b0\u1ee3ng khuy\u00ean d\u00f9ng\u00a0<\/strong><\/h2>\n<ul>\n<li>D\u00e0nh cho m\u1ecdi lo\u1ea1i da, da ng\u01b0\u1eddi l\u1edbn v\u00e0 tr\u1ebb em.<\/li>\n<li>S\u1eed d\u1ee5ng cho m\u1eb7t v\u00e0 c\u01a1 th\u1ec3.<\/li>\n<li>D\u00e0nh cho da d\u1ea7u, l\u1ed7 ch\u00e2n l\u00f4ng to.<\/li>\n<\/ul>\n<h2><strong>4. C\u00e1ch b\u1ea3o qu\u1ea3n<\/strong><\/h2>\n<ul>\n<li>Tr\u00e1nh \u00e1nh n\u1eafng tr\u1ef1c ti\u1ebfp.<\/li>\n<li>\u0110\u1ec3 n\u01a1i kh\u00f4 r\u00e1o, tho\u00e1ng m\u00e1t.<\/li>\n<li>\u0110\u1eady n\u1eafp k\u00edn sau khi s\u1eed d\u1ee5ng.<\/li>\n<\/ul>\n<h2><strong>5. H\u01b0\u1edbng d\u1eabn s\u1eed d\u1ee5ng<\/strong><\/h2>\n<p>L\u00e0m \u1ea9m da v\u1edbi n\u01b0\u1edbc v\u00e0 cho m\u1ed9t l\u01b0\u1ee3ng s\u1ea3n ph\u1ea9m v\u1eeba \u0111\u1ee7 ra l\u00f2ng b\u00e0n tay. Thoa s\u1ea3n ph\u1ea9m l\u00ean m\u1eb7t nh\u1eb9 nh\u00e0ng massage trong v\u00f2ng 30 gi\u00e2y. Sau \u0111\u00f3 r\u1eeda m\u1eb7t v\u1edbi n\u01b0\u1edbc s\u1ea1ch.<\/p>\n<h2><strong>6. Nh\u1eefng l\u01b0u \u00fd khi s\u1eed d\u1ee5ng<\/strong><\/h2>\n<ul>\n<li>T\u00e1c d\u1ee5ng c\u1ee7a s\u1ea3n ph\u1ea9m s\u1ebd kh\u00e1c nhau t\u00f9y v\u00e0o c\u01a1 \u0111\u1ecba c\u1ee7a m\u1ed7i ng\u01b0\u1eddi. V\u1edbi l\u00e0n da nh\u1ea1y c\u1ea3m b\u1ea1n n\u00ean th\u1eed s\u1ea3n ph\u1ea9m \u1edf m\u1ed9t v\u00f9ng nh\u1ecf tr\u01b0\u1edbc khi s\u1eed d\u1ee5ng cho to\u00e0n khu\u00f4n m\u1eb7t.<\/li>\n<\/ul>\n<h2><strong>7. Nh\u1eefng l\u01b0u \u00fd khi mua h\u00e0ng<\/strong><\/h2>\n<ul>\n<li>Hi\u1ec7n MyPhamPhake \u0111ang b\u00e1n song song bao b\u00ec c\u0169, bao b\u00ec m\u1edbi, s\u1ea3n ph\u1ea9m s\u1ebd \u0111\u01b0\u1ee3c giao ng\u1eabu nhi\u00ean.<\/li>\n<li>Bao b\u00ec thay \u0111\u1ed5i t\u00f9y t\u1eebng \u0111\u1ee3t nh\u1eadp h\u00e0ng.<\/li>\n<\/ul>\n<p><img decoding=\"async\" src=\"https:\/\/file.hstatic.net\/1000006063\/file\/cerave_developed_with_dermatologists_foaming_cleanser_3.jpg\" alt=\"S\u1eefa R\u1eeda M\u1eb7t Cerave S\u1ea1ch S\u00e2u D\u00e0nh Cho Da D\u1ea7u Developed With Dermatologists Foaming Cleanser\" \/><\/p>\n<p><img decoding=\"async\" src=\"https:\/\/file.hstatic.net\/1000006063\/file\/cerave_developed_with_dermatologists_foaming_cleanser_4.jpg\" alt=\"S\u1eefa R\u1eeda M\u1eb7t Cerave S\u1ea1ch S\u00e2u D\u00e0nh Cho Da D\u1ea7u Developed With Dermatologists Foaming Cleanser\" \/><\/p>\n<h2><strong>6. Nh\u1eefng l\u01b0u \u00fd khi d\u00f9ng s\u1eefa r\u1eeda m\u1eb7t<\/strong><\/h2>\n<ul>\n<li>R\u1eeda m\u1eb7t t\u1eeb 45 gi\u00e2y \u0111\u1ebfn 1 ph\u00fat, kh\u00f4ng n\u00ean r\u1eeda m\u1eb7t qu\u00e1 l\u00e2u<\/li>\n<li>T\u1ea9y trang tr\u01b0\u1edbc khi r\u1eeda m\u1eb7t<\/li>\n<li>Kh\u00f4ng n\u00ean r\u1eeda m\u1eb7t qu\u00e1 nhi\u1ec1u l\u1ea7n trong m\u1ed9t ng\u00e0y<\/li>\n<li>T\u00e1c d\u1ee5ng c\u1ee7a s\u1ea3n ph\u1ea9m s\u1ebd kh\u00e1c nhau t\u00f9y v\u00e0o c\u01a1 \u0111\u1ecba c\u1ee7a m\u1ed7i ng\u01b0\u1eddi. V\u1edbi l\u00e0n da nh\u1ea1y c\u1ea3m b\u1ea1n n\u00ean th\u1eed s\u1ea3n ph\u1ea9m \u1edf m\u1ed9t v\u00f9ng nh\u1ecf tr\u01b0\u1edbc khi s\u1eed d\u1ee5ng cho to\u00e0n khu\u00f4n m\u1eb7t<\/li>\n<\/ul>\n<p><img decoding=\"async\" src=\"https:\/\/file.hstatic.net\/1000006063\/file\/luu_y_hsd_san_pham_7731c3c3f1cc4ca4b1c4e88c7f5219e9.jpg\" alt=\"S\u1eefa R\u1eeda M\u1eb7t Cerave S\u1ea1ch S\u00e2u D\u00e0nh Cho Da D\u1ea7u Developed With Dermatologists Foaming Cleanser\" \/><\/p>\n<\/div>\n<\/div>\n","protected":false},"excerpt":{"rendered":"<p>Chi ti\u1ebft s\u1ea3n ph\u1ea9m T\u00ean s\u1ea3n ph\u1ea9m:\u00a0Cerave Developed With Dermatologists Foaming Cleanser C\u00f4ng d\u1ee5ng:\u00a0L\u00e0m s\u1ea1ch da, ki\u1ec3m so\u00e1t d\u1ea7u nh\u1eddn, gi\u1eef \u0111\u1ed9 \u1ea9m t\u1ef1 nhi\u00ean. Dung t\u00edch:\u00a088ml, 236ml, 473ml Th\u01b0\u01a1ng hi\u1ec7u:\u00a0CeraVe (M\u1ef9) CeraVe l\u00e0 th\u01b0\u01a1ng hi\u1ec7u d\u01b0\u1ee3c m\u1ef9 ph\u1ea9m \u0111\u1ebfn t\u1eeb M\u1ef9, tr\u1ef1c thu\u1ed9c t\u1eadp \u0111o\u00e0n L&#8217;Or\u00e9al, \u0111\u01b0\u1ee3c s\u1ea3n xu\u1ea5t t\u1ea1i nhi\u1ec1u nh\u00e0 m\u00e1y nh\u01b0 [&#8230;]\n","protected":false},"featured_media":244,"comment_status":"open","ping_status":"closed","template":"","meta":[],"product_brand":[24],"product_cat":[23],"product_tag":[],"class_list":{"0":"post-243","1":"product","2":"type-product","3":"status-publish","4":"has-post-thumbnail","6":"product_brand-cerave","7":"product_cat-sua-rua-mat","9":"first","10":"instock","11":"sale","12":"shipping-taxable","13":"purchasable","14":"product-type-variable"},"yoast_head":"<!-- This site is optimized with the Yoast SEO plugin v27.1.1 - https:\/\/yoast.com\/product\/yoast-seo-wordpress\/ -->\n<title>S\u1eefa R\u1eeda M\u1eb7t Cerave S\u1ea1ch S\u00e2u D\u00e0nh Cho Da D\u1ea7u Developed With Dermatologists Foaming Cleanser - myphamphake<\/title>\n<meta name=\"robots\" content=\"index, follow, max-snippet:-1, max-image-preview:large, max-video-preview:-1\" \/>\n<link rel=\"canonical\" href=\"https:\/\/myphamphake.azdigi.shop\/index.php\/product\/sua-rua-mat-cerave-sach-sau-danh-cho-da-dau-developed-with-dermatologists-foaming-cleanser\/\" \/>\n<meta property=\"og:locale\" content=\"vi_VN\" \/>\n<meta property=\"og:type\" content=\"article\" \/>\n<meta property=\"og:title\" content=\"S\u1eefa R\u1eeda M\u1eb7t Cerave S\u1ea1ch S\u00e2u D\u00e0nh Cho Da D\u1ea7u Developed With Dermatologists Foaming Cleanser - myphamphake\" \/>\n<meta property=\"og:description\" content=\"Chi ti\u1ebft s\u1ea3n ph\u1ea9m T\u00ean s\u1ea3n ph\u1ea9m:\u00a0Cerave Developed With Dermatologists Foaming Cleanser C\u00f4ng d\u1ee5ng:\u00a0L\u00e0m s\u1ea1ch da, ki\u1ec3m so\u00e1t d\u1ea7u nh\u1eddn, gi\u1eef \u0111\u1ed9 \u1ea9m t\u1ef1 nhi\u00ean. Dung t\u00edch:\u00a088ml, 236ml, 473ml Th\u01b0\u01a1ng hi\u1ec7u:\u00a0CeraVe (M\u1ef9) CeraVe l\u00e0 th\u01b0\u01a1ng hi\u1ec7u d\u01b0\u1ee3c m\u1ef9 ph\u1ea9m \u0111\u1ebfn t\u1eeb M\u1ef9, tr\u1ef1c thu\u1ed9c t\u1eadp \u0111o\u00e0n L&#8217;Or\u00e9al, \u0111\u01b0\u1ee3c s\u1ea3n xu\u1ea5t t\u1ea1i nhi\u1ec1u nh\u00e0 m\u00e1y nh\u01b0 [...]\" \/>\n<meta property=\"og:url\" content=\"https:\/\/myphamphake.azdigi.shop\/index.php\/product\/sua-rua-mat-cerave-sach-sau-danh-cho-da-dau-developed-with-dermatologists-foaming-cleanser\/\" \/>\n<meta property=\"og:site_name\" content=\"myphamphake\" \/>\n<meta property=\"article:modified_time\" content=\"2026-04-01T14:42:05+00:00\" \/>\n<meta property=\"og:image\" content=\"https:\/\/myphamphake.azdigi.shop\/wp-content\/uploads\/2026\/04\/crvfoaming.jpg\" \/>\n\t<meta property=\"og:image:width\" content=\"800\" \/>\n\t<meta property=\"og:image:height\" content=\"800\" \/>\n\t<meta property=\"og:image:type\" content=\"image\/jpeg\" \/>\n<meta name=\"twitter:card\" content=\"summary_large_image\" \/>\n<meta name=\"twitter:label1\" content=\"\u01af\u1edbc t\u00ednh th\u1eddi gian \u0111\u1ecdc\" \/>\n\t<meta name=\"twitter:data1\" content=\"6 ph\u00fat\" \/>\n<script type=\"application\/ld+json\" class=\"yoast-schema-graph\">{\"@context\":\"https:\/\/schema.org\",\"@graph\":[{\"@type\":\"WebPage\",\"@id\":\"https:\/\/myphamphake.azdigi.shop\/index.php\/product\/sua-rua-mat-cerave-sach-sau-danh-cho-da-dau-developed-with-dermatologists-foaming-cleanser\/\",\"url\":\"https:\/\/myphamphake.azdigi.shop\/index.php\/product\/sua-rua-mat-cerave-sach-sau-danh-cho-da-dau-developed-with-dermatologists-foaming-cleanser\/\",\"name\":\"S\u1eefa R\u1eeda M\u1eb7t Cerave S\u1ea1ch S\u00e2u D\u00e0nh Cho Da D\u1ea7u Developed With Dermatologists Foaming Cleanser - myphamphake\",\"isPartOf\":{\"@id\":\"https:\/\/myphamphake.azdigi.shop\/#website\"},\"primaryImageOfPage\":{\"@id\":\"https:\/\/myphamphake.azdigi.shop\/index.php\/product\/sua-rua-mat-cerave-sach-sau-danh-cho-da-dau-developed-with-dermatologists-foaming-cleanser\/#primaryimage\"},\"image\":{\"@id\":\"https:\/\/myphamphake.azdigi.shop\/index.php\/product\/sua-rua-mat-cerave-sach-sau-danh-cho-da-dau-developed-with-dermatologists-foaming-cleanser\/#primaryimage\"},\"thumbnailUrl\":\"https:\/\/myphamphake.azdigi.shop\/wp-content\/uploads\/2026\/04\/crvfoaming.jpg\",\"datePublished\":\"2026-04-01T13:43:21+00:00\",\"dateModified\":\"2026-04-01T14:42:05+00:00\",\"breadcrumb\":{\"@id\":\"https:\/\/myphamphake.azdigi.shop\/index.php\/product\/sua-rua-mat-cerave-sach-sau-danh-cho-da-dau-developed-with-dermatologists-foaming-cleanser\/#breadcrumb\"},\"inLanguage\":\"vi\",\"potentialAction\":[{\"@type\":\"ReadAction\",\"target\":[\"https:\/\/myphamphake.azdigi.shop\/index.php\/product\/sua-rua-mat-cerave-sach-sau-danh-cho-da-dau-developed-with-dermatologists-foaming-cleanser\/\"]}]},{\"@type\":\"ImageObject\",\"inLanguage\":\"vi\",\"@id\":\"https:\/\/myphamphake.azdigi.shop\/index.php\/product\/sua-rua-mat-cerave-sach-sau-danh-cho-da-dau-developed-with-dermatologists-foaming-cleanser\/#primaryimage\",\"url\":\"https:\/\/myphamphake.azdigi.shop\/wp-content\/uploads\/2026\/04\/crvfoaming.jpg\",\"contentUrl\":\"https:\/\/myphamphake.azdigi.shop\/wp-content\/uploads\/2026\/04\/crvfoaming.jpg\",\"width\":800,\"height\":800},{\"@type\":\"BreadcrumbList\",\"@id\":\"https:\/\/myphamphake.azdigi.shop\/index.php\/product\/sua-rua-mat-cerave-sach-sau-danh-cho-da-dau-developed-with-dermatologists-foaming-cleanser\/#breadcrumb\",\"itemListElement\":[{\"@type\":\"ListItem\",\"position\":1,\"name\":\"Home\",\"item\":\"https:\/\/myphamphake.azdigi.shop\/\"},{\"@type\":\"ListItem\",\"position\":2,\"name\":\"Shop\",\"item\":\"https:\/\/myphamphake.azdigi.shop\/index.php\/shop\/\"},{\"@type\":\"ListItem\",\"position\":3,\"name\":\"S\u1eefa R\u1eeda M\u1eb7t Cerave S\u1ea1ch S\u00e2u D\u00e0nh Cho Da D\u1ea7u Developed With Dermatologists Foaming Cleanser\"}]},{\"@type\":\"WebSite\",\"@id\":\"https:\/\/myphamphake.azdigi.shop\/#website\",\"url\":\"https:\/\/myphamphake.azdigi.shop\/\",\"name\":\"myphamphake\",\"description\":\"\",\"potentialAction\":[{\"@type\":\"SearchAction\",\"target\":{\"@type\":\"EntryPoint\",\"urlTemplate\":\"https:\/\/myphamphake.azdigi.shop\/?s={search_term_string}\"},\"query-input\":{\"@type\":\"PropertyValueSpecification\",\"valueRequired\":true,\"valueName\":\"search_term_string\"}}],\"inLanguage\":\"vi\"}]}<\/script>\n<!-- \/ Yoast SEO plugin. -->","yoast_head_json":{"title":"S\u1eefa R\u1eeda M\u1eb7t Cerave S\u1ea1ch S\u00e2u D\u00e0nh Cho Da D\u1ea7u Developed With Dermatologists Foaming Cleanser - myphamphake","robots":{"index":"index","follow":"follow","max-snippet":"max-snippet:-1","max-image-preview":"max-image-preview:large","max-video-preview":"max-video-preview:-1"},"canonical":"https:\/\/myphamphake.azdigi.shop\/index.php\/product\/sua-rua-mat-cerave-sach-sau-danh-cho-da-dau-developed-with-dermatologists-foaming-cleanser\/","og_locale":"vi_VN","og_type":"article","og_title":"S\u1eefa R\u1eeda M\u1eb7t Cerave S\u1ea1ch S\u00e2u D\u00e0nh Cho Da D\u1ea7u Developed With Dermatologists Foaming Cleanser - myphamphake","og_description":"Chi ti\u1ebft s\u1ea3n ph\u1ea9m T\u00ean s\u1ea3n ph\u1ea9m:\u00a0Cerave Developed With Dermatologists Foaming Cleanser C\u00f4ng d\u1ee5ng:\u00a0L\u00e0m s\u1ea1ch da, ki\u1ec3m so\u00e1t d\u1ea7u nh\u1eddn, gi\u1eef \u0111\u1ed9 \u1ea9m t\u1ef1 nhi\u00ean. Dung t\u00edch:\u00a088ml, 236ml, 473ml Th\u01b0\u01a1ng hi\u1ec7u:\u00a0CeraVe (M\u1ef9) CeraVe l\u00e0 th\u01b0\u01a1ng hi\u1ec7u d\u01b0\u1ee3c m\u1ef9 ph\u1ea9m \u0111\u1ebfn t\u1eeb M\u1ef9, tr\u1ef1c thu\u1ed9c t\u1eadp \u0111o\u00e0n L&#8217;Or\u00e9al, \u0111\u01b0\u1ee3c s\u1ea3n xu\u1ea5t t\u1ea1i nhi\u1ec1u nh\u00e0 m\u00e1y nh\u01b0 [...]","og_url":"https:\/\/myphamphake.azdigi.shop\/index.php\/product\/sua-rua-mat-cerave-sach-sau-danh-cho-da-dau-developed-with-dermatologists-foaming-cleanser\/","og_site_name":"myphamphake","article_modified_time":"2026-04-01T14:42:05+00:00","og_image":[{"width":800,"height":800,"url":"https:\/\/myphamphake.azdigi.shop\/wp-content\/uploads\/2026\/04\/crvfoaming.jpg","type":"image\/jpeg"}],"twitter_card":"summary_large_image","twitter_misc":{"\u01af\u1edbc t\u00ednh th\u1eddi gian \u0111\u1ecdc":"6 ph\u00fat"},"schema":{"@context":"https:\/\/schema.org","@graph":[{"@type":"WebPage","@id":"https:\/\/myphamphake.azdigi.shop\/index.php\/product\/sua-rua-mat-cerave-sach-sau-danh-cho-da-dau-developed-with-dermatologists-foaming-cleanser\/","url":"https:\/\/myphamphake.azdigi.shop\/index.php\/product\/sua-rua-mat-cerave-sach-sau-danh-cho-da-dau-developed-with-dermatologists-foaming-cleanser\/","name":"S\u1eefa R\u1eeda M\u1eb7t Cerave S\u1ea1ch S\u00e2u D\u00e0nh Cho Da D\u1ea7u Developed With Dermatologists Foaming Cleanser - myphamphake","isPartOf":{"@id":"https:\/\/myphamphake.azdigi.shop\/#website"},"primaryImageOfPage":{"@id":"https:\/\/myphamphake.azdigi.shop\/index.php\/product\/sua-rua-mat-cerave-sach-sau-danh-cho-da-dau-developed-with-dermatologists-foaming-cleanser\/#primaryimage"},"image":{"@id":"https:\/\/myphamphake.azdigi.shop\/index.php\/product\/sua-rua-mat-cerave-sach-sau-danh-cho-da-dau-developed-with-dermatologists-foaming-cleanser\/#primaryimage"},"thumbnailUrl":"https:\/\/myphamphake.azdigi.shop\/wp-content\/uploads\/2026\/04\/crvfoaming.jpg","datePublished":"2026-04-01T13:43:21+00:00","dateModified":"2026-04-01T14:42:05+00:00","breadcrumb":{"@id":"https:\/\/myphamphake.azdigi.shop\/index.php\/product\/sua-rua-mat-cerave-sach-sau-danh-cho-da-dau-developed-with-dermatologists-foaming-cleanser\/#breadcrumb"},"inLanguage":"vi","potentialAction":[{"@type":"ReadAction","target":["https:\/\/myphamphake.azdigi.shop\/index.php\/product\/sua-rua-mat-cerave-sach-sau-danh-cho-da-dau-developed-with-dermatologists-foaming-cleanser\/"]}]},{"@type":"ImageObject","inLanguage":"vi","@id":"https:\/\/myphamphake.azdigi.shop\/index.php\/product\/sua-rua-mat-cerave-sach-sau-danh-cho-da-dau-developed-with-dermatologists-foaming-cleanser\/#primaryimage","url":"https:\/\/myphamphake.azdigi.shop\/wp-content\/uploads\/2026\/04\/crvfoaming.jpg","contentUrl":"https:\/\/myphamphake.azdigi.shop\/wp-content\/uploads\/2026\/04\/crvfoaming.jpg","width":800,"height":800},{"@type":"BreadcrumbList","@id":"https:\/\/myphamphake.azdigi.shop\/index.php\/product\/sua-rua-mat-cerave-sach-sau-danh-cho-da-dau-developed-with-dermatologists-foaming-cleanser\/#breadcrumb","itemListElement":[{"@type":"ListItem","position":1,"name":"Home","item":"https:\/\/myphamphake.azdigi.shop\/"},{"@type":"ListItem","position":2,"name":"Shop","item":"https:\/\/myphamphake.azdigi.shop\/index.php\/shop\/"},{"@type":"ListItem","position":3,"name":"S\u1eefa R\u1eeda M\u1eb7t Cerave S\u1ea1ch S\u00e2u D\u00e0nh Cho Da D\u1ea7u Developed With Dermatologists Foaming Cleanser"}]},{"@type":"WebSite","@id":"https:\/\/myphamphake.azdigi.shop\/#website","url":"https:\/\/myphamphake.azdigi.shop\/","name":"myphamphake","description":"","potentialAction":[{"@type":"SearchAction","target":{"@type":"EntryPoint","urlTemplate":"https:\/\/myphamphake.azdigi.shop\/?s={search_term_string}"},"query-input":{"@type":"PropertyValueSpecification","valueRequired":true,"valueName":"search_term_string"}}],"inLanguage":"vi"}]}},"_links":{"self":[{"href":"https:\/\/myphamphake.azdigi.shop\/index.php\/wp-json\/wp\/v2\/product\/243","targetHints":{"allow":["GET"]}}],"collection":[{"href":"https:\/\/myphamphake.azdigi.shop\/index.php\/wp-json\/wp\/v2\/product"}],"about":[{"href":"https:\/\/myphamphake.azdigi.shop\/index.php\/wp-json\/wp\/v2\/types\/product"}],"replies":[{"embeddable":true,"href":"https:\/\/myphamphake.azdigi.shop\/index.php\/wp-json\/wp\/v2\/comments?post=243"}],"wp:featuredmedia":[{"embeddable":true,"href":"https:\/\/myphamphake.azdigi.shop\/index.php\/wp-json\/wp\/v2\/media\/244"}],"wp:attachment":[{"href":"https:\/\/myphamphake.azdigi.shop\/index.php\/wp-json\/wp\/v2\/media?parent=243"}],"wp:term":[{"taxonomy":"product_brand","embeddable":true,"href":"https:\/\/myphamphake.azdigi.shop\/index.php\/wp-json\/wp\/v2\/product_brand?post=243"},{"taxonomy":"product_cat","embeddable":true,"href":"https:\/\/myphamphake.azdigi.shop\/index.php\/wp-json\/wp\/v2\/product_cat?post=243"},{"taxonomy":"product_tag","embeddable":true,"href":"https:\/\/myphamphake.azdigi.shop\/index.php\/wp-json\/wp\/v2\/product_tag?post=243"}],"curies":[{"name":"wp","href":"https:\/\/api.w.org\/{rel}","templated":true}]}}