{"id":366,"date":"2026-04-04T13:13:49","date_gmt":"2026-04-04T13:13:49","guid":{"rendered":"https:\/\/myphamphake.azdigi.shop\/?post_type=product&#038;p=366"},"modified":"2026-04-11T14:59:18","modified_gmt":"2026-04-11T14:59:18","slug":"kem-chong-nang-skin1004-lanh-tinh-danh-cho-da-nhay-cam-madagascar-centella-air-fit-suncream-plus-spf50-pa-50ml","status":"publish","type":"product","link":"https:\/\/myphamphake.azdigi.shop\/index.php\/product\/kem-chong-nang-skin1004-lanh-tinh-danh-cho-da-nhay-cam-madagascar-centella-air-fit-suncream-plus-spf50-pa-50ml\/","title":{"rendered":"Kem Ch\u1ed1ng N\u1eafng Skin1004 L\u00e0nh T\u00ednh D\u00e0nh Cho Da Nh\u1ea1y C\u1ea3m Madagascar Centella Air-Fit Suncream Plus SPF50+ PA++++ 50ml"},"content":{"rendered":"<div class=\"product-section-title\">\n<h2>Chi ti\u1ebft s\u1ea3n ph\u1ea9m<\/h2>\n<\/div>\n<div class=\"page-product-description-detail-wrap expanded\">\n<div class=\"page-product-description-detail\">\n<ul>\n<li><strong>T\u00ean s\u1ea3n ph\u1ea9m:<\/strong>\u00a0Skin1004 Madagascar Centella Air-Fit Suncream Plus SPF50+ PA++++<\/li>\n<li><strong>C\u00f4ng d\u1ee5ng ch\u00ednh:<\/strong>\u00a0Ch\u1ed1ng n\u1eafng<\/li>\n<li><strong>Dung t\u00edch:<\/strong>\u00a050ml<\/li>\n<li><strong>Th\u01b0\u01a1ng hi\u1ec7u:<\/strong>\u00a0Skin1004 (H\u00e0n Qu\u1ed1c)<\/li>\n<li><strong>N\u01a1i s\u1ea3n xu\u1ea5t:<\/strong>\u00a0H\u00e0n Qu\u1ed1c<\/li>\n<li><strong>H\u1ea1n s\u1eed d\u1ee5ng:<\/strong>\u00a03 n\u0103m k\u1ec3 t\u1eeb ng\u00e0y s\u1ea3n xu\u1ea5t in tr\u00ean bao b\u00ec &#8211; 12 th\u00e1ng k\u1ec3 t\u1eeb ng\u00e0y m\u1edf n\u1eafp<\/li>\n<\/ul>\n<h2><strong>1. Th\u00f4ng tin s\u1ea3n ph\u1ea9m<\/strong><\/h2>\n<p><strong>Kem Ch\u1ed1ng N\u1eafng L\u00e0nh T\u00ednh D\u00e0nh Cho Da Nh\u1ea1y C\u1ea3m<\/strong>\u00a0<strong>Skin1004 Madagascar Centella Air-Fit Suncream Plus SPF50+ PA++++ 50ml<\/strong>\u00a0l\u00e0 d\u00f2ng\u00a0<strong>kem <\/strong><strong>ch\u1ed1ng <\/strong><strong>n\u1eafng<\/strong>\u00a0m\u1edbi \u0111\u1ebfn t\u1eeb th\u01b0\u01a1ng hi\u1ec7u m\u1ef9 ph\u1ea9m\u00a0<strong>Skin1004<\/strong>, v\u1edbi c\u00f4ng th\u1ee9c ch\u1ee9a th\u00eam 20% chi\u1ebft xu\u1ea5t rau m\u00e1 gi\u00fap\u00a0l\u00e0m d\u1ecbu v\u00e0 c\u1ee7ng c\u1ed1 h\u00e0ng r\u00e0o b\u1ea3o v\u1ec7 da. Ngo\u00e0i ra c\u00f3 ch\u1ee9a c\u00e1c th\u00e0nh ph\u1ea7n t\u1eeb th\u1ef1c v\u1eadt gi\u00fap b\u1ea3o v\u1ec7 da tr\u00e1nh c\u00e1c t\u00e1c \u0111\u1ed9ng x\u1ea5u t\u1eeb m\u00f4i tr\u01b0\u1eddng.<\/p>\n<p><img decoding=\"async\" src=\"https:\/\/file.hstatic.net\/1000006063\/file\/04458639_7746854251704253263_n_d958d4d9220c44929564b364102e6ff8_master_cffe26bb16304bee9aab284abe9d445c.jpg\" alt=\"Kem Ch\u1ed1ng N\u1eafng Skin1004 L\u00e0nh T\u00ednh D\u00e0nh Cho Da Nh\u1ea1y C\u1ea3m Madagascar Centella Air-Fit Suncream Plus SPF50+ PA++++ 50ml\" \/><\/p>\n<h2><strong>2.\u00a0 \u0110\u1eb7c tr\u01b0ng c\u1ee7a Kem ch\u1ed1ng n\u1eafng Skin1004 Madagascar Centella Air-Fit Suncream Plus SPF50+ PA++++ 50ml<\/strong><\/h2>\n<p><strong>Kem Ch\u1ed1ng N\u1eafng L\u00e0nh T\u00ednh D\u00e0nh Cho Da Nh\u1ea1y C\u1ea3m Skin1004 Madagascar Centella Air-Fit Suncream Plus SPF50+ PA++++ 50ml<\/strong>\u00a0hi\u1ec7n \u0111\u00e3 c\u00f3 m\u1eb7t t\u1ea1i\u00a0<a href=\"https:\/\/myphamphake.azdigi.shop\/\"><b>MyPhamPhake <\/b><\/a>v\u1edbi nh\u1eefng \u0111\u1eb7c tr\u01b0ng n\u1ed5i b\u1eadt sau:<\/p>\n<ul>\n<li>Phi\u00ean b\u1ea3n c\u1ea3i ti\u1ebfn ch\u1ee9a rau m\u00e1 v\u00f9ng Madagascar gi\u00e0u\u00a0<strong>vitamin B,C v\u00e0 Polyphenols<\/strong>\u00a0c\u00f3 kh\u1ea3 n\u0103ng l\u00e0m d\u1ecbu da v\u00e0 h\u1ed7 tr\u1ee3 d\u01b0\u1ee1ng da tr\u1eafng s\u00e1ng m\u1ecbn m\u00e0ng v\u00e0 c\u1ea3i thi\u1ec7n da m\u1ee5n.<\/li>\n<li>Kem ch\u1ed1ng n\u1eafng v\u1edbi ch\u1ec9 s\u1ed1 b\u1ea3o v\u1ec7 cao \u0111\u1eb7c bi\u1ec7t an to\u00e0n l\u00e0nh t\u00ednh v\u1edbi m\u1ecdi lo\u1ea1i da \u0111\u1eb7c bi\u1ec7t l\u00e0 da m\u1ee5n nh\u1ea1y c\u1ea3m nh\u1edd chi\u1ebft xu\u1ea5t rau m\u00e1, n\u1ed5i b\u1eadt v\u1edbi kh\u1ea3 n\u0103ng h\u1ea1n ch\u1ebf k\u00edch \u1ee9ng v\u00e0 l\u00e0m d\u1ecbu, v\u00ec v\u1eady ngo\u00e0i kh\u1ea3 n\u0103ng t\u1ea1o m\u00e0ng b\u1ea3o v\u1ec7 t\u1ed1t th\u00ec s\u1ea3n ph\u1ea9m c\u00f2n c\u00f3 t\u00e1c d\u1ee5ng l\u00e0m m\u00e1t da, c\u1ea3i thi\u1ec7n da t\u1ea5y \u0111\u1ecf tr\u00ean v\u00f9ng da b\u1ecb ch\u00e1y n\u1eafng.<\/li>\n<li>\u1ee8ng d\u1ee5ng c\u00f4ng ngh\u1ec7 \u0111\u1ed9c quy\u1ec1n\u00a0<strong>MadeWhite\u2122<\/strong>\u00a0\u0111\u01b0\u1ee3c chi\u1ebft xu\u1ea5t ch\u00ednh t\u1eeb rau m\u00e1. C\u00f4ng ngh\u1ec7 th\u1ef1c v\u1eadt n\u00e0y gi\u00e0u ho\u1ea1t ch\u1ea5t Madecassoside c\u00f3 hi\u1ec7u qu\u1ea3 trong vi\u1ec7c l\u00e0m d\u1ecbu, l\u00e0m m\u00e1t da.\u00a0<strong>MadeWhite\u2122<\/strong>\u00a0\u0111\u00e3 \u0111\u01b0\u1ee3c ch\u1ee9ng minh c\u00f3 t\u00e1c \u0111\u1ed9ng m\u1ea1nh m\u1ebd \u0111\u1ebfn h\u1ea1n ch\u1ebf t\u1ed5ng h\u1ee3p melanin c\u0169ng nh\u01b0 th\u00fac \u0111\u1ea9y ho\u1ea1t \u0111\u1ed9ng h\u1ed7 tr\u1ee3 d\u01b0\u1ee1ng tr\u1eafng \u0111\u1ec3 l\u00e0m s\u1ea1ch c\u00e1c \u0111\u1ed1m \u0111en do r\u1ed1i lo\u1ea1n s\u1eafc t\u1ed1 da.<\/li>\n<li>C\u1ea3i thi\u1ec7n l\u00e0n da s\u1ea1m n\u1eafng t\u1ed1i m\u00e0u v\u1edbi ho\u1ea1t ch\u1ea5t h\u1ed7 tr\u1ee3 d\u01b0\u1ee1ng tr\u1eafng\u00a0<strong>Niacinamide<\/strong>\u00a0t\u1ea1o hi\u1ec7u \u1ee9ng s\u00e1ng m\u1ecbn, h\u1ed7 tr\u1ee3 l\u00e0m m\u1edd v\u1ebft th\u00e2m cho l\u00e0n da sau m\u1ee5n.<\/li>\n<li>Kem ch\u1ed1ng n\u1eafng thu\u1ea7n v\u1eadt l\u00fd nh\u01b0ng kh\u00f4ng l\u00e0m kh\u00f4 da nh\u1edd ph\u1ee9c h\u1ee3p d\u01b0\u1ee1ng \u1ea9m \u0111\u1eb7c bi\u1ec7t \u0111\u01b0\u1ee3c chi\u1ebft xu\u1ea5t t\u1eeb th\u1ea3o m\u1ed9c v\u00e0 nh\u00e2n t\u1ed1 gi\u1eef \u1ea9m t\u1ef1 nhi\u00ean\u00a0<strong>NFss.<\/strong><\/li>\n<li>C\u1ea3i ti\u1ebfn k\u1ebft c\u1ea5u v\u1edbi \u0111\u1ed9 ki\u1ec1m d\u1ea7u, \u0111\u1ed9 b\u00e1m s\u1ea3n ph\u1ea9m \u0111\u01b0\u1ee3c n\u00e2ng c\u1ea5p, b\u00e1m l\u00ec tr\u00ean da su\u1ed1t 8h.<\/li>\n<\/ul>\n<p><img decoding=\"async\" src=\"https:\/\/file.hstatic.net\/1000006063\/file\/345456164_758614229324761_4410142452755049207_n_7b0764ba0b6d445bb2deeee7304fff69.jpg\" alt=\"Kem Ch\u1ed1ng N\u1eafng Skin1004 L\u00e0nh T\u00ednh D\u00e0nh Cho Da Nh\u1ea1y C\u1ea3m Madagascar Centella Air-Fit Suncream Plus SPF50+ PA++++ 50ml\" \/><\/p>\n<p><img decoding=\"async\" src=\"https:\/\/file.hstatic.net\/1000006063\/file\/345195853_2190487421341750_1815081652396197489_n_9915684b86c14b6f9068516b4897afbc.jpg\" alt=\"Kem Ch\u1ed1ng N\u1eafng Skin1004 L\u00e0nh T\u00ednh D\u00e0nh Cho Da Nh\u1ea1y C\u1ea3m Madagascar Centella Air-Fit Suncream Plus SPF50+ PA++++ 50ml\" \/><\/p>\n<p><img decoding=\"async\" src=\"https:\/\/file.hstatic.net\/1000006063\/file\/12_33223013213e439eaced29eb9f75ca01_master.jpg\" alt=\"Kem Ch\u1ed1ng N\u1eafng Skin1004 L\u00e0nh T\u00ednh D\u00e0nh Cho Da Nh\u1ea1y C\u1ea3m Madagascar Centella Air-Fit Suncream Plus SPF50+ PA++++ 50ml\" \/><\/p>\n<p><img decoding=\"async\" src=\"https:\/\/file.hstatic.net\/1000006063\/file\/225081208_1295843884179801_6394766236007544942_n_d4e5f1204b7e43edb789ae09dd251f37_master.jpg\" alt=\"Kem Ch\u1ed1ng N\u1eafng Skin1004 L\u00e0nh T\u00ednh D\u00e0nh Cho Da Nh\u1ea1y C\u1ea3m Madagascar Centella Air-Fit Suncream Plus SPF50+ PA++++ 50ml\" \/><\/p>\n<p><img decoding=\"async\" src=\"https:\/\/file.hstatic.net\/1000006063\/file\/218156314_1299179540512902_6053313984453049208_n_e00a8e0f40fc4bd4af98a8896049ee54_master.jpg\" alt=\"Kem Ch\u1ed1ng N\u1eafng Skin1004 L\u00e0nh T\u00ednh D\u00e0nh Cho Da Nh\u1ea1y C\u1ea3m Madagascar Centella Air-Fit Suncream Plus SPF50+ PA++++ 50ml\" \/><\/p>\n<p><img decoding=\"async\" src=\"https:\/\/file.hstatic.net\/1000006063\/file\/4_cdf9c81198a049a58ae175e71874e388.jpg\" alt=\"Kem Ch\u1ed1ng N\u1eafng Skin1004 L\u00e0nh T\u00ednh D\u00e0nh Cho Da Nh\u1ea1y C\u1ea3m Madagascar Centella Air-Fit Suncream Plus SPF50+ PA++++ 50ml\" \/><\/p>\n<h2><strong>3. \u0110\u1ed1i t\u01b0\u1ee3ng khuy\u00ean d\u00f9ng<\/strong><\/h2>\n<ul>\n<li>D\u00e0nh cho m\u1ecdi lo\u1ea1i da, k\u1ec3 c\u1ea3 da nh\u1ea1y c\u1ea3m<\/li>\n<li>D\u00e0nh cho l\u00e0n da c\u00f3 nhi\u1ec1u khuy\u1ebft \u0111i\u1ec3m nh\u01b0 th\u00e2m m\u1ee5n, \u0111\u1ed1m n\u00e2u, x\u1ec9n m\u00e0u<\/li>\n<li>L\u00e0n da th\u01b0\u1eddng xuy\u00ean b\u1ecb k\u00edch \u1ee9ng\u00a0v\u1edbi m\u00f4i tr\u01b0\u1eddng xung quanh<\/li>\n<\/ul>\n<h2><strong>4. C\u00e1ch b\u1ea3o qu\u1ea3n<\/strong><\/h2>\n<ul>\n<li>Tr\u00e1nh \u00e1nh n\u1eafng tr\u1ef1c ti\u1ebfp<\/li>\n<li>\u0110\u1ec3 n\u01a1i kh\u00f4 r\u00e1o, tho\u00e1ng m\u00e1t<\/li>\n<li>\u0110\u1eady n\u1eafp k\u00edn sau khi s\u1eed d\u1ee5ng<\/li>\n<\/ul>\n<h2><strong>5. H\u01b0\u1edbng d\u1eabn s\u1eed d\u1ee5ng<\/strong><\/h2>\n<p>S\u1eed d\u1ee5ng \u1edf b\u01b0\u1edbc cu\u1ed1i c\u00f9ng trong chu tr\u00ecnh ch\u0103m s\u00f3c da, l\u1ea5y m\u1ed9t l\u01b0\u1ee3ng v\u1eeba \u0111\u1ee7 thoa \u0111\u1ec1u l\u00ean da. N\u00ean b\u00f4i t\u1ed1i thi\u1ec3u tr\u01b0\u1edbc 15p khi ra ngo\u00e0i \u0111\u1ec3 kem ch\u1ed1ng n\u1eafng \u1ed5n \u0111\u1ecbnh tr\u00ean da.<\/p>\n<h2><strong>6. L\u01b0u \u00fd khi s\u1eed d\u1ee5ng<\/strong><\/h2>\n<ul>\n<li>T\u00e1c d\u1ee5ng c\u1ee7a s\u1ea3n ph\u1ea9m s\u1ebd kh\u00e1c nhau t\u00f9y v\u00e0o c\u01a1 \u0111\u1ecba c\u1ee7a m\u1ed7i ng\u01b0\u1eddi. V\u1edbi l\u00e0n da nh\u1ea1y c\u1ea3m b\u1ea1n n\u00ean th\u1eed s\u1ea3n ph\u1ea9m \u1edf m\u1ed9t v\u00f9ng nh\u1ecf tr\u01b0\u1edbc khi s\u1eed d\u1ee5ng cho to\u00e0n khu\u00f4n m\u1eb7t.<\/li>\n<li>Tr\u00e1nh ti\u1ebfp x\u00fac v\u1edbi \u00e1nh n\u1eafng m\u1ea1nh v\u00e0o gi\u1eefa tr\u01b0a, t\u1eeb 10 gi\u1edd s\u00e1ng \u0111\u1ebfn 4 gi\u1edd chi\u1ec1u.<\/li>\n<li>Tr\u00e1nh ti\u1ebfp x\u00fac v\u1edbi m\u1eaft, n\u1ebfu s\u1ea3n ph\u1ea9m d\u00ednh v\u00e0o m\u1eaft, r\u1eeda k\u1ef9 b\u1eb1ng n\u01b0\u1edbc.<\/li>\n<\/ul>\n<div>\n<h2><strong>7. L\u01b0u \u00fd khi mua h\u00e0ng<\/strong><\/h2>\n<ul>\n<li>Hi\u1ec7n t\u1ea1i\u00a0 b\u00e1n song song m\u1eabu th\u01b0\u1eddng v\u00e0 m\u1eabu m\u1edbi, s\u1ea3n ph\u1ea9m s\u1ebd \u0111\u01b0\u1ee3c giao ng\u1eabu nhi\u00ean.<\/li>\n<li>Bao b\u00ec s\u1ea3n ph\u1ea9m thay \u0111\u1ed5i theo t\u1eebng \u0111\u1ee3t nh\u1eadp h\u00e0ng<\/li>\n<\/ul>\n<p><img decoding=\"async\" src=\"https:\/\/file.hstatic.net\/1000006063\/file\/untitled-1_d0f42a91f862487c9230964cf051ecb6.jpg\" alt=\"Kem Ch\u1ed1ng N\u1eafng Skin1004 L\u00e0nh T\u00ednh D\u00e0nh Cho Da Nh\u1ea1y C\u1ea3m Madagascar Centella Air-Fit Suncream Plus SPF50+ PA++++ 50ml\" \/><\/p>\n<p>&nbsp;<\/p>\n<p><img decoding=\"async\" src=\"https:\/\/file.hstatic.net\/1000006063\/file\/han_su_dung_5c3b241168304467befcbe8631bc9d25.jpg\" alt=\"Kem Ch\u1ed1ng N\u1eafng Skin1004 L\u00e0nh T\u00ednh D\u00e0nh Cho Da Nh\u1ea1y C\u1ea3m Madagascar Centella Air-Fit Suncream Plus SPF50+ PA++++ 50ml\" \/><\/p>\n<\/div>\n<\/div>\n<\/div>\n","protected":false},"excerpt":{"rendered":"<p>Chi ti\u1ebft s\u1ea3n ph\u1ea9m T\u00ean s\u1ea3n ph\u1ea9m:\u00a0Skin1004 Madagascar Centella Air-Fit Suncream Plus SPF50+ PA++++ C\u00f4ng d\u1ee5ng ch\u00ednh:\u00a0Ch\u1ed1ng n\u1eafng Dung t\u00edch:\u00a050ml Th\u01b0\u01a1ng hi\u1ec7u:\u00a0Skin1004 (H\u00e0n Qu\u1ed1c) N\u01a1i s\u1ea3n xu\u1ea5t:\u00a0H\u00e0n Qu\u1ed1c H\u1ea1n s\u1eed d\u1ee5ng:\u00a03 n\u0103m k\u1ec3 t\u1eeb ng\u00e0y s\u1ea3n xu\u1ea5t in tr\u00ean bao b\u00ec &#8211; 12 th\u00e1ng k\u1ec3 t\u1eeb ng\u00e0y m\u1edf n\u1eafp 1. Th\u00f4ng tin s\u1ea3n ph\u1ea9m Kem [&#8230;]\n","protected":false},"featured_media":367,"comment_status":"open","ping_status":"closed","template":"","meta":[],"product_brand":[26],"product_cat":[35,16],"product_tag":[],"class_list":{"0":"post-366","1":"product","2":"type-product","3":"status-publish","4":"has-post-thumbnail","6":"product_brand-skin1004","7":"product_cat-cham-soc-da-mat","8":"product_cat-kem-chong-nang","10":"first","11":"instock","12":"sale","13":"shipping-taxable","14":"purchasable","15":"product-type-variable"},"yoast_head":"<!-- This site is optimized with the Yoast SEO plugin v27.1.1 - https:\/\/yoast.com\/product\/yoast-seo-wordpress\/ -->\n<title>Kem Ch\u1ed1ng N\u1eafng Skin1004 L\u00e0nh T\u00ednh D\u00e0nh Cho Da Nh\u1ea1y C\u1ea3m Madagascar Centella Air-Fit Suncream Plus SPF50+ PA++++ 50ml - myphamphake<\/title>\n<meta name=\"robots\" content=\"index, follow, max-snippet:-1, max-image-preview:large, max-video-preview:-1\" \/>\n<link rel=\"canonical\" href=\"https:\/\/myphamphake.azdigi.shop\/index.php\/product\/kem-chong-nang-skin1004-lanh-tinh-danh-cho-da-nhay-cam-madagascar-centella-air-fit-suncream-plus-spf50-pa-50ml\/\" \/>\n<meta property=\"og:locale\" content=\"vi_VN\" \/>\n<meta property=\"og:type\" content=\"article\" \/>\n<meta property=\"og:title\" content=\"Kem Ch\u1ed1ng N\u1eafng Skin1004 L\u00e0nh T\u00ednh D\u00e0nh Cho Da Nh\u1ea1y C\u1ea3m Madagascar Centella Air-Fit Suncream Plus SPF50+ PA++++ 50ml - myphamphake\" \/>\n<meta property=\"og:description\" content=\"Chi ti\u1ebft s\u1ea3n ph\u1ea9m T\u00ean s\u1ea3n ph\u1ea9m:\u00a0Skin1004 Madagascar Centella Air-Fit Suncream Plus SPF50+ PA++++ C\u00f4ng d\u1ee5ng ch\u00ednh:\u00a0Ch\u1ed1ng n\u1eafng Dung t\u00edch:\u00a050ml Th\u01b0\u01a1ng hi\u1ec7u:\u00a0Skin1004 (H\u00e0n Qu\u1ed1c) N\u01a1i s\u1ea3n xu\u1ea5t:\u00a0H\u00e0n Qu\u1ed1c H\u1ea1n s\u1eed d\u1ee5ng:\u00a03 n\u0103m k\u1ec3 t\u1eeb ng\u00e0y s\u1ea3n xu\u1ea5t in tr\u00ean bao b\u00ec &#8211; 12 th\u00e1ng k\u1ec3 t\u1eeb ng\u00e0y m\u1edf n\u1eafp 1. Th\u00f4ng tin s\u1ea3n ph\u1ea9m Kem [...]\" \/>\n<meta property=\"og:url\" content=\"https:\/\/myphamphake.azdigi.shop\/index.php\/product\/kem-chong-nang-skin1004-lanh-tinh-danh-cho-da-nhay-cam-madagascar-centella-air-fit-suncream-plus-spf50-pa-50ml\/\" \/>\n<meta property=\"og:site_name\" content=\"myphamphake\" \/>\n<meta property=\"article:modified_time\" content=\"2026-04-11T14:59:18+00:00\" \/>\n<meta property=\"og:image\" content=\"https:\/\/myphamphake.azdigi.shop\/wp-content\/uploads\/2026\/04\/skin1004_tone_brightening_capture_ampoule_100ml_4_0aec0a0da2ef49de9b317ce45d25b5f3_1024x1024.jpg\" \/>\n\t<meta property=\"og:image:width\" content=\"800\" \/>\n\t<meta property=\"og:image:height\" content=\"800\" \/>\n\t<meta property=\"og:image:type\" content=\"image\/jpeg\" \/>\n<meta name=\"twitter:card\" content=\"summary_large_image\" \/>\n<meta name=\"twitter:label1\" content=\"\u01af\u1edbc t\u00ednh th\u1eddi gian \u0111\u1ecdc\" \/>\n\t<meta name=\"twitter:data1\" content=\"6 ph\u00fat\" \/>\n<script type=\"application\/ld+json\" class=\"yoast-schema-graph\">{\"@context\":\"https:\/\/schema.org\",\"@graph\":[{\"@type\":\"WebPage\",\"@id\":\"https:\/\/myphamphake.azdigi.shop\/index.php\/product\/kem-chong-nang-skin1004-lanh-tinh-danh-cho-da-nhay-cam-madagascar-centella-air-fit-suncream-plus-spf50-pa-50ml\/\",\"url\":\"https:\/\/myphamphake.azdigi.shop\/index.php\/product\/kem-chong-nang-skin1004-lanh-tinh-danh-cho-da-nhay-cam-madagascar-centella-air-fit-suncream-plus-spf50-pa-50ml\/\",\"name\":\"Kem Ch\u1ed1ng N\u1eafng Skin1004 L\u00e0nh T\u00ednh D\u00e0nh Cho Da Nh\u1ea1y C\u1ea3m Madagascar Centella Air-Fit Suncream Plus SPF50+ PA++++ 50ml - myphamphake\",\"isPartOf\":{\"@id\":\"https:\/\/myphamphake.azdigi.shop\/#website\"},\"primaryImageOfPage\":{\"@id\":\"https:\/\/myphamphake.azdigi.shop\/index.php\/product\/kem-chong-nang-skin1004-lanh-tinh-danh-cho-da-nhay-cam-madagascar-centella-air-fit-suncream-plus-spf50-pa-50ml\/#primaryimage\"},\"image\":{\"@id\":\"https:\/\/myphamphake.azdigi.shop\/index.php\/product\/kem-chong-nang-skin1004-lanh-tinh-danh-cho-da-nhay-cam-madagascar-centella-air-fit-suncream-plus-spf50-pa-50ml\/#primaryimage\"},\"thumbnailUrl\":\"https:\/\/myphamphake.azdigi.shop\/wp-content\/uploads\/2026\/04\/skin1004_tone_brightening_capture_ampoule_100ml_4_0aec0a0da2ef49de9b317ce45d25b5f3_1024x1024.jpg\",\"datePublished\":\"2026-04-04T13:13:49+00:00\",\"dateModified\":\"2026-04-11T14:59:18+00:00\",\"breadcrumb\":{\"@id\":\"https:\/\/myphamphake.azdigi.shop\/index.php\/product\/kem-chong-nang-skin1004-lanh-tinh-danh-cho-da-nhay-cam-madagascar-centella-air-fit-suncream-plus-spf50-pa-50ml\/#breadcrumb\"},\"inLanguage\":\"vi\",\"potentialAction\":[{\"@type\":\"ReadAction\",\"target\":[\"https:\/\/myphamphake.azdigi.shop\/index.php\/product\/kem-chong-nang-skin1004-lanh-tinh-danh-cho-da-nhay-cam-madagascar-centella-air-fit-suncream-plus-spf50-pa-50ml\/\"]}]},{\"@type\":\"ImageObject\",\"inLanguage\":\"vi\",\"@id\":\"https:\/\/myphamphake.azdigi.shop\/index.php\/product\/kem-chong-nang-skin1004-lanh-tinh-danh-cho-da-nhay-cam-madagascar-centella-air-fit-suncream-plus-spf50-pa-50ml\/#primaryimage\",\"url\":\"https:\/\/myphamphake.azdigi.shop\/wp-content\/uploads\/2026\/04\/skin1004_tone_brightening_capture_ampoule_100ml_4_0aec0a0da2ef49de9b317ce45d25b5f3_1024x1024.jpg\",\"contentUrl\":\"https:\/\/myphamphake.azdigi.shop\/wp-content\/uploads\/2026\/04\/skin1004_tone_brightening_capture_ampoule_100ml_4_0aec0a0da2ef49de9b317ce45d25b5f3_1024x1024.jpg\",\"width\":800,\"height\":800},{\"@type\":\"BreadcrumbList\",\"@id\":\"https:\/\/myphamphake.azdigi.shop\/index.php\/product\/kem-chong-nang-skin1004-lanh-tinh-danh-cho-da-nhay-cam-madagascar-centella-air-fit-suncream-plus-spf50-pa-50ml\/#breadcrumb\",\"itemListElement\":[{\"@type\":\"ListItem\",\"position\":1,\"name\":\"Home\",\"item\":\"https:\/\/myphamphake.azdigi.shop\/\"},{\"@type\":\"ListItem\",\"position\":2,\"name\":\"Shop\",\"item\":\"https:\/\/myphamphake.azdigi.shop\/index.php\/shop\/\"},{\"@type\":\"ListItem\",\"position\":3,\"name\":\"Kem Ch\u1ed1ng N\u1eafng Skin1004 L\u00e0nh T\u00ednh D\u00e0nh Cho Da Nh\u1ea1y C\u1ea3m Madagascar Centella Air-Fit Suncream Plus SPF50+ PA++++ 50ml\"}]},{\"@type\":\"WebSite\",\"@id\":\"https:\/\/myphamphake.azdigi.shop\/#website\",\"url\":\"https:\/\/myphamphake.azdigi.shop\/\",\"name\":\"myphamphake\",\"description\":\"\",\"potentialAction\":[{\"@type\":\"SearchAction\",\"target\":{\"@type\":\"EntryPoint\",\"urlTemplate\":\"https:\/\/myphamphake.azdigi.shop\/?s={search_term_string}\"},\"query-input\":{\"@type\":\"PropertyValueSpecification\",\"valueRequired\":true,\"valueName\":\"search_term_string\"}}],\"inLanguage\":\"vi\"}]}<\/script>\n<!-- \/ Yoast SEO plugin. -->","yoast_head_json":{"title":"Kem Ch\u1ed1ng N\u1eafng Skin1004 L\u00e0nh T\u00ednh D\u00e0nh Cho Da Nh\u1ea1y C\u1ea3m Madagascar Centella Air-Fit Suncream Plus SPF50+ PA++++ 50ml - myphamphake","robots":{"index":"index","follow":"follow","max-snippet":"max-snippet:-1","max-image-preview":"max-image-preview:large","max-video-preview":"max-video-preview:-1"},"canonical":"https:\/\/myphamphake.azdigi.shop\/index.php\/product\/kem-chong-nang-skin1004-lanh-tinh-danh-cho-da-nhay-cam-madagascar-centella-air-fit-suncream-plus-spf50-pa-50ml\/","og_locale":"vi_VN","og_type":"article","og_title":"Kem Ch\u1ed1ng N\u1eafng Skin1004 L\u00e0nh T\u00ednh D\u00e0nh Cho Da Nh\u1ea1y C\u1ea3m Madagascar Centella Air-Fit Suncream Plus SPF50+ PA++++ 50ml - myphamphake","og_description":"Chi ti\u1ebft s\u1ea3n ph\u1ea9m T\u00ean s\u1ea3n ph\u1ea9m:\u00a0Skin1004 Madagascar Centella Air-Fit Suncream Plus SPF50+ PA++++ C\u00f4ng d\u1ee5ng ch\u00ednh:\u00a0Ch\u1ed1ng n\u1eafng Dung t\u00edch:\u00a050ml Th\u01b0\u01a1ng hi\u1ec7u:\u00a0Skin1004 (H\u00e0n Qu\u1ed1c) N\u01a1i s\u1ea3n xu\u1ea5t:\u00a0H\u00e0n Qu\u1ed1c H\u1ea1n s\u1eed d\u1ee5ng:\u00a03 n\u0103m k\u1ec3 t\u1eeb ng\u00e0y s\u1ea3n xu\u1ea5t in tr\u00ean bao b\u00ec &#8211; 12 th\u00e1ng k\u1ec3 t\u1eeb ng\u00e0y m\u1edf n\u1eafp 1. Th\u00f4ng tin s\u1ea3n ph\u1ea9m Kem [...]","og_url":"https:\/\/myphamphake.azdigi.shop\/index.php\/product\/kem-chong-nang-skin1004-lanh-tinh-danh-cho-da-nhay-cam-madagascar-centella-air-fit-suncream-plus-spf50-pa-50ml\/","og_site_name":"myphamphake","article_modified_time":"2026-04-11T14:59:18+00:00","og_image":[{"width":800,"height":800,"url":"https:\/\/myphamphake.azdigi.shop\/wp-content\/uploads\/2026\/04\/skin1004_tone_brightening_capture_ampoule_100ml_4_0aec0a0da2ef49de9b317ce45d25b5f3_1024x1024.jpg","type":"image\/jpeg"}],"twitter_card":"summary_large_image","twitter_misc":{"\u01af\u1edbc t\u00ednh th\u1eddi gian \u0111\u1ecdc":"6 ph\u00fat"},"schema":{"@context":"https:\/\/schema.org","@graph":[{"@type":"WebPage","@id":"https:\/\/myphamphake.azdigi.shop\/index.php\/product\/kem-chong-nang-skin1004-lanh-tinh-danh-cho-da-nhay-cam-madagascar-centella-air-fit-suncream-plus-spf50-pa-50ml\/","url":"https:\/\/myphamphake.azdigi.shop\/index.php\/product\/kem-chong-nang-skin1004-lanh-tinh-danh-cho-da-nhay-cam-madagascar-centella-air-fit-suncream-plus-spf50-pa-50ml\/","name":"Kem Ch\u1ed1ng N\u1eafng Skin1004 L\u00e0nh T\u00ednh D\u00e0nh Cho Da Nh\u1ea1y C\u1ea3m Madagascar Centella Air-Fit Suncream Plus SPF50+ PA++++ 50ml - myphamphake","isPartOf":{"@id":"https:\/\/myphamphake.azdigi.shop\/#website"},"primaryImageOfPage":{"@id":"https:\/\/myphamphake.azdigi.shop\/index.php\/product\/kem-chong-nang-skin1004-lanh-tinh-danh-cho-da-nhay-cam-madagascar-centella-air-fit-suncream-plus-spf50-pa-50ml\/#primaryimage"},"image":{"@id":"https:\/\/myphamphake.azdigi.shop\/index.php\/product\/kem-chong-nang-skin1004-lanh-tinh-danh-cho-da-nhay-cam-madagascar-centella-air-fit-suncream-plus-spf50-pa-50ml\/#primaryimage"},"thumbnailUrl":"https:\/\/myphamphake.azdigi.shop\/wp-content\/uploads\/2026\/04\/skin1004_tone_brightening_capture_ampoule_100ml_4_0aec0a0da2ef49de9b317ce45d25b5f3_1024x1024.jpg","datePublished":"2026-04-04T13:13:49+00:00","dateModified":"2026-04-11T14:59:18+00:00","breadcrumb":{"@id":"https:\/\/myphamphake.azdigi.shop\/index.php\/product\/kem-chong-nang-skin1004-lanh-tinh-danh-cho-da-nhay-cam-madagascar-centella-air-fit-suncream-plus-spf50-pa-50ml\/#breadcrumb"},"inLanguage":"vi","potentialAction":[{"@type":"ReadAction","target":["https:\/\/myphamphake.azdigi.shop\/index.php\/product\/kem-chong-nang-skin1004-lanh-tinh-danh-cho-da-nhay-cam-madagascar-centella-air-fit-suncream-plus-spf50-pa-50ml\/"]}]},{"@type":"ImageObject","inLanguage":"vi","@id":"https:\/\/myphamphake.azdigi.shop\/index.php\/product\/kem-chong-nang-skin1004-lanh-tinh-danh-cho-da-nhay-cam-madagascar-centella-air-fit-suncream-plus-spf50-pa-50ml\/#primaryimage","url":"https:\/\/myphamphake.azdigi.shop\/wp-content\/uploads\/2026\/04\/skin1004_tone_brightening_capture_ampoule_100ml_4_0aec0a0da2ef49de9b317ce45d25b5f3_1024x1024.jpg","contentUrl":"https:\/\/myphamphake.azdigi.shop\/wp-content\/uploads\/2026\/04\/skin1004_tone_brightening_capture_ampoule_100ml_4_0aec0a0da2ef49de9b317ce45d25b5f3_1024x1024.jpg","width":800,"height":800},{"@type":"BreadcrumbList","@id":"https:\/\/myphamphake.azdigi.shop\/index.php\/product\/kem-chong-nang-skin1004-lanh-tinh-danh-cho-da-nhay-cam-madagascar-centella-air-fit-suncream-plus-spf50-pa-50ml\/#breadcrumb","itemListElement":[{"@type":"ListItem","position":1,"name":"Home","item":"https:\/\/myphamphake.azdigi.shop\/"},{"@type":"ListItem","position":2,"name":"Shop","item":"https:\/\/myphamphake.azdigi.shop\/index.php\/shop\/"},{"@type":"ListItem","position":3,"name":"Kem Ch\u1ed1ng N\u1eafng Skin1004 L\u00e0nh T\u00ednh D\u00e0nh Cho Da Nh\u1ea1y C\u1ea3m Madagascar Centella Air-Fit Suncream Plus SPF50+ PA++++ 50ml"}]},{"@type":"WebSite","@id":"https:\/\/myphamphake.azdigi.shop\/#website","url":"https:\/\/myphamphake.azdigi.shop\/","name":"myphamphake","description":"","potentialAction":[{"@type":"SearchAction","target":{"@type":"EntryPoint","urlTemplate":"https:\/\/myphamphake.azdigi.shop\/?s={search_term_string}"},"query-input":{"@type":"PropertyValueSpecification","valueRequired":true,"valueName":"search_term_string"}}],"inLanguage":"vi"}]}},"_links":{"self":[{"href":"https:\/\/myphamphake.azdigi.shop\/index.php\/wp-json\/wp\/v2\/product\/366","targetHints":{"allow":["GET"]}}],"collection":[{"href":"https:\/\/myphamphake.azdigi.shop\/index.php\/wp-json\/wp\/v2\/product"}],"about":[{"href":"https:\/\/myphamphake.azdigi.shop\/index.php\/wp-json\/wp\/v2\/types\/product"}],"replies":[{"embeddable":true,"href":"https:\/\/myphamphake.azdigi.shop\/index.php\/wp-json\/wp\/v2\/comments?post=366"}],"wp:featuredmedia":[{"embeddable":true,"href":"https:\/\/myphamphake.azdigi.shop\/index.php\/wp-json\/wp\/v2\/media\/367"}],"wp:attachment":[{"href":"https:\/\/myphamphake.azdigi.shop\/index.php\/wp-json\/wp\/v2\/media?parent=366"}],"wp:term":[{"taxonomy":"product_brand","embeddable":true,"href":"https:\/\/myphamphake.azdigi.shop\/index.php\/wp-json\/wp\/v2\/product_brand?post=366"},{"taxonomy":"product_cat","embeddable":true,"href":"https:\/\/myphamphake.azdigi.shop\/index.php\/wp-json\/wp\/v2\/product_cat?post=366"},{"taxonomy":"product_tag","embeddable":true,"href":"https:\/\/myphamphake.azdigi.shop\/index.php\/wp-json\/wp\/v2\/product_tag?post=366"}],"curies":[{"name":"wp","href":"https:\/\/api.w.org\/{rel}","templated":true}]}}