{"id":421,"date":"2026-04-05T06:08:02","date_gmt":"2026-04-05T06:08:02","guid":{"rendered":"https:\/\/myphamphake.azdigi.shop\/?post_type=product&#038;p=421"},"modified":"2026-04-05T06:08:46","modified_gmt":"2026-04-05T06:08:46","slug":"nuoc-can-bang-cocoon-sen-hau-giang-lam-diu-da-nhay-cam-hau-giang-lotus-soothing-toner","status":"publish","type":"product","link":"https:\/\/myphamphake.azdigi.shop\/index.php\/product\/nuoc-can-bang-cocoon-sen-hau-giang-lam-diu-da-nhay-cam-hau-giang-lotus-soothing-toner\/","title":{"rendered":"N\u01b0\u1edbc C\u00e2n B\u1eb1ng Cocoon Sen H\u1eadu Giang L\u00e0m D\u1ecbu Da Nh\u1ea1y C\u1ea3m Hau Giang Lotus Soothing Toner"},"content":{"rendered":"<div class=\"product-section-title\">\n<h2>Chi ti\u1ebft s\u1ea3n ph\u1ea9m<\/h2>\n<\/div>\n<div class=\"page-product-description-detail-wrap expanded\">\n<div class=\"page-product-description-detail\">\n<ul>\n<li><strong>T\u00ean s\u1ea3n ph\u1ea9m:<\/strong>\u00a0Cocoon Hau Giang Lotus Soothing Toner<\/li>\n<li><strong>C\u00f4ng d\u1ee5ng:<\/strong>\u00a0D\u01b0\u1ee1ng \u1ea9m, l\u00e0m d\u1ecbu da<\/li>\n<li><strong>Dung t\u00edch:<\/strong>\u00a0140ml, 310ml<\/li>\n<li><strong>Th\u01b0\u01a1ng hi\u1ec7u:\u00a0<\/strong>Cocoon (Vi\u1ec7t Nam)<\/li>\n<li><strong>H\u1ea1n s\u1eed d\u1ee5ng:\u00a0<\/strong>3 n\u0103m k\u1ec3 t\u1eeb ng\u00e0y s\u1ea3n xu\u1ea5t\/NSX xem tr\u00ean bao b\u00ec (12 th\u00e1ng k\u1ec3 t\u1eeb ng\u00e0y m\u1edf n\u1eafp)<\/li>\n<\/ul>\n<h2><strong>1. Th\u00f4ng tin s\u1ea3n ph\u1ea9m<\/strong><\/h2>\n<p><strong>N\u01b0\u1edbc C\u00e2n B\u1eb1ng Sen H\u1eadu Giang L\u00e0m D\u1ecbu Da Nh\u1ea1y C\u1ea3m Cocoon Hau Giang Lotus Soothing Toner<\/strong>\u00a0l\u00e0\u00a0<strong>n\u01b0\u1edbc hoa h\u1ed3ng\u00a0<\/strong>thu\u1ed9c th\u01b0\u01a1ng hi\u1ec7u\u00a0m\u1ef9 ph\u1ea9m thu\u1ea7n chay\u00a0<strong>Cocoon<\/strong><strong>\u00a0<\/strong>\u0111\u1ebfn<strong>\u00a0<\/strong>t\u1eeb Vi\u1ec7t Nam. V\u1edbi s\u1ef1 k\u1ebft h\u1ee3p t\u1eeb nh\u1eefng \u0111\u00f3a sen t\u1eeb v\u00f9ng \u0111\u1ea5t H\u1eadu Giang c\u00f9ng c\u00e1c ho\u1ea1t ch\u1ea5t g\u1ed3m\u00a0Madecassoside, vitamin B5, B12, Beta-glucan (prebiotic) &#8230; n\u01b0\u1edbc c\u00e2n b\u1eb1ng\u00a0gi\u00fap b\u1ea3o v\u1ec7 h\u00e0ng r\u00e0o \u0111\u1ed9 \u1ea9m c\u1ee7a l\u00e0n da nh\u1ea1y c\u1ea3m, h\u1ed7 tr\u1ee3 v\u00e0 c\u1ea3i thi\u1ec7n da m\u1ea9n \u0111\u1ecf, mang l\u1ea1i c\u1ea3m gi\u00e1c nh\u1eb9 nh\u00e0ng, \u1ea9m m\u01b0\u1ee3t.<\/p>\n<p><img decoding=\"async\" src=\"https:\/\/file.hstatic.net\/1000006063\/file\/1_952ba6a023c14cd7bdf6cb7cc6f27c94.jpg\" alt=\"N\u01b0\u1edbc C\u00e2n B\u1eb1ng Cocoon Sen H\u1eadu Giang L\u00e0m D\u1ecbu Da Nh\u1ea1y C\u1ea3m Hau Giang Lotus Soothing Toner\" \/><\/p>\n<h2><strong>2. \u0110\u1eb7c tr\u01b0ng c\u1ee7a Cocoon Hau Giang Lotus Soothing Toner<\/strong><\/h2>\n<p><strong>N\u01b0\u1edbc C\u00e2n B\u1eb1ng Sen H\u1eadu Giang L\u00e0m D\u1ecbu Da Nh\u1ea1y C\u1ea3m Cocoon Hau Giang Lotus Soothing Toner<\/strong>\u00a0hi\u1ec7n nay \u0111\u00e3 c\u00f3 m\u1eb7t t\u1ea1i\u00a0<strong><a href=\"https:\/\/myphamphake.azdigi.shop\/\">MyPhamPhake<\/a>\u00a0<\/strong>v\u1edbi th\u00e0nh ph\u1ea7n ch\u00ednh t\u1eeb chi\u1ebft xu\u1ea5t hoa sen, n\u01b0\u1edbc c\u00e2n b\u1eb1ng gi\u00fap l\u00e0m s\u1ea1ch da, c\u00e2n b\u1eb1ng \u0111\u1ed9 pH, c\u1ea5p \u1ea9m cho da, h\u1ed7 tr\u1ee3 c\u1ea3i thi\u1ec7n t\u00ecnh tr\u1ea1ng k\u00edch \u1ee9ng, m\u1ea9n \u0111\u1ecf tr\u00ean da, l\u00e0m d\u1ecbu da nh\u1ea1y c\u1ea3m.<\/p>\n<ul>\n<li><strong>B\u1ea3o v\u1ec7 da, c\u00e2n b\u1eb1ng \u0111\u1ed9 \u1ea9m:\u00a0<\/strong>Chi\u1ebft xu\u1ea5t hoa sen gi\u00fap b\u1ea3o v\u1ec7 da, c\u00e2n b\u1eb1ng \u0111\u1ed9 \u1ea9m cho da, h\u1ed7 tr\u1ee3 l\u00e0m m\u1ec1m v\u00e0 l\u00e0m d\u1ecbu da nh\u1ea1y c\u1ea3m.<\/li>\n<li><strong>L\u00e0m d\u1ecbu da:<\/strong>\u00a0Vitamin B12 gi\u00fap l\u00e0m d\u1ecbu da nh\u1ea1y c\u1ea3m, d\u01b0\u1ee1ng \u1ea9m, h\u1ed7 tr\u1ee3 c\u1ea3i thi\u1ec7n c\u1ea3m gi\u00e1c ng\u1ee9a, m\u1ea9n \u0111\u1ecf tr\u00ean da.<\/li>\n<li><strong>C\u1ea5p \u1ea9m cho da:<\/strong>\u00a0Chi\u1ebft xu\u1ea5t rau m\u00e1 gi\u00fap c\u1ea5p \u1ea9m cho da, h\u1ed7 tr\u1ee3 l\u00e0m l\u00e0nh v\u00e0 t\u0103ng sinh collagen cho da m\u1ec1m m\u1ea1i, m\u1ecbn m\u00e0ng.<\/li>\n<li><strong>T\u0103ng c\u01b0\u1eddng h\u00e0ng r\u00e0o b\u1ea3o v\u1ec7:<\/strong>\u00a0Beta-glucan gi\u00fap c\u00e2n b\u1eb1ng h\u1ec7 sinh v\u1eadt tr\u00ean da, t\u0103ng c\u01b0\u1eddng h\u00e0ng r\u00e0o b\u1ea3o v\u1ec7 da, h\u1ed7 tr\u1ee3 ph\u1ee5c h\u1ed3i da.<\/li>\n<li><strong>K\u1ebft c\u1ea5u:<\/strong>\u00a0D\u1ea1ng n\u01b0\u1edbc c\u00f3 m\u00e0u h\u1ed3ng nh\u1ea1t, \u0111\u00e2y l\u00e0 m\u00e0u h\u1ed3ng t\u1ef1 nhi\u00ean c\u1ee7a vitamin B12.<\/li>\n<li><strong>L\u00e0nh t\u00ednh:\u00a0<\/strong>S\u1ea3n ph\u1ea9m g\u1ea7n nh\u01b0 kh\u00f4ng m\u00f9i, ch\u1ec9 thoang tho\u1ea3ng m\u00f9i r\u1ea5t nh\u1eb9 c\u1ee7a chi\u1ebft xu\u1ea5t hoa sen.<\/li>\n<\/ul>\n<p><img decoding=\"async\" src=\"https:\/\/file.hstatic.net\/1000006063\/file\/3_0d0fe485ba7b404b9a976e947005f2d5.jpg\" alt=\"N\u01b0\u1edbc C\u00e2n B\u1eb1ng Cocoon Sen H\u1eadu Giang L\u00e0m D\u1ecbu Da Nh\u1ea1y C\u1ea3m Hau Giang Lotus Soothing Toner\" \/><\/p>\n<p><img decoding=\"async\" src=\"https:\/\/file.hstatic.net\/1000006063\/file\/2_fecba0ec1d2645c8ab7c952b9dfebd17.jpg\" alt=\"N\u01b0\u1edbc C\u00e2n B\u1eb1ng Cocoon Sen H\u1eadu Giang L\u00e0m D\u1ecbu Da Nh\u1ea1y C\u1ea3m Hau Giang Lotus Soothing Toner\" \/><\/p>\n<p><img decoding=\"async\" src=\"https:\/\/file.hstatic.net\/1000006063\/file\/4_386b92ce71bb4225b34f40eebd4299c0.jpg\" alt=\"N\u01b0\u1edbc C\u00e2n B\u1eb1ng Cocoon Sen H\u1eadu Giang L\u00e0m D\u1ecbu Da Nh\u1ea1y C\u1ea3m Hau Giang Lotus Soothing Toner\" \/><\/p>\n<p><img decoding=\"async\" src=\"https:\/\/file.hstatic.net\/1000006063\/file\/han_su_dung_d9106791efa1402483c79ca1db957323.jpg\" alt=\"N\u01b0\u1edbc C\u00e2n B\u1eb1ng Cocoon Sen H\u1eadu Giang L\u00e0m D\u1ecbu Da Nh\u1ea1y C\u1ea3m Hau Giang Lotus Soothing Toner\" \/><\/p>\n<\/div>\n<\/div>\n","protected":false},"excerpt":{"rendered":"<p>Chi ti\u1ebft s\u1ea3n ph\u1ea9m T\u00ean s\u1ea3n ph\u1ea9m:\u00a0Cocoon Hau Giang Lotus Soothing Toner C\u00f4ng d\u1ee5ng:\u00a0D\u01b0\u1ee1ng \u1ea9m, l\u00e0m d\u1ecbu da Dung t\u00edch:\u00a0140ml, 310ml Th\u01b0\u01a1ng hi\u1ec7u:\u00a0Cocoon (Vi\u1ec7t Nam) H\u1ea1n s\u1eed d\u1ee5ng:\u00a03 n\u0103m k\u1ec3 t\u1eeb ng\u00e0y s\u1ea3n xu\u1ea5t\/NSX xem tr\u00ean bao b\u00ec (12 th\u00e1ng k\u1ec3 t\u1eeb ng\u00e0y m\u1edf n\u1eafp) 1. Th\u00f4ng tin s\u1ea3n ph\u1ea9m N\u01b0\u1edbc C\u00e2n B\u1eb1ng Sen H\u1eadu [&#8230;]\n","protected":false},"featured_media":424,"comment_status":"open","ping_status":"closed","template":"","meta":[],"product_brand":[29],"product_cat":[35,42],"product_tag":[],"class_list":{"0":"post-421","1":"product","2":"type-product","3":"status-publish","4":"has-post-thumbnail","6":"product_brand-cocoon","7":"product_cat-cham-soc-da-mat","8":"product_cat-nuoc-hoa-hong","10":"first","11":"instock","12":"sale","13":"shipping-taxable","14":"purchasable","15":"product-type-variable"},"yoast_head":"<!-- This site is optimized with the Yoast SEO plugin v27.1.1 - https:\/\/yoast.com\/product\/yoast-seo-wordpress\/ -->\n<title>N\u01b0\u1edbc C\u00e2n B\u1eb1ng Cocoon Sen H\u1eadu Giang L\u00e0m D\u1ecbu Da Nh\u1ea1y C\u1ea3m Hau Giang Lotus Soothing Toner - myphamphake<\/title>\n<meta name=\"robots\" content=\"index, follow, max-snippet:-1, max-image-preview:large, max-video-preview:-1\" \/>\n<link rel=\"canonical\" href=\"https:\/\/myphamphake.azdigi.shop\/index.php\/product\/nuoc-can-bang-cocoon-sen-hau-giang-lam-diu-da-nhay-cam-hau-giang-lotus-soothing-toner\/\" \/>\n<meta property=\"og:locale\" content=\"vi_VN\" \/>\n<meta property=\"og:type\" content=\"article\" \/>\n<meta property=\"og:title\" content=\"N\u01b0\u1edbc C\u00e2n B\u1eb1ng Cocoon Sen H\u1eadu Giang L\u00e0m D\u1ecbu Da Nh\u1ea1y C\u1ea3m Hau Giang Lotus Soothing Toner - myphamphake\" \/>\n<meta property=\"og:description\" content=\"Chi ti\u1ebft s\u1ea3n ph\u1ea9m T\u00ean s\u1ea3n ph\u1ea9m:\u00a0Cocoon Hau Giang Lotus Soothing Toner C\u00f4ng d\u1ee5ng:\u00a0D\u01b0\u1ee1ng \u1ea9m, l\u00e0m d\u1ecbu da Dung t\u00edch:\u00a0140ml, 310ml Th\u01b0\u01a1ng hi\u1ec7u:\u00a0Cocoon (Vi\u1ec7t Nam) H\u1ea1n s\u1eed d\u1ee5ng:\u00a03 n\u0103m k\u1ec3 t\u1eeb ng\u00e0y s\u1ea3n xu\u1ea5t\/NSX xem tr\u00ean bao b\u00ec (12 th\u00e1ng k\u1ec3 t\u1eeb ng\u00e0y m\u1edf n\u1eafp) 1. Th\u00f4ng tin s\u1ea3n ph\u1ea9m N\u01b0\u1edbc C\u00e2n B\u1eb1ng Sen H\u1eadu [...]\" \/>\n<meta property=\"og:url\" content=\"https:\/\/myphamphake.azdigi.shop\/index.php\/product\/nuoc-can-bang-cocoon-sen-hau-giang-lam-diu-da-nhay-cam-hau-giang-lotus-soothing-toner\/\" \/>\n<meta property=\"og:site_name\" content=\"myphamphake\" \/>\n<meta property=\"article:modified_time\" content=\"2026-04-05T06:08:46+00:00\" \/>\n<meta property=\"og:image\" content=\"https:\/\/myphamphake.azdigi.shop\/wp-content\/uploads\/2026\/04\/cocoon_e_054f55a2e8044a53ad63a1a84f31eadf_1024x1024.jpg\" \/>\n\t<meta property=\"og:image:width\" content=\"800\" \/>\n\t<meta property=\"og:image:height\" content=\"800\" \/>\n\t<meta property=\"og:image:type\" content=\"image\/jpeg\" \/>\n<meta name=\"twitter:card\" content=\"summary_large_image\" \/>\n<meta name=\"twitter:label1\" content=\"\u01af\u1edbc t\u00ednh th\u1eddi gian \u0111\u1ecdc\" \/>\n\t<meta name=\"twitter:data1\" content=\"4 ph\u00fat\" \/>\n<script type=\"application\/ld+json\" class=\"yoast-schema-graph\">{\"@context\":\"https:\/\/schema.org\",\"@graph\":[{\"@type\":\"WebPage\",\"@id\":\"https:\/\/myphamphake.azdigi.shop\/index.php\/product\/nuoc-can-bang-cocoon-sen-hau-giang-lam-diu-da-nhay-cam-hau-giang-lotus-soothing-toner\/\",\"url\":\"https:\/\/myphamphake.azdigi.shop\/index.php\/product\/nuoc-can-bang-cocoon-sen-hau-giang-lam-diu-da-nhay-cam-hau-giang-lotus-soothing-toner\/\",\"name\":\"N\u01b0\u1edbc C\u00e2n B\u1eb1ng Cocoon Sen H\u1eadu Giang L\u00e0m D\u1ecbu Da Nh\u1ea1y C\u1ea3m Hau Giang Lotus Soothing Toner - myphamphake\",\"isPartOf\":{\"@id\":\"https:\/\/myphamphake.azdigi.shop\/#website\"},\"primaryImageOfPage\":{\"@id\":\"https:\/\/myphamphake.azdigi.shop\/index.php\/product\/nuoc-can-bang-cocoon-sen-hau-giang-lam-diu-da-nhay-cam-hau-giang-lotus-soothing-toner\/#primaryimage\"},\"image\":{\"@id\":\"https:\/\/myphamphake.azdigi.shop\/index.php\/product\/nuoc-can-bang-cocoon-sen-hau-giang-lam-diu-da-nhay-cam-hau-giang-lotus-soothing-toner\/#primaryimage\"},\"thumbnailUrl\":\"https:\/\/myphamphake.azdigi.shop\/wp-content\/uploads\/2026\/04\/cocoon_e_054f55a2e8044a53ad63a1a84f31eadf_1024x1024.jpg\",\"datePublished\":\"2026-04-05T06:08:02+00:00\",\"dateModified\":\"2026-04-05T06:08:46+00:00\",\"breadcrumb\":{\"@id\":\"https:\/\/myphamphake.azdigi.shop\/index.php\/product\/nuoc-can-bang-cocoon-sen-hau-giang-lam-diu-da-nhay-cam-hau-giang-lotus-soothing-toner\/#breadcrumb\"},\"inLanguage\":\"vi\",\"potentialAction\":[{\"@type\":\"ReadAction\",\"target\":[\"https:\/\/myphamphake.azdigi.shop\/index.php\/product\/nuoc-can-bang-cocoon-sen-hau-giang-lam-diu-da-nhay-cam-hau-giang-lotus-soothing-toner\/\"]}]},{\"@type\":\"ImageObject\",\"inLanguage\":\"vi\",\"@id\":\"https:\/\/myphamphake.azdigi.shop\/index.php\/product\/nuoc-can-bang-cocoon-sen-hau-giang-lam-diu-da-nhay-cam-hau-giang-lotus-soothing-toner\/#primaryimage\",\"url\":\"https:\/\/myphamphake.azdigi.shop\/wp-content\/uploads\/2026\/04\/cocoon_e_054f55a2e8044a53ad63a1a84f31eadf_1024x1024.jpg\",\"contentUrl\":\"https:\/\/myphamphake.azdigi.shop\/wp-content\/uploads\/2026\/04\/cocoon_e_054f55a2e8044a53ad63a1a84f31eadf_1024x1024.jpg\",\"width\":800,\"height\":800},{\"@type\":\"BreadcrumbList\",\"@id\":\"https:\/\/myphamphake.azdigi.shop\/index.php\/product\/nuoc-can-bang-cocoon-sen-hau-giang-lam-diu-da-nhay-cam-hau-giang-lotus-soothing-toner\/#breadcrumb\",\"itemListElement\":[{\"@type\":\"ListItem\",\"position\":1,\"name\":\"Home\",\"item\":\"https:\/\/myphamphake.azdigi.shop\/\"},{\"@type\":\"ListItem\",\"position\":2,\"name\":\"Shop\",\"item\":\"https:\/\/myphamphake.azdigi.shop\/index.php\/shop\/\"},{\"@type\":\"ListItem\",\"position\":3,\"name\":\"N\u01b0\u1edbc C\u00e2n B\u1eb1ng Cocoon Sen H\u1eadu Giang L\u00e0m D\u1ecbu Da Nh\u1ea1y C\u1ea3m Hau Giang Lotus Soothing Toner\"}]},{\"@type\":\"WebSite\",\"@id\":\"https:\/\/myphamphake.azdigi.shop\/#website\",\"url\":\"https:\/\/myphamphake.azdigi.shop\/\",\"name\":\"myphamphake\",\"description\":\"\",\"potentialAction\":[{\"@type\":\"SearchAction\",\"target\":{\"@type\":\"EntryPoint\",\"urlTemplate\":\"https:\/\/myphamphake.azdigi.shop\/?s={search_term_string}\"},\"query-input\":{\"@type\":\"PropertyValueSpecification\",\"valueRequired\":true,\"valueName\":\"search_term_string\"}}],\"inLanguage\":\"vi\"}]}<\/script>\n<!-- \/ Yoast SEO plugin. -->","yoast_head_json":{"title":"N\u01b0\u1edbc C\u00e2n B\u1eb1ng Cocoon Sen H\u1eadu Giang L\u00e0m D\u1ecbu Da Nh\u1ea1y C\u1ea3m Hau Giang Lotus Soothing Toner - myphamphake","robots":{"index":"index","follow":"follow","max-snippet":"max-snippet:-1","max-image-preview":"max-image-preview:large","max-video-preview":"max-video-preview:-1"},"canonical":"https:\/\/myphamphake.azdigi.shop\/index.php\/product\/nuoc-can-bang-cocoon-sen-hau-giang-lam-diu-da-nhay-cam-hau-giang-lotus-soothing-toner\/","og_locale":"vi_VN","og_type":"article","og_title":"N\u01b0\u1edbc C\u00e2n B\u1eb1ng Cocoon Sen H\u1eadu Giang L\u00e0m D\u1ecbu Da Nh\u1ea1y C\u1ea3m Hau Giang Lotus Soothing Toner - myphamphake","og_description":"Chi ti\u1ebft s\u1ea3n ph\u1ea9m T\u00ean s\u1ea3n ph\u1ea9m:\u00a0Cocoon Hau Giang Lotus Soothing Toner C\u00f4ng d\u1ee5ng:\u00a0D\u01b0\u1ee1ng \u1ea9m, l\u00e0m d\u1ecbu da Dung t\u00edch:\u00a0140ml, 310ml Th\u01b0\u01a1ng hi\u1ec7u:\u00a0Cocoon (Vi\u1ec7t Nam) H\u1ea1n s\u1eed d\u1ee5ng:\u00a03 n\u0103m k\u1ec3 t\u1eeb ng\u00e0y s\u1ea3n xu\u1ea5t\/NSX xem tr\u00ean bao b\u00ec (12 th\u00e1ng k\u1ec3 t\u1eeb ng\u00e0y m\u1edf n\u1eafp) 1. Th\u00f4ng tin s\u1ea3n ph\u1ea9m N\u01b0\u1edbc C\u00e2n B\u1eb1ng Sen H\u1eadu [...]","og_url":"https:\/\/myphamphake.azdigi.shop\/index.php\/product\/nuoc-can-bang-cocoon-sen-hau-giang-lam-diu-da-nhay-cam-hau-giang-lotus-soothing-toner\/","og_site_name":"myphamphake","article_modified_time":"2026-04-05T06:08:46+00:00","og_image":[{"width":800,"height":800,"url":"https:\/\/myphamphake.azdigi.shop\/wp-content\/uploads\/2026\/04\/cocoon_e_054f55a2e8044a53ad63a1a84f31eadf_1024x1024.jpg","type":"image\/jpeg"}],"twitter_card":"summary_large_image","twitter_misc":{"\u01af\u1edbc t\u00ednh th\u1eddi gian \u0111\u1ecdc":"4 ph\u00fat"},"schema":{"@context":"https:\/\/schema.org","@graph":[{"@type":"WebPage","@id":"https:\/\/myphamphake.azdigi.shop\/index.php\/product\/nuoc-can-bang-cocoon-sen-hau-giang-lam-diu-da-nhay-cam-hau-giang-lotus-soothing-toner\/","url":"https:\/\/myphamphake.azdigi.shop\/index.php\/product\/nuoc-can-bang-cocoon-sen-hau-giang-lam-diu-da-nhay-cam-hau-giang-lotus-soothing-toner\/","name":"N\u01b0\u1edbc C\u00e2n B\u1eb1ng Cocoon Sen H\u1eadu Giang L\u00e0m D\u1ecbu Da Nh\u1ea1y C\u1ea3m Hau Giang Lotus Soothing Toner - myphamphake","isPartOf":{"@id":"https:\/\/myphamphake.azdigi.shop\/#website"},"primaryImageOfPage":{"@id":"https:\/\/myphamphake.azdigi.shop\/index.php\/product\/nuoc-can-bang-cocoon-sen-hau-giang-lam-diu-da-nhay-cam-hau-giang-lotus-soothing-toner\/#primaryimage"},"image":{"@id":"https:\/\/myphamphake.azdigi.shop\/index.php\/product\/nuoc-can-bang-cocoon-sen-hau-giang-lam-diu-da-nhay-cam-hau-giang-lotus-soothing-toner\/#primaryimage"},"thumbnailUrl":"https:\/\/myphamphake.azdigi.shop\/wp-content\/uploads\/2026\/04\/cocoon_e_054f55a2e8044a53ad63a1a84f31eadf_1024x1024.jpg","datePublished":"2026-04-05T06:08:02+00:00","dateModified":"2026-04-05T06:08:46+00:00","breadcrumb":{"@id":"https:\/\/myphamphake.azdigi.shop\/index.php\/product\/nuoc-can-bang-cocoon-sen-hau-giang-lam-diu-da-nhay-cam-hau-giang-lotus-soothing-toner\/#breadcrumb"},"inLanguage":"vi","potentialAction":[{"@type":"ReadAction","target":["https:\/\/myphamphake.azdigi.shop\/index.php\/product\/nuoc-can-bang-cocoon-sen-hau-giang-lam-diu-da-nhay-cam-hau-giang-lotus-soothing-toner\/"]}]},{"@type":"ImageObject","inLanguage":"vi","@id":"https:\/\/myphamphake.azdigi.shop\/index.php\/product\/nuoc-can-bang-cocoon-sen-hau-giang-lam-diu-da-nhay-cam-hau-giang-lotus-soothing-toner\/#primaryimage","url":"https:\/\/myphamphake.azdigi.shop\/wp-content\/uploads\/2026\/04\/cocoon_e_054f55a2e8044a53ad63a1a84f31eadf_1024x1024.jpg","contentUrl":"https:\/\/myphamphake.azdigi.shop\/wp-content\/uploads\/2026\/04\/cocoon_e_054f55a2e8044a53ad63a1a84f31eadf_1024x1024.jpg","width":800,"height":800},{"@type":"BreadcrumbList","@id":"https:\/\/myphamphake.azdigi.shop\/index.php\/product\/nuoc-can-bang-cocoon-sen-hau-giang-lam-diu-da-nhay-cam-hau-giang-lotus-soothing-toner\/#breadcrumb","itemListElement":[{"@type":"ListItem","position":1,"name":"Home","item":"https:\/\/myphamphake.azdigi.shop\/"},{"@type":"ListItem","position":2,"name":"Shop","item":"https:\/\/myphamphake.azdigi.shop\/index.php\/shop\/"},{"@type":"ListItem","position":3,"name":"N\u01b0\u1edbc C\u00e2n B\u1eb1ng Cocoon Sen H\u1eadu Giang L\u00e0m D\u1ecbu Da Nh\u1ea1y C\u1ea3m Hau Giang Lotus Soothing Toner"}]},{"@type":"WebSite","@id":"https:\/\/myphamphake.azdigi.shop\/#website","url":"https:\/\/myphamphake.azdigi.shop\/","name":"myphamphake","description":"","potentialAction":[{"@type":"SearchAction","target":{"@type":"EntryPoint","urlTemplate":"https:\/\/myphamphake.azdigi.shop\/?s={search_term_string}"},"query-input":{"@type":"PropertyValueSpecification","valueRequired":true,"valueName":"search_term_string"}}],"inLanguage":"vi"}]}},"_links":{"self":[{"href":"https:\/\/myphamphake.azdigi.shop\/index.php\/wp-json\/wp\/v2\/product\/421","targetHints":{"allow":["GET"]}}],"collection":[{"href":"https:\/\/myphamphake.azdigi.shop\/index.php\/wp-json\/wp\/v2\/product"}],"about":[{"href":"https:\/\/myphamphake.azdigi.shop\/index.php\/wp-json\/wp\/v2\/types\/product"}],"replies":[{"embeddable":true,"href":"https:\/\/myphamphake.azdigi.shop\/index.php\/wp-json\/wp\/v2\/comments?post=421"}],"wp:featuredmedia":[{"embeddable":true,"href":"https:\/\/myphamphake.azdigi.shop\/index.php\/wp-json\/wp\/v2\/media\/424"}],"wp:attachment":[{"href":"https:\/\/myphamphake.azdigi.shop\/index.php\/wp-json\/wp\/v2\/media?parent=421"}],"wp:term":[{"taxonomy":"product_brand","embeddable":true,"href":"https:\/\/myphamphake.azdigi.shop\/index.php\/wp-json\/wp\/v2\/product_brand?post=421"},{"taxonomy":"product_cat","embeddable":true,"href":"https:\/\/myphamphake.azdigi.shop\/index.php\/wp-json\/wp\/v2\/product_cat?post=421"},{"taxonomy":"product_tag","embeddable":true,"href":"https:\/\/myphamphake.azdigi.shop\/index.php\/wp-json\/wp\/v2\/product_tag?post=421"}],"curies":[{"name":"wp","href":"https:\/\/api.w.org\/{rel}","templated":true}]}}