{"id":428,"date":"2026-04-05T06:27:49","date_gmt":"2026-04-05T06:27:49","guid":{"rendered":"https:\/\/myphamphake.azdigi.shop\/?post_type=product&#038;p=428"},"modified":"2026-04-05T06:28:27","modified_gmt":"2026-04-05T06:28:27","slug":"nuoc-hoa-hong-caryophy-cham-soc-da-dau-mun-portulaca-toner-300ml","status":"publish","type":"product","link":"https:\/\/myphamphake.azdigi.shop\/index.php\/product\/nuoc-hoa-hong-caryophy-cham-soc-da-dau-mun-portulaca-toner-300ml\/","title":{"rendered":"N\u01b0\u1edbc Hoa H\u1ed3ng Caryophy Ch\u0103m S\u00f3c Da D\u1ea7u M\u1ee5n Portulaca Toner 300ml"},"content":{"rendered":"<div class=\"product-section-title\">\n<h2>Chi ti\u1ebft<\/h2>\n<\/div>\n<div class=\"page-product-description-detail-wrap expanded\">\n<div class=\"page-product-description-detail\">\n<p><strong>N\u01b0\u1edbc Hoa H\u1ed3ng Ch\u0103m S\u00f3c Da D\u1ea7u M\u1ee5n Caryophy Portulaca Toner<\/strong>\u00a0l\u00e0\u00a0<a href=\"https:\/\/myphamphake.azdigi.shop\/index.php\/product-category\/cham-soc-da-mat\/duong-da\/nuoc-hoa-hong\/\"><strong>n\u01b0\u1edbc hoa h\u1ed3ng<\/strong><\/a>\u00a0gi\u00fap h\u1ea1n ch\u1ebf nh\u1eefng t\u1ea1p\u00a0ch\u1ea5t v\u00e0 d\u1ea7u nh\u1eddn c\u00f2n s\u00f3t l\u1ea1i sau r\u1eeda m\u1eb7t, th\u00f4ng tho\u00e1ng l\u1ed7 ch\u00e2n l\u00f4ng,\u00a0c\u00e2n b\u1eb1ng l\u1ea1i pH v\u00e0 gi\u00fap l\u00e0n da duy tr\u00ec tr\u1ea1ng th\u00e1i \u1ea9m m\u1ecbn thu\u1ed9c th\u01b0\u01a1ng hi\u1ec7u\u00a0<strong>Caryophy<\/strong>\u00a0\u0111\u1ebfn t\u1eeb H\u00e0n Qu\u1ed1c.<\/p>\n<p><img decoding=\"async\" src=\"https:\/\/cdn.hstatic.net\/files\/1000006063\/file\/portulaca_toner_05.jpg\" alt=\"N\u01b0\u1edbc Hoa H\u1ed3ng Caryophy Ch\u0103m S\u00f3c Da D\u1ea7u M\u1ee5n Portulaca Toner 300ml\" \/><\/p>\n<p><strong>\u2022 \u0110\u1eb7c tr\u01b0ng:\u00a0<\/strong><\/p>\n<p>&#8211;<strong>\u00a0N\u01b0\u1edbc Hoa H\u1ed3ng Ch\u0103m S\u00f3c Da D\u1ea7u M\u1ee5n Caryophy Portulaca Toner<\/strong>\u00a0hi\u1ec7n nay \u0111\u00e3 c\u00f3 m\u1eb7t t\u1ea1i <a href=\"https:\/\/myphamphake.azdigi.shop\/\"><b>MyPhamPhake.<\/b><\/a>\u00a0V\u1edbi th\u00e0nh ph\u1ea7n ch\u00ednh l\u00e0\u00a0<strong>chi\u1ebft xu\u1ea5t rau Sam<\/strong>\u00a0ch\u1ee9a gi\u00e0u c\u00e1c ch\u1ea5t dinh d\u01b0\u1ee1ng gi\u00fap l\u00e0m d\u1ecbu, l\u00e0m m\u00e1t da, gi\u00fap h\u1ed7 tr\u1ee3 c\u1ee7ng c\u1ed1 h\u00e0ng r\u00e0o b\u1ea3o v\u1ec7 da.<\/p>\n<p>&#8211;\u00a0<strong>Chi\u1ebft xu\u1ea5t rau m\u00e1<\/strong>\u00a0gi\u00fap<strong>\u00a0<\/strong>hydrat h\u00f3a l\u1edbp s\u1eebng. C\u00f9ng v\u1edbi ho\u1ea1t ch\u1ea5t\u00a0<strong>Madecassoside<\/strong>\u00a0gi\u00fap h\u1ed7 tr\u1ee3 l\u00e0m l\u00e0nh da, th\u00fac \u0111\u1ea9y\u00a0s\u1ea3n xu\u1ea5t collagen gi\u00fap da \u0111\u00e0n h\u1ed3i, c\u0103ng m\u1ecbn.<\/p>\n<p>&#8211; \u0110\u1eb7c bi\u1ec7t c\u00f2n b\u1ed5 sung\u00a0<strong>chi\u1ebft xu\u1ea5t nh\u00e2n s\u00e2m<\/strong>\u00a0gi\u00fap b\u1ed5 sung \u0111\u1ed9 \u1ea9m, c\u1ea3i thi\u1ec7n l\u00e0n da kh\u00f4ng \u0111\u1ec1u m\u00e0u v\u00e0 c\u00e1c n\u1ebfp nh\u0103n gi\u00fap da \u0111\u00e0n h\u1ed3i.\u00a0<strong>C<\/strong><strong>hi\u1ebft xu\u1ea5t l\u00e1 Ch\u00f9m Ng\u00e2y<\/strong>\u00a0v\u1edbi\u00a0h\u01a1n 30 ho\u1ea1t ch\u1ea5t ch\u1ed1ng oxy h\u00f3a kh\u00e1c nhau gi\u00fap tr\u1ebb h\u00f3a l\u00e0n da, l\u00e0m s\u1ea1ch s\u00e2u v\u00e0 thanh l\u1ecdc l\u00e0n da.<\/p>\n<p>&#8211;\u00a0<strong>Beta-glucan\u00a0<\/strong>gi\u00fap l\u00e0m d\u1ecbu, h\u1ea1n ch\u1ebf k\u00edch \u1ee9ng. \u0110\u1eb7c bi\u1ec7t, c\u00f3 kh\u1ea3 n\u0103ng ng\u1eadm n\u01b0\u1edbc nhi\u1ec1u h\u01a1n<strong>\u00a020%<\/strong>\u00a0so v\u1edbi HA gi\u00fap kh\u00f3a \u1ea9m v\u00e0 \u00a0m\u1ea5t \u0111\u1ed9 \u1ea9m tr\u00ean da.<\/p>\n<p>&#8211; S\u1ea3n ph\u1ea9m l\u00e0m s\u1ea1ch s\u00e2u trong da, h\u1ea1n ch\u1ebf t\u00ecnh tr\u1ea1ng n\u1ed5i m\u1ee5n. \u0110\u1ed3ng th\u1eddi,\u00a0h\u1ed7 tr\u1ee3 thu nh\u1ecf\u00a0l\u1ed7 ch\u00e2n l\u00f4ng.<\/p>\n<p>&#8211; C\u00f3 th\u1ec3 s\u1eed d\u1ee5ng s\u1ea3n ph\u1ea9m m\u1ed9t c\u00e1ch \u0111a n\u0103ng nh\u01b0 thay th\u1ebf x\u1ecbt kho\u00e1ng, l\u00e0m lotion mask v\u00e0 pha v\u1edbi n\u01b0\u1edbc l\u00e0m n\u01b0\u1edbc r\u1eeda m\u1eb7t<\/p>\n<p><strong>\u2022 \u0110\u1ed1i t\u01b0\u1ee3ng khuy\u00ean d\u00f9ng:<\/strong><\/p>\n<p>&#8211; D\u00e0nh cho l\u00e0n da m\u1ee5n<\/p>\n<p>&#8211; D\u00e0nh cho l\u00e0n da c\u00f3 t\u00ecnh tr\u1ea1ng tuy\u1ebfn nh\u1eddn ho\u1ea1t \u0111\u1ed9ng qu\u00e1 \u0111\u1ed9, da c\u1ea7n\u00a0l\u00e0m d\u1ecbu v\u00e0\u00a0ph\u1ee5c h\u1ed3i sau t\u1ed5n th\u01b0\u01a1ng do m\u1ee5n<\/p>\n<p><strong>\u2022 H\u01b0\u1edbng d\u1eabn s\u1eed d\u1ee5ng:\u00a0<\/strong>Sau khi l\u00e0m s\u1ea1ch da l\u1ea5y m\u1ed9t l\u01b0\u1ee3ng v\u1eeba \u0111\u1ee7 v\u00e0o b\u00f4ng t\u1ea9y trang, lau nh\u1eb9 to\u00e0n b\u1ed9 b\u1ec1 m\u1eb7t da theo chi\u1ec1u k\u1ebft c\u1ea5u da v\u00e0 v\u1ed7 nh\u1eb9 \u0111\u1ec3 d\u01b0\u1ee1ng ch\u1ea5t \u0111\u01b0\u1ee3c h\u1ea5p th\u1ee5 t\u1ed1i \u0111a.<\/p>\n<p><img decoding=\"async\" src=\"https:\/\/cdn.hstatic.net\/files\/1000006063\/file\/03_thongbao_baobi-vuong.jpg\" alt=\"N\u01b0\u1edbc Hoa H\u1ed3ng Caryophy Ch\u0103m S\u00f3c Da D\u1ea7u M\u1ee5n Portulaca Toner 300ml\" \/><\/p>\n<p><img decoding=\"async\" src=\"https:\/\/cdn.hstatic.net\/files\/1000006063\/file\/03_thongbao_baobi-vuong-2.jpg\" alt=\"N\u01b0\u1edbc Hoa H\u1ed3ng Caryophy Ch\u0103m S\u00f3c Da D\u1ea7u M\u1ee5n Portulaca Toner 300ml\" \/><\/p>\n<p><img decoding=\"async\" src=\"https:\/\/cdn.hstatic.net\/files\/1000006063\/file\/03_thongbao_baobi-vuong-3.jpg\" alt=\"N\u01b0\u1edbc Hoa H\u1ed3ng Caryophy Ch\u0103m S\u00f3c Da D\u1ea7u M\u1ee5n Portulaca Toner 300ml\" \/><\/p>\n<p><img decoding=\"async\" src=\"https:\/\/cdn.hstatic.net\/files\/1000006063\/file\/portulaca_toner_02.jpg\" alt=\"N\u01b0\u1edbc Hoa H\u1ed3ng Caryophy Ch\u0103m S\u00f3c Da D\u1ea7u M\u1ee5n Portulaca Toner 300ml\" \/><\/p>\n<p><img decoding=\"async\" src=\"https:\/\/cdn.hstatic.net\/files\/1000006063\/file\/portulaca_toner_03.jpg\" alt=\"N\u01b0\u1edbc Hoa H\u1ed3ng Caryophy Ch\u0103m S\u00f3c Da D\u1ea7u M\u1ee5n Portulaca Toner 300ml\" \/><\/p>\n<p><img decoding=\"async\" src=\"https:\/\/cdn.hstatic.net\/files\/1000006063\/file\/portulaca_toner_04.jpg\" alt=\"N\u01b0\u1edbc Hoa H\u1ed3ng Caryophy Ch\u0103m S\u00f3c Da D\u1ea7u M\u1ee5n Portulaca Toner 300ml\" \/><\/p>\n<p><img decoding=\"async\" src=\"https:\/\/file.hstatic.net\/1000006063\/file\/caryophy_portulaca_toner_4_607abfb5dd7e4ccd85b19b42af022d4f.jpg\" alt=\"N\u01b0\u1edbc Hoa H\u1ed3ng Caryophy Ch\u0103m S\u00f3c Da D\u1ea7u M\u1ee5n Portulaca Toner 300ml\" \/><\/p>\n<p>&nbsp;<\/p>\n<p><img decoding=\"async\" src=\"https:\/\/file.hstatic.net\/1000006063\/file\/caryophy_portulaca_toner_6_a9c3966056524a50a604fa1a7910fac2.jpg\" alt=\"N\u01b0\u1edbc Hoa H\u1ed3ng Caryophy Ch\u0103m S\u00f3c Da D\u1ea7u M\u1ee5n Portulaca Toner 300ml\" \/><\/p>\n<p><strong>Review th\u1ef1c t\u1ebf:<\/strong><\/p>\n<p><img decoding=\"async\" src=\"https:\/\/file.hstatic.net\/1000006063\/file\/img_8951-006_902a6976bae74bcb853935c7bb1b5b5f_master.jpg\" alt=\"N\u01b0\u1edbc Hoa H\u1ed3ng Caryophy Ch\u0103m S\u00f3c Da D\u1ea7u M\u1ee5n Portulaca Toner 300ml\" \/><\/p>\n<p><img decoding=\"async\" src=\"https:\/\/file.hstatic.net\/1000006063\/file\/img_8953-007_671e7ffad4b440b9861a80ab1f79a4b7_master.jpg\" alt=\"N\u01b0\u1edbc Hoa H\u1ed3ng Caryophy Ch\u0103m S\u00f3c Da D\u1ea7u M\u1ee5n Portulaca Toner 300ml\" \/><\/p>\n<p><img decoding=\"async\" src=\"https:\/\/file.hstatic.net\/1000006063\/file\/img_9154_____-002_63326931d4d64a36a77a8477090e95f6_master.jpg\" alt=\"N\u01b0\u1edbc Hoa H\u1ed3ng Caryophy Ch\u0103m S\u00f3c Da D\u1ea7u M\u1ee5n Portulaca Toner 300ml\" \/><\/p>\n<p><img decoding=\"async\" src=\"https:\/\/file.hstatic.net\/1000006063\/file\/img_9257_______-003_59e7f050afad4b6c9752ece1198233b1_master.jpg\" alt=\"N\u01b0\u1edbc Hoa H\u1ed3ng Caryophy Ch\u0103m S\u00f3c Da D\u1ea7u M\u1ee5n Portulaca Toner 300ml\" \/><\/p>\n<p><img decoding=\"async\" src=\"https:\/\/cdn.hstatic.net\/files\/1000006063\/file\/c_p_nh_t_quy_c_ch_c_c_s_n_ph_m_54a2c5eea7ff4983811aa37cae25eb0c.jpg\" alt=\"N\u01b0\u1edbc Hoa H\u1ed3ng Caryophy Ch\u0103m S\u00f3c Da D\u1ea7u M\u1ee5n Portulaca Toner 300ml\" \/><\/p>\n<p>&nbsp;<\/p>\n<p><strong>\u2022 Th\u01b0\u01a1ng hi\u1ec7u:\u00a0CARYOPHY<\/strong><\/p>\n<p><strong>CARYOPHY<\/strong> l\u00e0 th\u01b0\u01a1ng hi\u1ec7u m\u1ef9 ph\u1ea9m ch\u0103m s\u00f3c da \u0111\u1ebfn t\u1eeb H\u00e0n Qu\u1ed1c, \u0111\u01b0\u1ee3c nghi\u00ean c\u1ee9u v\u00e0 s\u1ea3n xu\u1ea5t d\u1ef1a tr\u00ean c\u00e1c y\u1ebfu t\u1ed1 c\u1ee7a l\u00e0n\u00a0da ph\u1ee5 n\u1eef ch\u00e2u \u00c1.<\/p>\n<p><strong>\u2022 Xu\u1ea5t x\u1ee9 th\u01b0\u01a1ng hi\u1ec7u:\u00a0<\/strong>H\u00e0n Qu\u1ed1c<\/p>\n<p><strong>\u2022 S\u1ea3n xu\u1ea5t t\u1ea1i:<\/strong>\u00a0H\u00e0n Qu\u1ed1c<\/p>\n<p><strong>\u2022 Dung t\u00edch:\u00a0<\/strong>300ml<\/p>\n<p><strong>\u2022 H\u1ea1n s\u1eed d\u1ee5ng:\u00a0<\/strong>3 n\u0103m\u00a0k\u1ec3 t\u1eeb ng\u00e0y s\u1ea3n xu\u1ea5t\/NSX xem tr\u00ean bao b\u00ec (12 th\u00e1ng k\u1ec3 t\u1eeb ng\u00e0y m\u1edf n\u1eafp)<\/p>\n<p>***T\u00e1c d\u1ee5ng c\u1ee7a s\u1ea3n ph\u1ea9m s\u1ebd kh\u00e1c nhau t\u00f9y v\u00e0o c\u01a1 \u0111\u1ecba c\u1ee7a m\u1ed7i ng\u01b0\u1eddi. V\u1edbi l\u00e0n da nh\u1ea1y c\u1ea3m b\u1ea1n n\u00ean th\u1eed s\u1ea3n ph\u1ea9m \u1edf m\u1ed9t v\u00f9ng nh\u1ecf tr\u01b0\u1edbc khi s\u1eed d\u1ee5ng cho to\u00e0n khu\u00f4n m\u1eb7t.<\/p>\n<p>***Bao b\u00ec thay \u0111\u1ed5i t\u00f9y theo t\u1eebng \u0111\u1ee3t nh\u1eadp h\u00e0ng<\/p>\n<p><img decoding=\"async\" src=\"https:\/\/file.hstatic.net\/1000006063\/file\/han_su_dung_c6d71a41f427493785ec6d9c6d9bf4f1.jpg\" alt=\"N\u01b0\u1edbc Hoa H\u1ed3ng Caryophy Ch\u0103m S\u00f3c Da D\u1ea7u M\u1ee5n Portulaca Toner 300ml\" \/><\/p>\n<\/div>\n<\/div>\n","protected":false},"excerpt":{"rendered":"<p>Chi ti\u1ebft N\u01b0\u1edbc Hoa H\u1ed3ng Ch\u0103m S\u00f3c Da D\u1ea7u M\u1ee5n Caryophy Portulaca Toner\u00a0l\u00e0\u00a0n\u01b0\u1edbc hoa h\u1ed3ng\u00a0gi\u00fap h\u1ea1n ch\u1ebf nh\u1eefng t\u1ea1p\u00a0ch\u1ea5t v\u00e0 d\u1ea7u nh\u1eddn c\u00f2n s\u00f3t l\u1ea1i sau r\u1eeda m\u1eb7t, th\u00f4ng tho\u00e1ng l\u1ed7 ch\u00e2n l\u00f4ng,\u00a0c\u00e2n b\u1eb1ng l\u1ea1i pH v\u00e0 gi\u00fap l\u00e0n da duy tr\u00ec tr\u1ea1ng th\u00e1i \u1ea9m m\u1ecbn thu\u1ed9c th\u01b0\u01a1ng hi\u1ec7u\u00a0Caryophy\u00a0\u0111\u1ebfn t\u1eeb H\u00e0n Qu\u1ed1c. \u2022 \u0110\u1eb7c tr\u01b0ng:\u00a0 [&#8230;]\n","protected":false},"featured_media":430,"comment_status":"open","ping_status":"closed","template":"","meta":[],"product_brand":[38],"product_cat":[35,40,42],"product_tag":[],"class_list":{"0":"post-428","1":"product","2":"type-product","3":"status-publish","4":"has-post-thumbnail","6":"product_brand-caryophy","7":"product_cat-cham-soc-da-mat","8":"product_cat-duong-da","9":"product_cat-nuoc-hoa-hong","11":"first","12":"instock","13":"sale","14":"shipping-taxable","15":"purchasable","16":"product-type-variable"},"yoast_head":"<!-- This site is optimized with the Yoast SEO plugin v27.1.1 - https:\/\/yoast.com\/product\/yoast-seo-wordpress\/ -->\n<title>N\u01b0\u1edbc Hoa H\u1ed3ng Caryophy Ch\u0103m S\u00f3c Da D\u1ea7u M\u1ee5n Portulaca Toner 300ml - myphamphake<\/title>\n<meta name=\"robots\" content=\"index, follow, max-snippet:-1, max-image-preview:large, max-video-preview:-1\" \/>\n<link rel=\"canonical\" href=\"https:\/\/myphamphake.azdigi.shop\/index.php\/product\/nuoc-hoa-hong-caryophy-cham-soc-da-dau-mun-portulaca-toner-300ml\/\" \/>\n<meta property=\"og:locale\" content=\"vi_VN\" \/>\n<meta property=\"og:type\" content=\"article\" \/>\n<meta property=\"og:title\" content=\"N\u01b0\u1edbc Hoa H\u1ed3ng Caryophy Ch\u0103m S\u00f3c Da D\u1ea7u M\u1ee5n Portulaca Toner 300ml - myphamphake\" \/>\n<meta property=\"og:description\" content=\"Chi ti\u1ebft N\u01b0\u1edbc Hoa H\u1ed3ng Ch\u0103m S\u00f3c Da D\u1ea7u M\u1ee5n Caryophy Portulaca Toner\u00a0l\u00e0\u00a0n\u01b0\u1edbc hoa h\u1ed3ng\u00a0gi\u00fap h\u1ea1n ch\u1ebf nh\u1eefng t\u1ea1p\u00a0ch\u1ea5t v\u00e0 d\u1ea7u nh\u1eddn c\u00f2n s\u00f3t l\u1ea1i sau r\u1eeda m\u1eb7t, th\u00f4ng tho\u00e1ng l\u1ed7 ch\u00e2n l\u00f4ng,\u00a0c\u00e2n b\u1eb1ng l\u1ea1i pH v\u00e0 gi\u00fap l\u00e0n da duy tr\u00ec tr\u1ea1ng th\u00e1i \u1ea9m m\u1ecbn thu\u1ed9c th\u01b0\u01a1ng hi\u1ec7u\u00a0Caryophy\u00a0\u0111\u1ebfn t\u1eeb H\u00e0n Qu\u1ed1c. \u2022 \u0110\u1eb7c tr\u01b0ng:\u00a0 [...]\" \/>\n<meta property=\"og:url\" content=\"https:\/\/myphamphake.azdigi.shop\/index.php\/product\/nuoc-hoa-hong-caryophy-cham-soc-da-dau-mun-portulaca-toner-300ml\/\" \/>\n<meta property=\"og:site_name\" content=\"myphamphake\" \/>\n<meta property=\"article:modified_time\" content=\"2026-04-05T06:28:27+00:00\" \/>\n<meta property=\"og:image\" content=\"https:\/\/myphamphake.azdigi.shop\/wp-content\/uploads\/2026\/04\/caryotoner.jpg\" \/>\n\t<meta property=\"og:image:width\" content=\"800\" \/>\n\t<meta property=\"og:image:height\" content=\"800\" \/>\n\t<meta property=\"og:image:type\" content=\"image\/jpeg\" \/>\n<meta name=\"twitter:card\" content=\"summary_large_image\" \/>\n<meta name=\"twitter:label1\" content=\"\u01af\u1edbc t\u00ednh th\u1eddi gian \u0111\u1ecdc\" \/>\n\t<meta name=\"twitter:data1\" content=\"6 ph\u00fat\" \/>\n<script type=\"application\/ld+json\" class=\"yoast-schema-graph\">{\"@context\":\"https:\/\/schema.org\",\"@graph\":[{\"@type\":\"WebPage\",\"@id\":\"https:\/\/myphamphake.azdigi.shop\/index.php\/product\/nuoc-hoa-hong-caryophy-cham-soc-da-dau-mun-portulaca-toner-300ml\/\",\"url\":\"https:\/\/myphamphake.azdigi.shop\/index.php\/product\/nuoc-hoa-hong-caryophy-cham-soc-da-dau-mun-portulaca-toner-300ml\/\",\"name\":\"N\u01b0\u1edbc Hoa H\u1ed3ng Caryophy Ch\u0103m S\u00f3c Da D\u1ea7u M\u1ee5n Portulaca Toner 300ml - myphamphake\",\"isPartOf\":{\"@id\":\"https:\/\/myphamphake.azdigi.shop\/#website\"},\"primaryImageOfPage\":{\"@id\":\"https:\/\/myphamphake.azdigi.shop\/index.php\/product\/nuoc-hoa-hong-caryophy-cham-soc-da-dau-mun-portulaca-toner-300ml\/#primaryimage\"},\"image\":{\"@id\":\"https:\/\/myphamphake.azdigi.shop\/index.php\/product\/nuoc-hoa-hong-caryophy-cham-soc-da-dau-mun-portulaca-toner-300ml\/#primaryimage\"},\"thumbnailUrl\":\"https:\/\/myphamphake.azdigi.shop\/wp-content\/uploads\/2026\/04\/caryotoner.jpg\",\"datePublished\":\"2026-04-05T06:27:49+00:00\",\"dateModified\":\"2026-04-05T06:28:27+00:00\",\"breadcrumb\":{\"@id\":\"https:\/\/myphamphake.azdigi.shop\/index.php\/product\/nuoc-hoa-hong-caryophy-cham-soc-da-dau-mun-portulaca-toner-300ml\/#breadcrumb\"},\"inLanguage\":\"vi\",\"potentialAction\":[{\"@type\":\"ReadAction\",\"target\":[\"https:\/\/myphamphake.azdigi.shop\/index.php\/product\/nuoc-hoa-hong-caryophy-cham-soc-da-dau-mun-portulaca-toner-300ml\/\"]}]},{\"@type\":\"ImageObject\",\"inLanguage\":\"vi\",\"@id\":\"https:\/\/myphamphake.azdigi.shop\/index.php\/product\/nuoc-hoa-hong-caryophy-cham-soc-da-dau-mun-portulaca-toner-300ml\/#primaryimage\",\"url\":\"https:\/\/myphamphake.azdigi.shop\/wp-content\/uploads\/2026\/04\/caryotoner.jpg\",\"contentUrl\":\"https:\/\/myphamphake.azdigi.shop\/wp-content\/uploads\/2026\/04\/caryotoner.jpg\",\"width\":800,\"height\":800},{\"@type\":\"BreadcrumbList\",\"@id\":\"https:\/\/myphamphake.azdigi.shop\/index.php\/product\/nuoc-hoa-hong-caryophy-cham-soc-da-dau-mun-portulaca-toner-300ml\/#breadcrumb\",\"itemListElement\":[{\"@type\":\"ListItem\",\"position\":1,\"name\":\"Home\",\"item\":\"https:\/\/myphamphake.azdigi.shop\/\"},{\"@type\":\"ListItem\",\"position\":2,\"name\":\"Shop\",\"item\":\"https:\/\/myphamphake.azdigi.shop\/index.php\/shop\/\"},{\"@type\":\"ListItem\",\"position\":3,\"name\":\"N\u01b0\u1edbc Hoa H\u1ed3ng Caryophy Ch\u0103m S\u00f3c Da D\u1ea7u M\u1ee5n Portulaca Toner 300ml\"}]},{\"@type\":\"WebSite\",\"@id\":\"https:\/\/myphamphake.azdigi.shop\/#website\",\"url\":\"https:\/\/myphamphake.azdigi.shop\/\",\"name\":\"myphamphake\",\"description\":\"\",\"potentialAction\":[{\"@type\":\"SearchAction\",\"target\":{\"@type\":\"EntryPoint\",\"urlTemplate\":\"https:\/\/myphamphake.azdigi.shop\/?s={search_term_string}\"},\"query-input\":{\"@type\":\"PropertyValueSpecification\",\"valueRequired\":true,\"valueName\":\"search_term_string\"}}],\"inLanguage\":\"vi\"}]}<\/script>\n<!-- \/ Yoast SEO plugin. -->","yoast_head_json":{"title":"N\u01b0\u1edbc Hoa H\u1ed3ng Caryophy Ch\u0103m S\u00f3c Da D\u1ea7u M\u1ee5n Portulaca Toner 300ml - myphamphake","robots":{"index":"index","follow":"follow","max-snippet":"max-snippet:-1","max-image-preview":"max-image-preview:large","max-video-preview":"max-video-preview:-1"},"canonical":"https:\/\/myphamphake.azdigi.shop\/index.php\/product\/nuoc-hoa-hong-caryophy-cham-soc-da-dau-mun-portulaca-toner-300ml\/","og_locale":"vi_VN","og_type":"article","og_title":"N\u01b0\u1edbc Hoa H\u1ed3ng Caryophy Ch\u0103m S\u00f3c Da D\u1ea7u M\u1ee5n Portulaca Toner 300ml - myphamphake","og_description":"Chi ti\u1ebft N\u01b0\u1edbc Hoa H\u1ed3ng Ch\u0103m S\u00f3c Da D\u1ea7u M\u1ee5n Caryophy Portulaca Toner\u00a0l\u00e0\u00a0n\u01b0\u1edbc hoa h\u1ed3ng\u00a0gi\u00fap h\u1ea1n ch\u1ebf nh\u1eefng t\u1ea1p\u00a0ch\u1ea5t v\u00e0 d\u1ea7u nh\u1eddn c\u00f2n s\u00f3t l\u1ea1i sau r\u1eeda m\u1eb7t, th\u00f4ng tho\u00e1ng l\u1ed7 ch\u00e2n l\u00f4ng,\u00a0c\u00e2n b\u1eb1ng l\u1ea1i pH v\u00e0 gi\u00fap l\u00e0n da duy tr\u00ec tr\u1ea1ng th\u00e1i \u1ea9m m\u1ecbn thu\u1ed9c th\u01b0\u01a1ng hi\u1ec7u\u00a0Caryophy\u00a0\u0111\u1ebfn t\u1eeb H\u00e0n Qu\u1ed1c. \u2022 \u0110\u1eb7c tr\u01b0ng:\u00a0 [...]","og_url":"https:\/\/myphamphake.azdigi.shop\/index.php\/product\/nuoc-hoa-hong-caryophy-cham-soc-da-dau-mun-portulaca-toner-300ml\/","og_site_name":"myphamphake","article_modified_time":"2026-04-05T06:28:27+00:00","og_image":[{"width":800,"height":800,"url":"https:\/\/myphamphake.azdigi.shop\/wp-content\/uploads\/2026\/04\/caryotoner.jpg","type":"image\/jpeg"}],"twitter_card":"summary_large_image","twitter_misc":{"\u01af\u1edbc t\u00ednh th\u1eddi gian \u0111\u1ecdc":"6 ph\u00fat"},"schema":{"@context":"https:\/\/schema.org","@graph":[{"@type":"WebPage","@id":"https:\/\/myphamphake.azdigi.shop\/index.php\/product\/nuoc-hoa-hong-caryophy-cham-soc-da-dau-mun-portulaca-toner-300ml\/","url":"https:\/\/myphamphake.azdigi.shop\/index.php\/product\/nuoc-hoa-hong-caryophy-cham-soc-da-dau-mun-portulaca-toner-300ml\/","name":"N\u01b0\u1edbc Hoa H\u1ed3ng Caryophy Ch\u0103m S\u00f3c Da D\u1ea7u M\u1ee5n Portulaca Toner 300ml - myphamphake","isPartOf":{"@id":"https:\/\/myphamphake.azdigi.shop\/#website"},"primaryImageOfPage":{"@id":"https:\/\/myphamphake.azdigi.shop\/index.php\/product\/nuoc-hoa-hong-caryophy-cham-soc-da-dau-mun-portulaca-toner-300ml\/#primaryimage"},"image":{"@id":"https:\/\/myphamphake.azdigi.shop\/index.php\/product\/nuoc-hoa-hong-caryophy-cham-soc-da-dau-mun-portulaca-toner-300ml\/#primaryimage"},"thumbnailUrl":"https:\/\/myphamphake.azdigi.shop\/wp-content\/uploads\/2026\/04\/caryotoner.jpg","datePublished":"2026-04-05T06:27:49+00:00","dateModified":"2026-04-05T06:28:27+00:00","breadcrumb":{"@id":"https:\/\/myphamphake.azdigi.shop\/index.php\/product\/nuoc-hoa-hong-caryophy-cham-soc-da-dau-mun-portulaca-toner-300ml\/#breadcrumb"},"inLanguage":"vi","potentialAction":[{"@type":"ReadAction","target":["https:\/\/myphamphake.azdigi.shop\/index.php\/product\/nuoc-hoa-hong-caryophy-cham-soc-da-dau-mun-portulaca-toner-300ml\/"]}]},{"@type":"ImageObject","inLanguage":"vi","@id":"https:\/\/myphamphake.azdigi.shop\/index.php\/product\/nuoc-hoa-hong-caryophy-cham-soc-da-dau-mun-portulaca-toner-300ml\/#primaryimage","url":"https:\/\/myphamphake.azdigi.shop\/wp-content\/uploads\/2026\/04\/caryotoner.jpg","contentUrl":"https:\/\/myphamphake.azdigi.shop\/wp-content\/uploads\/2026\/04\/caryotoner.jpg","width":800,"height":800},{"@type":"BreadcrumbList","@id":"https:\/\/myphamphake.azdigi.shop\/index.php\/product\/nuoc-hoa-hong-caryophy-cham-soc-da-dau-mun-portulaca-toner-300ml\/#breadcrumb","itemListElement":[{"@type":"ListItem","position":1,"name":"Home","item":"https:\/\/myphamphake.azdigi.shop\/"},{"@type":"ListItem","position":2,"name":"Shop","item":"https:\/\/myphamphake.azdigi.shop\/index.php\/shop\/"},{"@type":"ListItem","position":3,"name":"N\u01b0\u1edbc Hoa H\u1ed3ng Caryophy Ch\u0103m S\u00f3c Da D\u1ea7u M\u1ee5n Portulaca Toner 300ml"}]},{"@type":"WebSite","@id":"https:\/\/myphamphake.azdigi.shop\/#website","url":"https:\/\/myphamphake.azdigi.shop\/","name":"myphamphake","description":"","potentialAction":[{"@type":"SearchAction","target":{"@type":"EntryPoint","urlTemplate":"https:\/\/myphamphake.azdigi.shop\/?s={search_term_string}"},"query-input":{"@type":"PropertyValueSpecification","valueRequired":true,"valueName":"search_term_string"}}],"inLanguage":"vi"}]}},"_links":{"self":[{"href":"https:\/\/myphamphake.azdigi.shop\/index.php\/wp-json\/wp\/v2\/product\/428","targetHints":{"allow":["GET"]}}],"collection":[{"href":"https:\/\/myphamphake.azdigi.shop\/index.php\/wp-json\/wp\/v2\/product"}],"about":[{"href":"https:\/\/myphamphake.azdigi.shop\/index.php\/wp-json\/wp\/v2\/types\/product"}],"replies":[{"embeddable":true,"href":"https:\/\/myphamphake.azdigi.shop\/index.php\/wp-json\/wp\/v2\/comments?post=428"}],"wp:featuredmedia":[{"embeddable":true,"href":"https:\/\/myphamphake.azdigi.shop\/index.php\/wp-json\/wp\/v2\/media\/430"}],"wp:attachment":[{"href":"https:\/\/myphamphake.azdigi.shop\/index.php\/wp-json\/wp\/v2\/media?parent=428"}],"wp:term":[{"taxonomy":"product_brand","embeddable":true,"href":"https:\/\/myphamphake.azdigi.shop\/index.php\/wp-json\/wp\/v2\/product_brand?post=428"},{"taxonomy":"product_cat","embeddable":true,"href":"https:\/\/myphamphake.azdigi.shop\/index.php\/wp-json\/wp\/v2\/product_cat?post=428"},{"taxonomy":"product_tag","embeddable":true,"href":"https:\/\/myphamphake.azdigi.shop\/index.php\/wp-json\/wp\/v2\/product_tag?post=428"}],"curies":[{"name":"wp","href":"https:\/\/api.w.org\/{rel}","templated":true}]}}