{"id":445,"date":"2026-04-05T06:56:46","date_gmt":"2026-04-05T06:56:46","guid":{"rendered":"https:\/\/myphamphake.azdigi.shop\/?post_type=product&#038;p=445"},"modified":"2026-04-05T06:57:27","modified_gmt":"2026-04-05T06:57:27","slug":"nuoc-hoa-hong-klairs-khong-mui-duong-am-lam-diu-da-supple-preparation-unscented-toner-180ml","status":"publish","type":"product","link":"https:\/\/myphamphake.azdigi.shop\/index.php\/product\/nuoc-hoa-hong-klairs-khong-mui-duong-am-lam-diu-da-supple-preparation-unscented-toner-180ml\/","title":{"rendered":"N\u01b0\u1edbc Hoa H\u1ed3ng Klairs Kh\u00f4ng M\u00f9i D\u01b0\u1ee1ng \u1ea8m, L\u00e0m D\u1ecbu Da Supple Preparation Unscented Toner 180ml"},"content":{"rendered":"<div class=\"product-section-title\">\n<h2>Chi ti\u1ebft s\u1ea3n ph\u1ea9m<\/h2>\n<\/div>\n<div class=\"page-product-description-detail-wrap expanded\">\n<div class=\"page-product-description-detail\">\n<ul>\n<li><strong>T\u00ean s\u1ea3n ph\u1ea9m:<\/strong>\u00a0Klairs Supple Preparation Unscented Toner<\/li>\n<li><strong>C\u00f4ng d\u1ee5ng:<\/strong>\u00a0D\u01b0\u1ee1ng \u1ea9m, l\u00e0m d\u1ecbu da<\/li>\n<li><strong>Dung t\u00edch:<\/strong>\u00a030ml, 180ml<\/li>\n<li><strong>Th\u01b0\u01a1ng hi\u1ec7u:<\/strong>\u00a0Klairs (H\u00e0n Qu\u1ed1c)<\/li>\n<li><strong>H\u1ea1n s\u1eed d\u1ee5ng:<\/strong>\u00a03 n\u0103m k\u1ec3 t\u1eeb ng\u00e0y s\u1ea3n xu\u1ea5t\/NSX xem tr\u00ean bao b\u00ec (12 th\u00e1ng sau khi m\u1edf n\u1eafp)<\/li>\n<\/ul>\n<h2><strong>1. Th\u00f4ng tin s\u1ea3n ph\u1ea9m<\/strong><\/h2>\n<p><strong>N\u01b0\u1edbc Hoa H\u1ed3ng Kh\u00f4ng M\u00f9i D\u01b0\u1ee1ng \u1ea8m, L\u00e0m D\u1ecbu Da Klairs Supple Preparation Unscented Toner\u00a0<\/strong>l\u00e0\u00a0<strong><a href=\"https:\/\/myphamphake.azdigi.shop\/index.php\/product-category\/cham-soc-da-mat\/duong-da\/nuoc-hoa-hong\/\">n\u01b0\u1edbc hoa h\u1ed3ng<\/a>\u00a0<\/strong>gi\u00fap l\u00e0m s\u1ea1ch\u00a0b\u1ee5i b\u1ea9n v\u00e0 b\u00e3 nh\u1eddn d\u01b0 th\u1eeba b\u1eb1ng c\u00e1c axit amin v\u00e0 c\u00e1c th\u00e0nh ph\u1ea7n chi\u1ebft xu\u1ea5t nh\u01b0 r\u1ec5 cam th\u1ea3o v\u00e0 l\u00f4 h\u1ed9i \u0111\u1ec3 l\u00e0m d\u1ecbu k\u00edch \u1ee9ng. \u0110\u1eb7c bi\u1ec7t kh\u00f4ng ch\u1ee9a\u00a0c\u00e1c th\u00e0nh ph\u1ea7n tinh d\u1ea7u v\u00e0 kh\u00f4ng m\u00f9i h\u01b0\u01a1ng nh\u1eb9 d\u1ecbu h\u01a1n cho ng\u01b0\u1eddi kh\u00f4ng th\u00edch m\u00f9i h\u01b0\u01a1ng\u00a0thu\u1ed9c th\u01b0\u01a1ng hi\u1ec7u\u00a0<strong>Klairs<\/strong><strong>\u00a0<\/strong>\u0111\u1ebfn t\u1eeb H\u00e0n Qu\u1ed1c.<\/p>\n<p><img decoding=\"async\" src=\"https:\/\/file.hstatic.net\/1000006063\/file\/2_2deb53b776bd49468e7e25ef4fdba4e0_master.jpg\" alt=\"N\u01b0\u1edbc Hoa H\u1ed3ng Klairs Kh\u00f4ng M\u00f9i D\u01b0\u1ee1ng \u1ea8m, L\u00e0m D\u1ecbu Da Supple Preparation Unscented Toner 180ml\" \/><\/p>\n<h2><strong>2. \u01afu \u0111i\u1ec3m c\u1ee7a Klairs Supple Preparation Unscented Toner<\/strong><\/h2>\n<p><strong>N\u01b0\u1edbc Hoa H\u1ed3ng Kh\u00f4ng M\u00f9i D\u01b0\u1ee1ng \u1ea8m, L\u00e0m D\u1ecbu Da Klairs Supple Preparation Unscented Toner<\/strong>\u00a0hi\u1ec7n nay \u0111\u00e3 c\u00f3 m\u1eb7t t\u1ea1i\u00a0<a href=\"https:\/\/myphamphake.azdigi.shop\/\"><strong>MyPhamPhake<\/strong>\u00a0<\/a>c\u00f3 nh\u1eefng \u0111\u1eb7c tr\u01b0ng n\u1ed5i b\u1eadt nh\u01b0 sau:<\/p>\n<ul>\n<li><strong>K\u1ebft c\u1ea5u:\u00a0<\/strong>Toner c\u00f3 d\u1ea1ng trong su\u1ed1t, kh\u00f4ng m\u00e0u, kh\u00f4ng m\u00f9i, m\u1ecfng nh\u1eb9, h\u01a1i \u0111\u1eb7c m\u1ecbn, th\u1ea5m r\u1ea5t nhanh tr\u00ean da<\/li>\n<li><strong>V\u1ecf h\u1ed9p:<\/strong>\u00a0B\u1eb1ng gi\u1ea5y th\u00e2n thi\u1ec7n v\u1edbi m\u00f4i tr\u01b0\u1eddng<\/li>\n<li><strong>Th\u00e0nh ph\u1ea7n:<\/strong>\u00a0Ch\u1ee9a nhi\u1ec1u d\u01b0\u1ee1ng ch\u1ea5t gi\u00fap h\u1ed7 tr\u1ee3 c\u1ea3i thi\u1ec7n l\u00e0n da\n<ul>\n<li><strong>C\u00f4ng th\u1ee9c ch\u1ee9a Phyto-Oligo:<\/strong>\u00a0L\u00e0 t\u1ebf b\u00e0o g\u1ed1c th\u1ef1c v\u1eadt ch\u1ee9a r\u1ea5t nhi\u1ec1u y\u1ebfu t\u1ed1 t\u0103ng tr\u01b0\u1edfng c\u00f3 vai tr\u00f2 gi\u00fap d\u01b0\u1ee1ng \u1ea9m cho da v\u00e0 gi\u1ea3i quy\u1ebft t\u00ecnh tr\u1ea1ng kh\u00f4 da, v\u00e0 c\u00e1c axit amin trong l\u00faa m\u00ec gi\u00fap cung c\u1ea5p \u0111\u1ed9 \u1ea9m s\u00e2u v\u00e0o da. K\u1ebft h\u1ee3p c\u00f9ng ho\u1ea1t ch\u1ea5t Properies gi\u00fap l\u00e0m s\u1ea1ch, h\u1ed7 tr\u1ee3 c\u1ea3i thi\u1ec7n m\u1ee5n<\/li>\n<li><strong>Chi\u1ebft xu\u1ea5t r\u1ec5 cam th\u1ea3o:\u00a0<\/strong>Gi\u00fap c\u1ea3i thi\u1ec7n t\u00ecnh tr\u1ea1ng th\u00e2m s\u1ea1m da, b\u1ea3o v\u1ec7 da tr\u00e1nh t\u00e1c \u0111\u1ed9ng t\u1eeb \u00e1nh n\u1eafng m\u1eb7t tr\u1eddi v\u00e0 t\u1eeb m\u00f4i tr\u01b0\u1eddng<\/li>\n<li><strong>Chi\u1ebft xu\u1ea5t l\u00f4 h\u1ed9i:<\/strong>\u00a0Gi\u00fap l\u00e0m d\u1ecbu da, l\u00e0m m\u00e1t da, gi\u1eef \u1ea9m hi\u1ec7u qu\u1ea3 cho da, th\u00fac \u0111\u1ea9y c\u00e1c t\u1ebf b\u00e0o s\u1ea3n xu\u1ea5t collagen, gi\u00fap da m\u1ec1m m\u1ecbn, \u1ea9m m\u01b0\u1ee3t<\/li>\n<li><strong>Hyaluronic Acid, Beta-Glucan:<\/strong>\u00a0Gi\u00fap l\u00e0m d\u1ecbu, h\u1ea1n ch\u1ebf k\u00edch \u1ee9ng v\u00e0 c\u1ee7ng c\u1ed1 h\u00e0ng r\u00e0o b\u1ea3o v\u1ec7 da. \u0110\u1ed3ng th\u1eddi gi\u00fap kh\u00f3a \u1ea9m v\u00e0 h\u1ea1n ch\u1ebf s\u1ef1 m\u1ea5t \u0111\u1ed9 \u1ea9m tr\u00ean da mang l\u1ea1i l\u00e0n da \u1ea9m m\u1ecbn d\u00e0i l\u00e2u, h\u1ed7 tr\u1ee3 l\u00e0m m\u1edd n\u1ebfp nh\u0103n hi\u1ec7u qu\u1ea3<\/li>\n<li><strong>Sodium Ascorbyl Phosphate:<\/strong>\u00a0Gi\u00fap da th\u00fac \u0111\u1ea9y s\u1ea3n xu\u1ea5t collagen, h\u1ed7 tr\u1ee3 c\u1ea3i thi\u1ec7n c\u00e1c d\u1ea5u hi\u1ec7u l\u00e3o h\u00f3a, gi\u00fap l\u00e0n da tr\u1ebb trung, kh\u1ecfe m\u1ea1nh<\/li>\n<\/ul>\n<\/li>\n<\/ul>\n<p><img decoding=\"async\" src=\"https:\/\/file.hstatic.net\/1000006063\/file\/366359658_643223097903816_2501368454705819691_n_ece3e815f6b742deb1f34b031991965d.jpg\" alt=\"N\u01b0\u1edbc Hoa H\u1ed3ng Klairs Kh\u00f4ng M\u00f9i D\u01b0\u1ee1ng \u1ea8m, L\u00e0m D\u1ecbu Da Supple Preparation Unscented Toner 180ml\" \/><\/p>\n<p><img decoding=\"async\" src=\"https:\/\/file.hstatic.net\/1000006063\/file\/wishcompany_letter_on_dear__klairs_volume_mark_changing__1_-1_7b66dcbba24b42538af8c50fb093abe4.jpg\" alt=\"N\u01b0\u1edbc Hoa H\u1ed3ng Klairs Kh\u00f4ng M\u00f9i D\u01b0\u1ee1ng \u1ea8m, L\u00e0m D\u1ecbu Da Supple Preparation Unscented Toner 180ml\" \/><\/p>\n<p><img decoding=\"async\" src=\"https:\/\/file.hstatic.net\/1000006063\/file\/4_5a2d16f0a7bd452fa2dd9231928bc5a5_master.jpg\" alt=\"N\u01b0\u1edbc Hoa H\u1ed3ng Klairs Kh\u00f4ng M\u00f9i D\u01b0\u1ee1ng \u1ea8m, L\u00e0m D\u1ecbu Da Supple Preparation Unscented Toner 180ml\" \/><\/p>\n<p>&nbsp;<\/p>\n<h2><strong>3. \u0110\u1ed1i t\u01b0\u1ee3ng khuy\u00ean d\u00f9ng<\/strong><\/h2>\n<ul>\n<li>D\u00e0nh cho m\u1ecdi lo\u1ea1i da, k\u1ec3 c\u1ea3 da nh\u1ea1y c\u1ea3m<\/li>\n<li>D\u00e0nh cho l\u00e0n da kh\u00f4 s\u1ea7n, thi\u1ebfu \u1ea9m, da c\u1ea7n \u0111\u01b0\u1ee3c l\u00e0m d\u1ecbu<\/li>\n<\/ul>\n<h2><strong>4. C\u00e1ch b\u1ea3o qu\u1ea3n<\/strong><\/h2>\n<ul>\n<li>\u0110\u1eady k\u00edn n\u1eafp<\/li>\n<li>B\u1ea3o qu\u1ea3n n\u01a1i kh\u00f4 r\u00e1o, tho\u00e1ng m\u00e1t<\/li>\n<li>Tr\u00e1nh ti\u1ebfp x\u00fac v\u1edbi n\u01b0\u1edbc<\/li>\n<li>S\u1eed d\u1ee5ng trong th\u1eddi gian khuy\u1ebfn ngh\u1ecb<\/li>\n<\/ul>\n<h2><strong>5. H\u01b0\u1edbng d\u1eabn s\u1eed d\u1ee5ng<\/strong><\/h2>\n<p>S\u1eed d\u1ee5ng sau b\u01b0\u1edbc l\u00e0m s\u1ea1ch da, l\u1ea5y m\u1ed9t l\u01b0\u1ee3ng s\u1ea3n ph\u1ea9m\u00a0v\u1eeba \u0111\u1ee7 cho v\u00e0o b\u00f4ng t\u1ea9y trang ho\u1eb7c l\u00ean l\u00f2ng b\u00e0n tay, thoa \u0111\u1ec1u l\u00ean m\u1eb7t v\u00e0\u00a0massage nh\u1eb9 nh\u00e0ng theo chi\u1ec1u k\u1ebft c\u1ea5u da r\u1ed3i\u00a0v\u1ed7 nh\u1eb9 \u0111\u1ec3 d\u01b0\u1ee1ng ch\u1ea5t \u0111\u01b0\u1ee3c h\u1ea5p th\u1ee5 t\u1ed1i \u0111a.<\/p>\n<p><strong>Review th\u1ef1c t\u1ebf<\/strong><\/p>\n<p><img decoding=\"async\" src=\"https:\/\/file.hstatic.net\/1000006063\/file\/5_c5c0fa2b1c2b40389c61f0e2b27ef4ff_master.jpg\" alt=\"N\u01b0\u1edbc Hoa H\u1ed3ng Klairs Kh\u00f4ng M\u00f9i D\u01b0\u1ee1ng \u1ea8m, L\u00e0m D\u1ecbu Da Supple Preparation Unscented Toner 180ml\" \/><\/p>\n<p><img decoding=\"async\" src=\"https:\/\/file.hstatic.net\/1000006063\/file\/6_25a43c36e72a459d90c04c61d32fffd6_master.jpg\" alt=\"N\u01b0\u1edbc Hoa H\u1ed3ng Klairs Kh\u00f4ng M\u00f9i D\u01b0\u1ee1ng \u1ea8m, L\u00e0m D\u1ecbu Da Supple Preparation Unscented Toner 180ml\" \/><\/p>\n<p><img decoding=\"async\" src=\"https:\/\/file.hstatic.net\/1000006063\/file\/7_59314bfa227042bbb266c9114e174f26_master.jpg\" alt=\"N\u01b0\u1edbc Hoa H\u1ed3ng Klairs Kh\u00f4ng M\u00f9i D\u01b0\u1ee1ng \u1ea8m, L\u00e0m D\u1ecbu Da Supple Preparation Unscented Toner 180ml\" \/><\/p>\n<p><img decoding=\"async\" src=\"https:\/\/file.hstatic.net\/1000006063\/file\/8_5a82570ee53f42419407fbe07ae0508d_master.jpg\" alt=\"N\u01b0\u1edbc Hoa H\u1ed3ng Klairs Kh\u00f4ng M\u00f9i D\u01b0\u1ee1ng \u1ea8m, L\u00e0m D\u1ecbu Da Supple Preparation Unscented Toner 180ml\" \/><\/p>\n<p><img decoding=\"async\" src=\"https:\/\/file.hstatic.net\/1000006063\/file\/9_464ab29a661e4d25ae8eb13a5a0d8f22_master.jpg\" alt=\"N\u01b0\u1edbc Hoa H\u1ed3ng Klairs Kh\u00f4ng M\u00f9i D\u01b0\u1ee1ng \u1ea8m, L\u00e0m D\u1ecbu Da Supple Preparation Unscented Toner 180ml\" \/><\/p>\n<p><img decoding=\"async\" src=\"https:\/\/file.hstatic.net\/1000006063\/file\/10_7157bd8be0fd4cfe82b6a9bbd1e983cf_master.jpg\" alt=\"N\u01b0\u1edbc Hoa H\u1ed3ng Klairs Kh\u00f4ng M\u00f9i D\u01b0\u1ee1ng \u1ea8m, L\u00e0m D\u1ecbu Da Supple Preparation Unscented Toner 180ml\" \/><\/p>\n<p><img decoding=\"async\" src=\"https:\/\/file.hstatic.net\/1000006063\/file\/11_49d0cb383cd84faaa5f952a4b8dcb835_master.jpg\" alt=\"N\u01b0\u1edbc Hoa H\u1ed3ng Klairs Kh\u00f4ng M\u00f9i D\u01b0\u1ee1ng \u1ea8m, L\u00e0m D\u1ecbu Da Supple Preparation Unscented Toner 180ml\" \/><\/p>\n<\/div>\n<\/div>\n","protected":false},"excerpt":{"rendered":"<p>Chi ti\u1ebft s\u1ea3n ph\u1ea9m T\u00ean s\u1ea3n ph\u1ea9m:\u00a0Klairs Supple Preparation Unscented Toner C\u00f4ng d\u1ee5ng:\u00a0D\u01b0\u1ee1ng \u1ea9m, l\u00e0m d\u1ecbu da Dung t\u00edch:\u00a030ml, 180ml Th\u01b0\u01a1ng hi\u1ec7u:\u00a0Klairs (H\u00e0n Qu\u1ed1c) H\u1ea1n s\u1eed d\u1ee5ng:\u00a03 n\u0103m k\u1ec3 t\u1eeb ng\u00e0y s\u1ea3n xu\u1ea5t\/NSX xem tr\u00ean bao b\u00ec (12 th\u00e1ng sau khi m\u1edf n\u1eafp) 1. Th\u00f4ng tin s\u1ea3n ph\u1ea9m N\u01b0\u1edbc Hoa H\u1ed3ng Kh\u00f4ng M\u00f9i D\u01b0\u1ee1ng \u1ea8m, [&#8230;]\n","protected":false},"featured_media":446,"comment_status":"open","ping_status":"closed","template":"","meta":[],"product_brand":[43],"product_cat":[35,40,42],"product_tag":[],"class_list":{"0":"post-445","1":"product","2":"type-product","3":"status-publish","4":"has-post-thumbnail","6":"product_brand-klairs","7":"product_cat-cham-soc-da-mat","8":"product_cat-duong-da","9":"product_cat-nuoc-hoa-hong","11":"first","12":"instock","13":"sale","14":"shipping-taxable","15":"purchasable","16":"product-type-variable"},"yoast_head":"<!-- This site is optimized with the Yoast SEO plugin v27.1.1 - https:\/\/yoast.com\/product\/yoast-seo-wordpress\/ -->\n<title>N\u01b0\u1edbc Hoa H\u1ed3ng Klairs Kh\u00f4ng M\u00f9i D\u01b0\u1ee1ng \u1ea8m, L\u00e0m D\u1ecbu Da Supple Preparation Unscented Toner 180ml - myphamphake<\/title>\n<meta name=\"description\" content=\"N\u01b0\u1edbc Hoa H\u1ed3ng Kh\u00f4ng M\u00f9i D\u01b0\u1ee1ng \u1ea8m, L\u00e0m D\u1ecbu Da Klairs Supple Preparation Unscented Toner\u00a0l\u00e0\u00a0n\u01b0\u1edbc hoa h\u1ed3ng\u00a0gi\u00fap l\u00e0m s\u1ea1ch\u00a0b\u1ee5i b\u1ea9n v\u00e0 b\u00e3 nh\u1eddn d\u01b0 th\u1eeba\" \/>\n<meta name=\"robots\" content=\"index, follow, max-snippet:-1, max-image-preview:large, max-video-preview:-1\" \/>\n<link rel=\"canonical\" href=\"https:\/\/myphamphake.azdigi.shop\/index.php\/product\/nuoc-hoa-hong-klairs-khong-mui-duong-am-lam-diu-da-supple-preparation-unscented-toner-180ml\/\" \/>\n<meta property=\"og:locale\" content=\"vi_VN\" \/>\n<meta property=\"og:type\" content=\"article\" \/>\n<meta property=\"og:title\" content=\"N\u01b0\u1edbc Hoa H\u1ed3ng Klairs Kh\u00f4ng M\u00f9i D\u01b0\u1ee1ng \u1ea8m, L\u00e0m D\u1ecbu Da Supple Preparation Unscented Toner 180ml - myphamphake\" \/>\n<meta property=\"og:description\" content=\"N\u01b0\u1edbc Hoa H\u1ed3ng Kh\u00f4ng M\u00f9i D\u01b0\u1ee1ng \u1ea8m, L\u00e0m D\u1ecbu Da Klairs Supple Preparation Unscented Toner\u00a0l\u00e0\u00a0n\u01b0\u1edbc hoa h\u1ed3ng\u00a0gi\u00fap l\u00e0m s\u1ea1ch\u00a0b\u1ee5i b\u1ea9n v\u00e0 b\u00e3 nh\u1eddn d\u01b0 th\u1eeba\" \/>\n<meta property=\"og:url\" content=\"https:\/\/myphamphake.azdigi.shop\/index.php\/product\/nuoc-hoa-hong-klairs-khong-mui-duong-am-lam-diu-da-supple-preparation-unscented-toner-180ml\/\" \/>\n<meta property=\"og:site_name\" content=\"myphamphake\" \/>\n<meta property=\"article:modified_time\" content=\"2026-04-05T06:57:27+00:00\" \/>\n<meta property=\"og:image\" content=\"https:\/\/myphamphake.azdigi.shop\/wp-content\/uploads\/2026\/04\/klairs1.jpg\" \/>\n\t<meta property=\"og:image:width\" content=\"800\" \/>\n\t<meta property=\"og:image:height\" content=\"800\" \/>\n\t<meta property=\"og:image:type\" content=\"image\/jpeg\" \/>\n<meta name=\"twitter:card\" content=\"summary_large_image\" \/>\n<meta name=\"twitter:label1\" content=\"\u01af\u1edbc t\u00ednh th\u1eddi gian \u0111\u1ecdc\" \/>\n\t<meta name=\"twitter:data1\" content=\"6 ph\u00fat\" \/>\n<script type=\"application\/ld+json\" class=\"yoast-schema-graph\">{\"@context\":\"https:\/\/schema.org\",\"@graph\":[{\"@type\":\"WebPage\",\"@id\":\"https:\/\/myphamphake.azdigi.shop\/index.php\/product\/nuoc-hoa-hong-klairs-khong-mui-duong-am-lam-diu-da-supple-preparation-unscented-toner-180ml\/\",\"url\":\"https:\/\/myphamphake.azdigi.shop\/index.php\/product\/nuoc-hoa-hong-klairs-khong-mui-duong-am-lam-diu-da-supple-preparation-unscented-toner-180ml\/\",\"name\":\"N\u01b0\u1edbc Hoa H\u1ed3ng Klairs Kh\u00f4ng M\u00f9i D\u01b0\u1ee1ng \u1ea8m, L\u00e0m D\u1ecbu Da Supple Preparation Unscented Toner 180ml - myphamphake\",\"isPartOf\":{\"@id\":\"https:\/\/myphamphake.azdigi.shop\/#website\"},\"primaryImageOfPage\":{\"@id\":\"https:\/\/myphamphake.azdigi.shop\/index.php\/product\/nuoc-hoa-hong-klairs-khong-mui-duong-am-lam-diu-da-supple-preparation-unscented-toner-180ml\/#primaryimage\"},\"image\":{\"@id\":\"https:\/\/myphamphake.azdigi.shop\/index.php\/product\/nuoc-hoa-hong-klairs-khong-mui-duong-am-lam-diu-da-supple-preparation-unscented-toner-180ml\/#primaryimage\"},\"thumbnailUrl\":\"https:\/\/myphamphake.azdigi.shop\/wp-content\/uploads\/2026\/04\/klairs1.jpg\",\"datePublished\":\"2026-04-05T06:56:46+00:00\",\"dateModified\":\"2026-04-05T06:57:27+00:00\",\"description\":\"N\u01b0\u1edbc Hoa H\u1ed3ng Kh\u00f4ng M\u00f9i D\u01b0\u1ee1ng \u1ea8m, L\u00e0m D\u1ecbu Da Klairs Supple Preparation Unscented Toner\u00a0l\u00e0\u00a0n\u01b0\u1edbc hoa h\u1ed3ng\u00a0gi\u00fap l\u00e0m s\u1ea1ch\u00a0b\u1ee5i b\u1ea9n v\u00e0 b\u00e3 nh\u1eddn d\u01b0 th\u1eeba\",\"breadcrumb\":{\"@id\":\"https:\/\/myphamphake.azdigi.shop\/index.php\/product\/nuoc-hoa-hong-klairs-khong-mui-duong-am-lam-diu-da-supple-preparation-unscented-toner-180ml\/#breadcrumb\"},\"inLanguage\":\"vi\",\"potentialAction\":[{\"@type\":\"ReadAction\",\"target\":[\"https:\/\/myphamphake.azdigi.shop\/index.php\/product\/nuoc-hoa-hong-klairs-khong-mui-duong-am-lam-diu-da-supple-preparation-unscented-toner-180ml\/\"]}]},{\"@type\":\"ImageObject\",\"inLanguage\":\"vi\",\"@id\":\"https:\/\/myphamphake.azdigi.shop\/index.php\/product\/nuoc-hoa-hong-klairs-khong-mui-duong-am-lam-diu-da-supple-preparation-unscented-toner-180ml\/#primaryimage\",\"url\":\"https:\/\/myphamphake.azdigi.shop\/wp-content\/uploads\/2026\/04\/klairs1.jpg\",\"contentUrl\":\"https:\/\/myphamphake.azdigi.shop\/wp-content\/uploads\/2026\/04\/klairs1.jpg\",\"width\":800,\"height\":800},{\"@type\":\"BreadcrumbList\",\"@id\":\"https:\/\/myphamphake.azdigi.shop\/index.php\/product\/nuoc-hoa-hong-klairs-khong-mui-duong-am-lam-diu-da-supple-preparation-unscented-toner-180ml\/#breadcrumb\",\"itemListElement\":[{\"@type\":\"ListItem\",\"position\":1,\"name\":\"Home\",\"item\":\"https:\/\/myphamphake.azdigi.shop\/\"},{\"@type\":\"ListItem\",\"position\":2,\"name\":\"Shop\",\"item\":\"https:\/\/myphamphake.azdigi.shop\/index.php\/shop\/\"},{\"@type\":\"ListItem\",\"position\":3,\"name\":\"N\u01b0\u1edbc Hoa H\u1ed3ng Klairs Kh\u00f4ng M\u00f9i D\u01b0\u1ee1ng \u1ea8m, L\u00e0m D\u1ecbu Da Supple Preparation Unscented Toner 180ml\"}]},{\"@type\":\"WebSite\",\"@id\":\"https:\/\/myphamphake.azdigi.shop\/#website\",\"url\":\"https:\/\/myphamphake.azdigi.shop\/\",\"name\":\"myphamphake\",\"description\":\"\",\"potentialAction\":[{\"@type\":\"SearchAction\",\"target\":{\"@type\":\"EntryPoint\",\"urlTemplate\":\"https:\/\/myphamphake.azdigi.shop\/?s={search_term_string}\"},\"query-input\":{\"@type\":\"PropertyValueSpecification\",\"valueRequired\":true,\"valueName\":\"search_term_string\"}}],\"inLanguage\":\"vi\"}]}<\/script>\n<!-- \/ Yoast SEO plugin. -->","yoast_head_json":{"title":"N\u01b0\u1edbc Hoa H\u1ed3ng Klairs Kh\u00f4ng M\u00f9i D\u01b0\u1ee1ng \u1ea8m, L\u00e0m D\u1ecbu Da Supple Preparation Unscented Toner 180ml - myphamphake","description":"N\u01b0\u1edbc Hoa H\u1ed3ng Kh\u00f4ng M\u00f9i D\u01b0\u1ee1ng \u1ea8m, L\u00e0m D\u1ecbu Da Klairs Supple Preparation Unscented Toner\u00a0l\u00e0\u00a0n\u01b0\u1edbc hoa h\u1ed3ng\u00a0gi\u00fap l\u00e0m s\u1ea1ch\u00a0b\u1ee5i b\u1ea9n v\u00e0 b\u00e3 nh\u1eddn d\u01b0 th\u1eeba","robots":{"index":"index","follow":"follow","max-snippet":"max-snippet:-1","max-image-preview":"max-image-preview:large","max-video-preview":"max-video-preview:-1"},"canonical":"https:\/\/myphamphake.azdigi.shop\/index.php\/product\/nuoc-hoa-hong-klairs-khong-mui-duong-am-lam-diu-da-supple-preparation-unscented-toner-180ml\/","og_locale":"vi_VN","og_type":"article","og_title":"N\u01b0\u1edbc Hoa H\u1ed3ng Klairs Kh\u00f4ng M\u00f9i D\u01b0\u1ee1ng \u1ea8m, L\u00e0m D\u1ecbu Da Supple Preparation Unscented Toner 180ml - myphamphake","og_description":"N\u01b0\u1edbc Hoa H\u1ed3ng Kh\u00f4ng M\u00f9i D\u01b0\u1ee1ng \u1ea8m, L\u00e0m D\u1ecbu Da Klairs Supple Preparation Unscented Toner\u00a0l\u00e0\u00a0n\u01b0\u1edbc hoa h\u1ed3ng\u00a0gi\u00fap l\u00e0m s\u1ea1ch\u00a0b\u1ee5i b\u1ea9n v\u00e0 b\u00e3 nh\u1eddn d\u01b0 th\u1eeba","og_url":"https:\/\/myphamphake.azdigi.shop\/index.php\/product\/nuoc-hoa-hong-klairs-khong-mui-duong-am-lam-diu-da-supple-preparation-unscented-toner-180ml\/","og_site_name":"myphamphake","article_modified_time":"2026-04-05T06:57:27+00:00","og_image":[{"width":800,"height":800,"url":"https:\/\/myphamphake.azdigi.shop\/wp-content\/uploads\/2026\/04\/klairs1.jpg","type":"image\/jpeg"}],"twitter_card":"summary_large_image","twitter_misc":{"\u01af\u1edbc t\u00ednh th\u1eddi gian \u0111\u1ecdc":"6 ph\u00fat"},"schema":{"@context":"https:\/\/schema.org","@graph":[{"@type":"WebPage","@id":"https:\/\/myphamphake.azdigi.shop\/index.php\/product\/nuoc-hoa-hong-klairs-khong-mui-duong-am-lam-diu-da-supple-preparation-unscented-toner-180ml\/","url":"https:\/\/myphamphake.azdigi.shop\/index.php\/product\/nuoc-hoa-hong-klairs-khong-mui-duong-am-lam-diu-da-supple-preparation-unscented-toner-180ml\/","name":"N\u01b0\u1edbc Hoa H\u1ed3ng Klairs Kh\u00f4ng M\u00f9i D\u01b0\u1ee1ng \u1ea8m, L\u00e0m D\u1ecbu Da Supple Preparation Unscented Toner 180ml - myphamphake","isPartOf":{"@id":"https:\/\/myphamphake.azdigi.shop\/#website"},"primaryImageOfPage":{"@id":"https:\/\/myphamphake.azdigi.shop\/index.php\/product\/nuoc-hoa-hong-klairs-khong-mui-duong-am-lam-diu-da-supple-preparation-unscented-toner-180ml\/#primaryimage"},"image":{"@id":"https:\/\/myphamphake.azdigi.shop\/index.php\/product\/nuoc-hoa-hong-klairs-khong-mui-duong-am-lam-diu-da-supple-preparation-unscented-toner-180ml\/#primaryimage"},"thumbnailUrl":"https:\/\/myphamphake.azdigi.shop\/wp-content\/uploads\/2026\/04\/klairs1.jpg","datePublished":"2026-04-05T06:56:46+00:00","dateModified":"2026-04-05T06:57:27+00:00","description":"N\u01b0\u1edbc Hoa H\u1ed3ng Kh\u00f4ng M\u00f9i D\u01b0\u1ee1ng \u1ea8m, L\u00e0m D\u1ecbu Da Klairs Supple Preparation Unscented Toner\u00a0l\u00e0\u00a0n\u01b0\u1edbc hoa h\u1ed3ng\u00a0gi\u00fap l\u00e0m s\u1ea1ch\u00a0b\u1ee5i b\u1ea9n v\u00e0 b\u00e3 nh\u1eddn d\u01b0 th\u1eeba","breadcrumb":{"@id":"https:\/\/myphamphake.azdigi.shop\/index.php\/product\/nuoc-hoa-hong-klairs-khong-mui-duong-am-lam-diu-da-supple-preparation-unscented-toner-180ml\/#breadcrumb"},"inLanguage":"vi","potentialAction":[{"@type":"ReadAction","target":["https:\/\/myphamphake.azdigi.shop\/index.php\/product\/nuoc-hoa-hong-klairs-khong-mui-duong-am-lam-diu-da-supple-preparation-unscented-toner-180ml\/"]}]},{"@type":"ImageObject","inLanguage":"vi","@id":"https:\/\/myphamphake.azdigi.shop\/index.php\/product\/nuoc-hoa-hong-klairs-khong-mui-duong-am-lam-diu-da-supple-preparation-unscented-toner-180ml\/#primaryimage","url":"https:\/\/myphamphake.azdigi.shop\/wp-content\/uploads\/2026\/04\/klairs1.jpg","contentUrl":"https:\/\/myphamphake.azdigi.shop\/wp-content\/uploads\/2026\/04\/klairs1.jpg","width":800,"height":800},{"@type":"BreadcrumbList","@id":"https:\/\/myphamphake.azdigi.shop\/index.php\/product\/nuoc-hoa-hong-klairs-khong-mui-duong-am-lam-diu-da-supple-preparation-unscented-toner-180ml\/#breadcrumb","itemListElement":[{"@type":"ListItem","position":1,"name":"Home","item":"https:\/\/myphamphake.azdigi.shop\/"},{"@type":"ListItem","position":2,"name":"Shop","item":"https:\/\/myphamphake.azdigi.shop\/index.php\/shop\/"},{"@type":"ListItem","position":3,"name":"N\u01b0\u1edbc Hoa H\u1ed3ng Klairs Kh\u00f4ng M\u00f9i D\u01b0\u1ee1ng \u1ea8m, L\u00e0m D\u1ecbu Da Supple Preparation Unscented Toner 180ml"}]},{"@type":"WebSite","@id":"https:\/\/myphamphake.azdigi.shop\/#website","url":"https:\/\/myphamphake.azdigi.shop\/","name":"myphamphake","description":"","potentialAction":[{"@type":"SearchAction","target":{"@type":"EntryPoint","urlTemplate":"https:\/\/myphamphake.azdigi.shop\/?s={search_term_string}"},"query-input":{"@type":"PropertyValueSpecification","valueRequired":true,"valueName":"search_term_string"}}],"inLanguage":"vi"}]}},"_links":{"self":[{"href":"https:\/\/myphamphake.azdigi.shop\/index.php\/wp-json\/wp\/v2\/product\/445","targetHints":{"allow":["GET"]}}],"collection":[{"href":"https:\/\/myphamphake.azdigi.shop\/index.php\/wp-json\/wp\/v2\/product"}],"about":[{"href":"https:\/\/myphamphake.azdigi.shop\/index.php\/wp-json\/wp\/v2\/types\/product"}],"replies":[{"embeddable":true,"href":"https:\/\/myphamphake.azdigi.shop\/index.php\/wp-json\/wp\/v2\/comments?post=445"}],"wp:featuredmedia":[{"embeddable":true,"href":"https:\/\/myphamphake.azdigi.shop\/index.php\/wp-json\/wp\/v2\/media\/446"}],"wp:attachment":[{"href":"https:\/\/myphamphake.azdigi.shop\/index.php\/wp-json\/wp\/v2\/media?parent=445"}],"wp:term":[{"taxonomy":"product_brand","embeddable":true,"href":"https:\/\/myphamphake.azdigi.shop\/index.php\/wp-json\/wp\/v2\/product_brand?post=445"},{"taxonomy":"product_cat","embeddable":true,"href":"https:\/\/myphamphake.azdigi.shop\/index.php\/wp-json\/wp\/v2\/product_cat?post=445"},{"taxonomy":"product_tag","embeddable":true,"href":"https:\/\/myphamphake.azdigi.shop\/index.php\/wp-json\/wp\/v2\/product_tag?post=445"}],"curies":[{"name":"wp","href":"https:\/\/api.w.org\/{rel}","templated":true}]}}