{"id":489,"date":"2026-04-09T07:24:47","date_gmt":"2026-04-09T07:24:47","guid":{"rendered":"https:\/\/myphamphake.azdigi.shop\/?post_type=product&#038;p=489"},"modified":"2026-04-09T07:25:50","modified_gmt":"2026-04-09T07:25:50","slug":"sua-duong-the-b-o-m-nang-tong-72h-trang-da-mem-min-light-on-in-shower-body-tone-up-290ml","status":"publish","type":"product","link":"https:\/\/myphamphake.azdigi.shop\/index.php\/product\/sua-duong-the-b-o-m-nang-tong-72h-trang-da-mem-min-light-on-in-shower-body-tone-up-290ml\/","title":{"rendered":"S\u1eefa D\u01b0\u1ee1ng Th\u1ec3 B.O.M N\u00e2ng T\u00f4ng 72h Tr\u1eafng Da, M\u1ec1m M\u1ecbn Light On In Shower Body Tone Up 290ml"},"content":{"rendered":"<div class=\"product-section-title\">\n<h2>Chi ti\u1ebft s\u1ea3n ph\u1ea9m<\/h2>\n<\/div>\n<div class=\"page-product-description-detail-wrap expanded\">\n<div class=\"page-product-description-detail\">\n<ul>\n<li><strong>T\u00ean s\u1ea3n ph\u1ea9m:\u00a0<\/strong>S\u1eefa D\u01b0\u1ee1ng Th\u1ec3 N\u00e2ng T\u00f4ng 72h Tr\u1eafng Da, M\u1ec1m M\u1ecbn B.O.M Light On In Shower Body Tone Up<\/li>\n<li><strong>K\u1ebft c\u1ea5u:\u00a0<\/strong>D\u1ea1ng s\u1eefa<\/li>\n<li><strong>Dung t\u00edch:\u00a0<\/strong>290ml<\/li>\n<li><strong>Th\u01b0\u01a1ng hi\u1ec7u:\u00a0<\/strong>B.O.M (H\u00e0n Qu\u1ed1c)<\/li>\n<li><strong>N\u01a1i s\u1ea3n xu\u1ea5t:\u00a0<\/strong>H\u00e0n Qu\u1ed1c<\/li>\n<li><strong>H\u1ea1n s\u1eed d\u1ee5ng:<\/strong>\u00a03 n\u0103m k\u1ec3 t\u1eeb ng\u00e0y s\u1ea3n xu\u1ea5t in tr\u00ean bao b\u00ec<\/li>\n<\/ul>\n<h2><strong>1. Th\u00f4ng tin s\u1ea3n ph\u1ea9m<\/strong><\/h2>\n<p><strong>S\u1eefa D\u01b0\u1ee1ng Th\u1ec3 N\u00e2ng T\u00f4ng 72h Tr\u1eafng Da, M\u1ec1m M\u1ecbn B.O.M Light On In Shower Body Tone Up<\/strong>\u00a0l\u00e0<strong>\u00a0s\u1eefa d\u01b0\u1ee1ng th\u1ec3\u00a0<\/strong>n\u00e2ng t\u00f4ng, gi\u00fap da tr\u1eafng s\u00e1ng \u1ea9m m\u1ecbn. V\u1edbi nh\u1eefng th\u00e0nh ph\u1ea7n t\u1ef1 nhi\u00ean, nh\u1eb9 d\u1ecbu, c\u00f3 kh\u1ea3 n\u0103ng gi\u1eef \u0111\u1ed9 t\u01b0\u01a1i s\u00e1ng m\u00e0 kh\u00f4ng g\u00e2y nh\u1eddn d\u00ednh, ph\u00f9 h\u1ee3p m\u1ecdi lo\u1ea1i da k\u1ec3 c\u1ea3 da nh\u1ea1y c\u1ea3m, thu\u1ed9c th\u01b0\u01a1ng hi\u1ec7u\u00a0<strong>B.O.M\u00a0<\/strong>\u0111\u1ebfn t\u1eeb H\u00e0n Qu\u1ed1c.<\/p>\n<p><img decoding=\"async\" src=\"https:\/\/file.hstatic.net\/1000006063\/file\/sua-duong-the-b-o-m-nang-tong-lam-sang-da-72h-290ml-10_206b4fdf54384da98566f0910246173e_master.jpg\" alt=\"S\u1eefa D\u01b0\u1ee1ng Th\u1ec3 B.O.M N\u00e2ng T\u00f4ng 72h Tr\u1eafng Da, M\u1ec1m M\u1ecbn Light On In Shower Body Tone Up 290ml\" \/><\/p>\n<h2><strong>2. \u01afu \u0111i\u1ec3m c\u1ee7a S\u1eefa D\u01b0\u1ee1ng Th\u1ec3 N\u00e2ng T\u00f4ng 72h Tr\u1eafng Da, M\u1ec1m M\u1ecbn B.O.M Light On In Shower Body Tone Up<\/strong><\/h2>\n<p><strong>S\u1eefa D\u01b0\u1ee1ng Th\u1ec3 N\u00e2ng T\u00f4ng 72h Tr\u1eafng Da, M\u1ec1m M\u1ecbn B.O.M Light On In Shower Body Tone Up\u00a0<\/strong>hi\u1ec7n \u0111\u00e3 c\u00f3 m\u1eb7t t\u1ea1i<a href=\"https:\/\/myphamphake.azdigi.shop\/\"><strong> MyPhamPhake <\/strong><\/a>v\u1edbi nh\u1eefng \u0111\u1eb7c tr\u01b0ng n\u1ed5i b\u1eadt nh\u01b0 sau:<\/p>\n<ul>\n<li><strong>L\u00e0m s\u00e1ng da 72h:\u00a0<\/strong>S\u1eefa d\u01b0\u1ee1ng th\u1ec3 c\u00f3 nh\u1eefng \u0111\u1eb7c \u0111i\u1ec3m n\u1ed5i b\u1eadt l\u00e0m s\u00e1ng da su\u1ed1t 72 gi\u1edd gi\u00fap b\u1ea1n lu\u00f4n t\u1ef1 tin v\u1edbi l\u00e0n da tr\u1eafng m\u1ecbn, tr\u00e0n \u0111\u1ea7y s\u1ee9c s\u1ed1ng<\/li>\n<li><strong>H\u1ea1n ch\u1ebf t\u0103ng s\u1eafc t\u1ed1 da:\u00a0<\/strong>Ch\u1ee9a Niacinamide (m\u1ed9t d\u1ea1ng ph\u1ee9c h\u1ee3p vitamin B3) gi\u00fap gi\u1ea3m s\u1ef1 s\u1ea3n sinh melanin, h\u1ea1n ch\u1ebf t\u00ecnh tr\u1ea1ng t\u0103ng s\u1eafc t\u1ed1 da, d\u01b0\u1ee1ng tr\u1eafng da t\u1eeb s\u00e2u trong m\u00e0ng \u0111\u00e1y c\u1ee7a bi\u1ec3u b\u00ec<\/li>\n<li><strong>D\u01b0\u1ee1ng da tr\u1eafng h\u1ed3ng:\u00a0<\/strong>B\u1ed5 sung chi\u1ebft xu\u1ea5t t\u1eeb hoa h\u1ed3ng, protein s\u1eefa, s\u1eefa chua v\u00e0 b\u1ed9t ng\u1ecdc trai, nu\u00f4i d\u01b0\u1ee1ng l\u00e0n da m\u1ec1m m\u1ecbn tr\u1eafng h\u1ed3ng<\/li>\n<li><strong>K\u1ebft c\u1ea5u:\u00a0<\/strong>K\u1ebft c\u1ea5u kem l\u1ecfng m\u1ecbn, th\u1ea9m th\u1ea5u nhanh v\u00e0o da, t\u1ea1o hi\u1ec7u \u1ee9ng s\u00e1ng da. Kh\u00f4ng g\u00e2y b\u1ebft d\u00ednh v\u00e0 d\u00e2y ra qu\u1ea7n \u00e1o<\/li>\n<li><strong>H\u01b0\u01a1ng th\u01a1m d\u1ec5 ch\u1ecbu:\u00a0<\/strong>H\u01b0\u01a1ng th\u01a1m hoa h\u1ed3ng nh\u1eb9 nh\u00e0ng nh\u01b0 m\u00f9i ph\u1ea5n em b\u00e9, mang l\u1ea1i c\u1ea3m gi\u00e1c th\u01b0 gi\u00e3n d\u1ec5 ch\u1ecbu v\u00e0 l\u01b0u h\u01b0\u01a1ng l\u00e2u. Thi\u1ebft k\u1ebf sang tr\u1ecdng v\u1edbi bao b\u00ec m\u00e0u h\u1ed3ng ph\u1ea5n, h\u1ed3ng \u0111\u1ed3ng v\u00e0 \u0111en nh\u00e1m<\/li>\n<\/ul>\n<h2><strong>3. \u0110\u1ed1i t\u01b0\u1ee3ng khuy\u00ean d\u00f9ng<\/strong><\/h2>\n<ul>\n<li>D\u00e0nh cho da body<\/li>\n<li>D\u00e0nh cho nh\u1eefng ng\u01b0\u1eddi c\u00f3 l\u00e0n da s\u1ea1m, t\u1ed1i m\u00e0u<\/li>\n<li>D\u00e0nh cho nh\u1eefng ng\u01b0\u1eddi mu\u1ed1n t\u00ecm s\u1ea3n ph\u1ea9m d\u01b0\u1ee1ng tr\u1eafng n\u00e2ng t\u00f4ng da hi\u1ec7u qu\u1ea3<\/li>\n<\/ul>\n<h2><strong>4. C\u00e1ch b\u1ea3o qu\u1ea3n<\/strong><\/h2>\n<ul>\n<li>Tr\u00e1nh \u00e1nh n\u1eafng tr\u1ef1c ti\u1ebfp<\/li>\n<li>\u0110\u1ec3 n\u01a1i kh\u00f4 r\u00e1o, tho\u00e1ng m\u00e1t<\/li>\n<li>\u0110\u1eady n\u1eafp k\u00edn sau khi s\u1eed d\u1ee5ng<\/li>\n<\/ul>\n<h2><strong>5. H\u01b0\u1edbng d\u1eabn s\u1eed d\u1ee5ng<\/strong><\/h2>\n<ul>\n<li>Sau khi t\u1eafm, l\u1ea5y m\u1ed9t l\u01b0\u1ee3ng s\u1ea3n ph\u1ea9m v\u00e0 thoa \u0111\u1ec1u khi c\u01a1 th\u1ec3 c\u00f2n \u01b0\u1edbt<\/li>\n<li>V\u1ed7 \u0111\u1ec1u \u0111\u1ec3 d\u01b0\u1ee1ng ch\u1ea5t th\u1ea5m s\u00e2u v\u00e0o da<\/li>\n<li>R\u1eeda l\u1ea1i b\u1eb1ng n\u01b0\u1edbc s\u1ea1ch v\u00e0 lau kh\u00f4 b\u1eb1ng kh\u0103n t\u1eafm<\/li>\n<li>C\u1ea3m nh\u1eadn l\u00e0n da c\u01a1 th\u1ec3 tr\u1eafng h\u1ed3ng t\u1ef1 nhi\u00ean<\/li>\n<\/ul>\n<p><img decoding=\"async\" src=\"https:\/\/file.hstatic.net\/1000006063\/file\/so1_cf6c79e8c98f4261a12fa5aecc419785_master.png\" alt=\"S\u1eefa D\u01b0\u1ee1ng Th\u1ec3 B.O.M N\u00e2ng T\u00f4ng 72h Tr\u1eafng Da, M\u1ec1m M\u1ecbn Light On In Shower Body Tone Up 290ml\" \/><\/p>\n<p>&nbsp;<\/p>\n<p><img decoding=\"async\" src=\"https:\/\/file.hstatic.net\/1000006063\/file\/so7_6e0a70f8268846c8a86ee31d3be88540_master.png\" alt=\"S\u1eefa D\u01b0\u1ee1ng Th\u1ec3 B.O.M N\u00e2ng T\u00f4ng 72h Tr\u1eafng Da, M\u1ec1m M\u1ecbn Light On In Shower Body Tone Up 290ml\" \/><\/p>\n<p><img decoding=\"async\" src=\"https:\/\/file.hstatic.net\/1000006063\/file\/so9_2c5ded4f449349748053377b41395cd9_master.png\" alt=\"S\u1eefa D\u01b0\u1ee1ng Th\u1ec3 B.O.M N\u00e2ng T\u00f4ng 72h Tr\u1eafng Da, M\u1ec1m M\u1ecbn Light On In Shower Body Tone Up 290ml\" \/><\/p>\n<p><img decoding=\"async\" src=\"https:\/\/file.hstatic.net\/1000006063\/file\/so13_a127930558b04828afc1d4502d998d12_master.png\" alt=\"S\u1eefa D\u01b0\u1ee1ng Th\u1ec3 B.O.M N\u00e2ng T\u00f4ng 72h Tr\u1eafng Da, M\u1ec1m M\u1ecbn Light On In Shower Body Tone Up 290ml\" \/><\/p>\n<p><img decoding=\"async\" src=\"https:\/\/file.hstatic.net\/1000006063\/file\/so14_3f431da2f6c342f59a86f26ef916a02f_master.png\" alt=\"S\u1eefa D\u01b0\u1ee1ng Th\u1ec3 B.O.M N\u00e2ng T\u00f4ng 72h Tr\u1eafng Da, M\u1ec1m M\u1ecbn Light On In Shower Body Tone Up 290ml\" \/><\/p>\n<p><img decoding=\"async\" src=\"https:\/\/file.hstatic.net\/1000006063\/file\/so11_f4bb8eb009aa4ff0aa41e25d14567f87_master.png\" alt=\"S\u1eefa D\u01b0\u1ee1ng Th\u1ec3 B.O.M N\u00e2ng T\u00f4ng 72h Tr\u1eafng Da, M\u1ec1m M\u1ecbn Light On In Shower Body Tone Up 290ml\" \/><\/p>\n<p><img decoding=\"async\" src=\"https:\/\/file.hstatic.net\/1000006063\/file\/light2_66dbfc77c6274568b2bf7d6b4e9318a5_master.jpg\" alt=\"S\u1eefa D\u01b0\u1ee1ng Th\u1ec3 B.O.M N\u00e2ng T\u00f4ng 72h Tr\u1eafng Da, M\u1ec1m M\u1ecbn Light On In Shower Body Tone Up 290ml\" \/><\/p>\n<p><img decoding=\"async\" src=\"https:\/\/file.hstatic.net\/1000006063\/file\/light_3_b911b83bc5584e2e8f67ef027014fa16_master.jpg\" alt=\"S\u1eefa D\u01b0\u1ee1ng Th\u1ec3 B.O.M N\u00e2ng T\u00f4ng 72h Tr\u1eafng Da, M\u1ec1m M\u1ecbn Light On In Shower Body Tone Up 290ml\" \/><\/p>\n<p><strong>Review th\u1ef1c t\u1ebf:<\/strong><\/p>\n<p><img decoding=\"async\" src=\"https:\/\/file.hstatic.net\/1000006063\/file\/b.o.m__2__50e341f0c4c849548b70ff16158ad3c8_2048x2048.png\" alt=\"S\u1eefa D\u01b0\u1ee1ng Th\u1ec3 B.O.M N\u00e2ng T\u00f4ng 72h Tr\u1eafng Da, M\u1ec1m M\u1ecbn Light On In Shower Body Tone Up 290ml\" \/><\/p>\n<p><img decoding=\"async\" src=\"https:\/\/file.hstatic.net\/1000006063\/file\/b.o.m__1__c380397e7bfd49cdb905b5f00e76820e_master.png\" alt=\"S\u1eefa D\u01b0\u1ee1ng Th\u1ec3 B.O.M N\u00e2ng T\u00f4ng 72h Tr\u1eafng Da, M\u1ec1m M\u1ecbn Light On In Shower Body Tone Up 290ml\" \/><\/p>\n<h2><strong>6. Nh\u1eefng l\u01b0u \u00fd khi s\u1eed d\u1ee5ng<\/strong><\/h2>\n<ul>\n<li>Hi\u1ec7u qu\u1ea3 s\u1ea3n ph\u1ea9m t\u1ed1t h\u01a1n khi c\u01a1 th\u1ec3 \u0111\u01b0\u1ee3c t\u1ea9y da ch\u1ebft th\u01b0\u1eddng xuy\u00ean<\/li>\n<li>T\u00e1c d\u1ee5ng c\u1ee7a s\u1ea3n ph\u1ea9m s\u1ebd kh\u00e1c nhau t\u00f9y v\u00e0o c\u01a1 \u0111\u1ecba c\u1ee7a m\u1ed7i ng\u01b0\u1eddi. V\u1edbi l\u00e0n da nh\u1ea1y c\u1ea3m b\u1ea1n n\u00ean th\u1eed s\u1ea3n ph\u1ea9m \u1edf m\u1ed9t v\u00f9ng nh\u1ecf tr\u01b0\u1edbc khi s\u1eed d\u1ee5ng.<\/li>\n<\/ul>\n<\/div>\n<\/div>\n","protected":false},"excerpt":{"rendered":"<p>Chi ti\u1ebft s\u1ea3n ph\u1ea9m T\u00ean s\u1ea3n ph\u1ea9m:\u00a0S\u1eefa D\u01b0\u1ee1ng Th\u1ec3 N\u00e2ng T\u00f4ng 72h Tr\u1eafng Da, M\u1ec1m M\u1ecbn B.O.M Light On In Shower Body Tone Up K\u1ebft c\u1ea5u:\u00a0D\u1ea1ng s\u1eefa Dung t\u00edch:\u00a0290ml Th\u01b0\u01a1ng hi\u1ec7u:\u00a0B.O.M (H\u00e0n Qu\u1ed1c) N\u01a1i s\u1ea3n xu\u1ea5t:\u00a0H\u00e0n Qu\u1ed1c H\u1ea1n s\u1eed d\u1ee5ng:\u00a03 n\u0103m k\u1ec3 t\u1eeb ng\u00e0y s\u1ea3n xu\u1ea5t in tr\u00ean bao b\u00ec 1. Th\u00f4ng tin s\u1ea3n ph\u1ea9m [&#8230;]\n","protected":false},"featured_media":490,"comment_status":"open","ping_status":"closed","template":"","meta":[],"product_brand":[48],"product_cat":[45,46],"product_tag":[],"class_list":{"0":"post-489","1":"product","2":"type-product","3":"status-publish","4":"has-post-thumbnail","6":"product_brand-b-o-m","7":"product_cat-cham-soc-co-the","8":"product_cat-duong-the","10":"first","11":"instock","12":"sale","13":"shipping-taxable","14":"purchasable","15":"product-type-variable"},"yoast_head":"<!-- This site is optimized with the Yoast SEO plugin v27.1.1 - https:\/\/yoast.com\/product\/yoast-seo-wordpress\/ -->\n<title>S\u1eefa D\u01b0\u1ee1ng Th\u1ec3 B.O.M N\u00e2ng T\u00f4ng 72h Tr\u1eafng Da, M\u1ec1m M\u1ecbn Light On In Shower Body Tone Up 290ml - myphamphake<\/title>\n<meta name=\"robots\" content=\"index, follow, max-snippet:-1, max-image-preview:large, max-video-preview:-1\" \/>\n<link rel=\"canonical\" href=\"https:\/\/myphamphake.azdigi.shop\/index.php\/product\/sua-duong-the-b-o-m-nang-tong-72h-trang-da-mem-min-light-on-in-shower-body-tone-up-290ml\/\" \/>\n<meta property=\"og:locale\" content=\"vi_VN\" \/>\n<meta property=\"og:type\" content=\"article\" \/>\n<meta property=\"og:title\" content=\"S\u1eefa D\u01b0\u1ee1ng Th\u1ec3 B.O.M N\u00e2ng T\u00f4ng 72h Tr\u1eafng Da, M\u1ec1m M\u1ecbn Light On In Shower Body Tone Up 290ml - myphamphake\" \/>\n<meta property=\"og:description\" content=\"Chi ti\u1ebft s\u1ea3n ph\u1ea9m T\u00ean s\u1ea3n ph\u1ea9m:\u00a0S\u1eefa D\u01b0\u1ee1ng Th\u1ec3 N\u00e2ng T\u00f4ng 72h Tr\u1eafng Da, M\u1ec1m M\u1ecbn B.O.M Light On In Shower Body Tone Up K\u1ebft c\u1ea5u:\u00a0D\u1ea1ng s\u1eefa Dung t\u00edch:\u00a0290ml Th\u01b0\u01a1ng hi\u1ec7u:\u00a0B.O.M (H\u00e0n Qu\u1ed1c) N\u01a1i s\u1ea3n xu\u1ea5t:\u00a0H\u00e0n Qu\u1ed1c H\u1ea1n s\u1eed d\u1ee5ng:\u00a03 n\u0103m k\u1ec3 t\u1eeb ng\u00e0y s\u1ea3n xu\u1ea5t in tr\u00ean bao b\u00ec 1. Th\u00f4ng tin s\u1ea3n ph\u1ea9m [...]\" \/>\n<meta property=\"og:url\" content=\"https:\/\/myphamphake.azdigi.shop\/index.php\/product\/sua-duong-the-b-o-m-nang-tong-72h-trang-da-mem-min-light-on-in-shower-body-tone-up-290ml\/\" \/>\n<meta property=\"og:site_name\" content=\"myphamphake\" \/>\n<meta property=\"article:modified_time\" content=\"2026-04-09T07:25:50+00:00\" \/>\n<meta property=\"og:image\" content=\"https:\/\/myphamphake.azdigi.shop\/wp-content\/uploads\/2026\/04\/21_602ebfe73c494a2ea938d7affde28bfd_1024x1024.png\" \/>\n\t<meta property=\"og:image:width\" content=\"800\" \/>\n\t<meta property=\"og:image:height\" content=\"800\" \/>\n\t<meta property=\"og:image:type\" content=\"image\/png\" \/>\n<meta name=\"twitter:card\" content=\"summary_large_image\" \/>\n<meta name=\"twitter:label1\" content=\"\u01af\u1edbc t\u00ednh th\u1eddi gian \u0111\u1ecdc\" \/>\n\t<meta name=\"twitter:data1\" content=\"6 ph\u00fat\" \/>\n<script type=\"application\/ld+json\" class=\"yoast-schema-graph\">{\"@context\":\"https:\/\/schema.org\",\"@graph\":[{\"@type\":\"WebPage\",\"@id\":\"https:\/\/myphamphake.azdigi.shop\/index.php\/product\/sua-duong-the-b-o-m-nang-tong-72h-trang-da-mem-min-light-on-in-shower-body-tone-up-290ml\/\",\"url\":\"https:\/\/myphamphake.azdigi.shop\/index.php\/product\/sua-duong-the-b-o-m-nang-tong-72h-trang-da-mem-min-light-on-in-shower-body-tone-up-290ml\/\",\"name\":\"S\u1eefa D\u01b0\u1ee1ng Th\u1ec3 B.O.M N\u00e2ng T\u00f4ng 72h Tr\u1eafng Da, M\u1ec1m M\u1ecbn Light On In Shower Body Tone Up 290ml - myphamphake\",\"isPartOf\":{\"@id\":\"https:\/\/myphamphake.azdigi.shop\/#website\"},\"primaryImageOfPage\":{\"@id\":\"https:\/\/myphamphake.azdigi.shop\/index.php\/product\/sua-duong-the-b-o-m-nang-tong-72h-trang-da-mem-min-light-on-in-shower-body-tone-up-290ml\/#primaryimage\"},\"image\":{\"@id\":\"https:\/\/myphamphake.azdigi.shop\/index.php\/product\/sua-duong-the-b-o-m-nang-tong-72h-trang-da-mem-min-light-on-in-shower-body-tone-up-290ml\/#primaryimage\"},\"thumbnailUrl\":\"https:\/\/myphamphake.azdigi.shop\/wp-content\/uploads\/2026\/04\/21_602ebfe73c494a2ea938d7affde28bfd_1024x1024.png\",\"datePublished\":\"2026-04-09T07:24:47+00:00\",\"dateModified\":\"2026-04-09T07:25:50+00:00\",\"breadcrumb\":{\"@id\":\"https:\/\/myphamphake.azdigi.shop\/index.php\/product\/sua-duong-the-b-o-m-nang-tong-72h-trang-da-mem-min-light-on-in-shower-body-tone-up-290ml\/#breadcrumb\"},\"inLanguage\":\"vi\",\"potentialAction\":[{\"@type\":\"ReadAction\",\"target\":[\"https:\/\/myphamphake.azdigi.shop\/index.php\/product\/sua-duong-the-b-o-m-nang-tong-72h-trang-da-mem-min-light-on-in-shower-body-tone-up-290ml\/\"]}]},{\"@type\":\"ImageObject\",\"inLanguage\":\"vi\",\"@id\":\"https:\/\/myphamphake.azdigi.shop\/index.php\/product\/sua-duong-the-b-o-m-nang-tong-72h-trang-da-mem-min-light-on-in-shower-body-tone-up-290ml\/#primaryimage\",\"url\":\"https:\/\/myphamphake.azdigi.shop\/wp-content\/uploads\/2026\/04\/21_602ebfe73c494a2ea938d7affde28bfd_1024x1024.png\",\"contentUrl\":\"https:\/\/myphamphake.azdigi.shop\/wp-content\/uploads\/2026\/04\/21_602ebfe73c494a2ea938d7affde28bfd_1024x1024.png\",\"width\":800,\"height\":800},{\"@type\":\"BreadcrumbList\",\"@id\":\"https:\/\/myphamphake.azdigi.shop\/index.php\/product\/sua-duong-the-b-o-m-nang-tong-72h-trang-da-mem-min-light-on-in-shower-body-tone-up-290ml\/#breadcrumb\",\"itemListElement\":[{\"@type\":\"ListItem\",\"position\":1,\"name\":\"Home\",\"item\":\"https:\/\/myphamphake.azdigi.shop\/\"},{\"@type\":\"ListItem\",\"position\":2,\"name\":\"Shop\",\"item\":\"https:\/\/myphamphake.azdigi.shop\/index.php\/shop\/\"},{\"@type\":\"ListItem\",\"position\":3,\"name\":\"S\u1eefa D\u01b0\u1ee1ng Th\u1ec3 B.O.M N\u00e2ng T\u00f4ng 72h Tr\u1eafng Da, M\u1ec1m M\u1ecbn Light On In Shower Body Tone Up 290ml\"}]},{\"@type\":\"WebSite\",\"@id\":\"https:\/\/myphamphake.azdigi.shop\/#website\",\"url\":\"https:\/\/myphamphake.azdigi.shop\/\",\"name\":\"myphamphake\",\"description\":\"\",\"potentialAction\":[{\"@type\":\"SearchAction\",\"target\":{\"@type\":\"EntryPoint\",\"urlTemplate\":\"https:\/\/myphamphake.azdigi.shop\/?s={search_term_string}\"},\"query-input\":{\"@type\":\"PropertyValueSpecification\",\"valueRequired\":true,\"valueName\":\"search_term_string\"}}],\"inLanguage\":\"vi\"}]}<\/script>\n<!-- \/ Yoast SEO plugin. -->","yoast_head_json":{"title":"S\u1eefa D\u01b0\u1ee1ng Th\u1ec3 B.O.M N\u00e2ng T\u00f4ng 72h Tr\u1eafng Da, M\u1ec1m M\u1ecbn Light On In Shower Body Tone Up 290ml - myphamphake","robots":{"index":"index","follow":"follow","max-snippet":"max-snippet:-1","max-image-preview":"max-image-preview:large","max-video-preview":"max-video-preview:-1"},"canonical":"https:\/\/myphamphake.azdigi.shop\/index.php\/product\/sua-duong-the-b-o-m-nang-tong-72h-trang-da-mem-min-light-on-in-shower-body-tone-up-290ml\/","og_locale":"vi_VN","og_type":"article","og_title":"S\u1eefa D\u01b0\u1ee1ng Th\u1ec3 B.O.M N\u00e2ng T\u00f4ng 72h Tr\u1eafng Da, M\u1ec1m M\u1ecbn Light On In Shower Body Tone Up 290ml - myphamphake","og_description":"Chi ti\u1ebft s\u1ea3n ph\u1ea9m T\u00ean s\u1ea3n ph\u1ea9m:\u00a0S\u1eefa D\u01b0\u1ee1ng Th\u1ec3 N\u00e2ng T\u00f4ng 72h Tr\u1eafng Da, M\u1ec1m M\u1ecbn B.O.M Light On In Shower Body Tone Up K\u1ebft c\u1ea5u:\u00a0D\u1ea1ng s\u1eefa Dung t\u00edch:\u00a0290ml Th\u01b0\u01a1ng hi\u1ec7u:\u00a0B.O.M (H\u00e0n Qu\u1ed1c) N\u01a1i s\u1ea3n xu\u1ea5t:\u00a0H\u00e0n Qu\u1ed1c H\u1ea1n s\u1eed d\u1ee5ng:\u00a03 n\u0103m k\u1ec3 t\u1eeb ng\u00e0y s\u1ea3n xu\u1ea5t in tr\u00ean bao b\u00ec 1. Th\u00f4ng tin s\u1ea3n ph\u1ea9m [...]","og_url":"https:\/\/myphamphake.azdigi.shop\/index.php\/product\/sua-duong-the-b-o-m-nang-tong-72h-trang-da-mem-min-light-on-in-shower-body-tone-up-290ml\/","og_site_name":"myphamphake","article_modified_time":"2026-04-09T07:25:50+00:00","og_image":[{"width":800,"height":800,"url":"https:\/\/myphamphake.azdigi.shop\/wp-content\/uploads\/2026\/04\/21_602ebfe73c494a2ea938d7affde28bfd_1024x1024.png","type":"image\/png"}],"twitter_card":"summary_large_image","twitter_misc":{"\u01af\u1edbc t\u00ednh th\u1eddi gian \u0111\u1ecdc":"6 ph\u00fat"},"schema":{"@context":"https:\/\/schema.org","@graph":[{"@type":"WebPage","@id":"https:\/\/myphamphake.azdigi.shop\/index.php\/product\/sua-duong-the-b-o-m-nang-tong-72h-trang-da-mem-min-light-on-in-shower-body-tone-up-290ml\/","url":"https:\/\/myphamphake.azdigi.shop\/index.php\/product\/sua-duong-the-b-o-m-nang-tong-72h-trang-da-mem-min-light-on-in-shower-body-tone-up-290ml\/","name":"S\u1eefa D\u01b0\u1ee1ng Th\u1ec3 B.O.M N\u00e2ng T\u00f4ng 72h Tr\u1eafng Da, M\u1ec1m M\u1ecbn Light On In Shower Body Tone Up 290ml - myphamphake","isPartOf":{"@id":"https:\/\/myphamphake.azdigi.shop\/#website"},"primaryImageOfPage":{"@id":"https:\/\/myphamphake.azdigi.shop\/index.php\/product\/sua-duong-the-b-o-m-nang-tong-72h-trang-da-mem-min-light-on-in-shower-body-tone-up-290ml\/#primaryimage"},"image":{"@id":"https:\/\/myphamphake.azdigi.shop\/index.php\/product\/sua-duong-the-b-o-m-nang-tong-72h-trang-da-mem-min-light-on-in-shower-body-tone-up-290ml\/#primaryimage"},"thumbnailUrl":"https:\/\/myphamphake.azdigi.shop\/wp-content\/uploads\/2026\/04\/21_602ebfe73c494a2ea938d7affde28bfd_1024x1024.png","datePublished":"2026-04-09T07:24:47+00:00","dateModified":"2026-04-09T07:25:50+00:00","breadcrumb":{"@id":"https:\/\/myphamphake.azdigi.shop\/index.php\/product\/sua-duong-the-b-o-m-nang-tong-72h-trang-da-mem-min-light-on-in-shower-body-tone-up-290ml\/#breadcrumb"},"inLanguage":"vi","potentialAction":[{"@type":"ReadAction","target":["https:\/\/myphamphake.azdigi.shop\/index.php\/product\/sua-duong-the-b-o-m-nang-tong-72h-trang-da-mem-min-light-on-in-shower-body-tone-up-290ml\/"]}]},{"@type":"ImageObject","inLanguage":"vi","@id":"https:\/\/myphamphake.azdigi.shop\/index.php\/product\/sua-duong-the-b-o-m-nang-tong-72h-trang-da-mem-min-light-on-in-shower-body-tone-up-290ml\/#primaryimage","url":"https:\/\/myphamphake.azdigi.shop\/wp-content\/uploads\/2026\/04\/21_602ebfe73c494a2ea938d7affde28bfd_1024x1024.png","contentUrl":"https:\/\/myphamphake.azdigi.shop\/wp-content\/uploads\/2026\/04\/21_602ebfe73c494a2ea938d7affde28bfd_1024x1024.png","width":800,"height":800},{"@type":"BreadcrumbList","@id":"https:\/\/myphamphake.azdigi.shop\/index.php\/product\/sua-duong-the-b-o-m-nang-tong-72h-trang-da-mem-min-light-on-in-shower-body-tone-up-290ml\/#breadcrumb","itemListElement":[{"@type":"ListItem","position":1,"name":"Home","item":"https:\/\/myphamphake.azdigi.shop\/"},{"@type":"ListItem","position":2,"name":"Shop","item":"https:\/\/myphamphake.azdigi.shop\/index.php\/shop\/"},{"@type":"ListItem","position":3,"name":"S\u1eefa D\u01b0\u1ee1ng Th\u1ec3 B.O.M N\u00e2ng T\u00f4ng 72h Tr\u1eafng Da, M\u1ec1m M\u1ecbn Light On In Shower Body Tone Up 290ml"}]},{"@type":"WebSite","@id":"https:\/\/myphamphake.azdigi.shop\/#website","url":"https:\/\/myphamphake.azdigi.shop\/","name":"myphamphake","description":"","potentialAction":[{"@type":"SearchAction","target":{"@type":"EntryPoint","urlTemplate":"https:\/\/myphamphake.azdigi.shop\/?s={search_term_string}"},"query-input":{"@type":"PropertyValueSpecification","valueRequired":true,"valueName":"search_term_string"}}],"inLanguage":"vi"}]}},"_links":{"self":[{"href":"https:\/\/myphamphake.azdigi.shop\/index.php\/wp-json\/wp\/v2\/product\/489","targetHints":{"allow":["GET"]}}],"collection":[{"href":"https:\/\/myphamphake.azdigi.shop\/index.php\/wp-json\/wp\/v2\/product"}],"about":[{"href":"https:\/\/myphamphake.azdigi.shop\/index.php\/wp-json\/wp\/v2\/types\/product"}],"replies":[{"embeddable":true,"href":"https:\/\/myphamphake.azdigi.shop\/index.php\/wp-json\/wp\/v2\/comments?post=489"}],"wp:featuredmedia":[{"embeddable":true,"href":"https:\/\/myphamphake.azdigi.shop\/index.php\/wp-json\/wp\/v2\/media\/490"}],"wp:attachment":[{"href":"https:\/\/myphamphake.azdigi.shop\/index.php\/wp-json\/wp\/v2\/media?parent=489"}],"wp:term":[{"taxonomy":"product_brand","embeddable":true,"href":"https:\/\/myphamphake.azdigi.shop\/index.php\/wp-json\/wp\/v2\/product_brand?post=489"},{"taxonomy":"product_cat","embeddable":true,"href":"https:\/\/myphamphake.azdigi.shop\/index.php\/wp-json\/wp\/v2\/product_cat?post=489"},{"taxonomy":"product_tag","embeddable":true,"href":"https:\/\/myphamphake.azdigi.shop\/index.php\/wp-json\/wp\/v2\/product_tag?post=489"}],"curies":[{"name":"wp","href":"https:\/\/api.w.org\/{rel}","templated":true}]}}